{"text_format":"1","workbook":"xlsx","n_sheets":7,"sheets":["CedricGuerin","ApprendreExcel","|-CedricGuerin","|-ApprendreExcel","Graph","Table","data-graph"],"not_rendered":{"charts":2,"images":0,"macros":1,"external_links":0,"defined_names":5,"comments":0,"pivot_tables":0},"unopened":[],"bounds":{"document_bytes":16777216,"sheet_cells":100000,"rows_first":2000,"rows_last":500,"rows_between":2000,"halvings":0,"cell_chars":16384,"cell_head_chars":4096},"cells_cut":0,"cells_raw":0,"read":"whole","date_system":"1900"}

{"sheet":"CedricGuerin","index":0,"n_rows":37,"n_cols":4,"rows_kept":37,"cut":false,"hidden":false,"merged":[]}
["SERP Ranking History"]
["Website:","http://cedricguerin.fr/"]
[]
["Date \\ Search Term","Cédric Guérin","apéro SEO Rennes","dromardennes"]
["2014-08-29",28,25,2]
["2014-08-30",28,25,2]
["2014-08-31",28,25,2]
["2014-09-01",25,25,2]
["2014-09-02",25,25,2]
["2014-09-03",22,25,2]
["2014-09-04",22,25,2]
["2014-09-05",18,25,2]
["2014-09-06",18,25,4]
["2014-09-07",18,25,4]
["2014-09-08",18,25,4]
["2014-09-09",18,12,4]
["2014-09-10",18,12,4]
["2014-09-11",18,12,4]
["2014-09-12",12,12,4]
["2014-09-13",12,12,4]
["2014-09-14",12,12,4]
["2014-09-15",5,12,3]
["2014-09-16",4,12,3]
["2014-09-17",2,12,3]
["2014-09-18",5,11,3]
["2014-09-19",4,10,3]
["2014-09-20",2,10,3]
["2014-09-21",2,10,3]
["2014-09-22",2,9,3]
["2014-09-23",2,9,3]
["2014-09-24",2,2,3]
["2014-09-25",1,2,3]
["2014-09-26",1,2,3]
["2014-09-27",2,2,3]
["2014-09-28",1,2,3]
["2014-09-29",1,2,3]
["2014-09-30",1,1,1]

{"sheet":"ApprendreExcel","index":1,"n_rows":37,"n_cols":4,"rows_kept":37,"cut":false,"hidden":false,"merged":[]}
["SERP Ranking History"]
["Website:","http://apprendre-excel.fr"]
[]
["Date \\ Search Term","faire un graphique sur excel","supprimer doublons excel","figer ligne excel"]
["2014-08-29",2,1,2]
["2014-08-30",2,1,2]
["2014-08-31",2,1,2]
["2014-09-01",3,1,2]
["2014-09-02",2,1,2]
["2014-09-03",2,1,2]
["2014-09-04",3,1,2]
["2014-09-05",3,1,2]
["2014-09-06",4,1,2]
["2014-09-07",4,1,2]
["2014-09-08",5,1,2]
["2014-09-09",9,1,2]
["2014-09-10",9,1,3]
["2014-09-11",9,2,3]
["2014-09-12",9,2,3]
["2014-09-13",12,2,3]
["2014-09-14",12,2,3]
["2014-09-15",4,2,6]
["2014-09-16",4,2,6]
["2014-09-17",4,2,6]
["2014-09-18",5,2,6]
["2014-09-19",5,3,6]
["2014-09-20",4,3,7]
["2014-09-21",4,5,7]
["2014-09-22",2,2,7]
["2014-09-23",6,3,7]
["2014-09-24",7,3,7]
["2014-09-25",8,3,7]
["2014-09-26",8,3,8]
["2014-09-27",8,3,8]
["2014-09-28",8,4,6]
["2014-09-29",9,4,6]
["2014-09-30",5,6,5]

{"sheet":"|-CedricGuerin","index":2,"n_rows":201,"n_cols":26,"rows_kept":201,"cut":false,"hidden":false,"merged":[]}
[]
["Website:","http://cedricguerin.fr"]
["ID:","CedricGuerin"]
["Date:",{"$f":"TODAY()","v":"2014-09-30"}]
["Dernière MAJ data GKT:","2014-09-30",null,null,1,7,30]
["Keywords","Niveau de concurrence","Volume de recherches mensuel","SERP Ranking","J-1","J-7","J-30"]
["Cédric Guérin",0.01,10,{"$f":"IF(A7=\"\",\"\",HLOOKUP($A7,INDIRECT($B$3&\"!$A$4:$ZZ$999\"),MATCH($B$4,INDIRECT($B$3&\"!$A$4:$A$999\"),0),FALSE))","v":1},{"$f":"IF(A7=\"\",\"\",IF(AND(HLOOKUP($A7,INDIRECT($B$3&\"!$A$4:$ZZ$999\"),MATCH($B$4-E$5,INDIRECT($B$3&\"!$A$4:$A$999\"),0),FALSE)=0,$D7>0),\"NEW\",IF(AND(HLOOKUP($A7,INDIRECT($B$3&\"!$A$4:$ZZ$999\"),MATCH($B$4-E$5,INDIRECT($B$3&\"!$A$4:$A$999\"),0),FALSE)>0,$D7=0),\"LOST\",IF(ISNA(IF(HLOOKUP($A7,INDIRECT($B$3&\"!$A$4:$ZZ$999\"),MATCH($B$4-E$5,INDIRECT($B$3&\"!$A$4:$A$999\"),0),FALSE)-$D7=0,\"\",HLOOKUP($A7,INDIRECT($B$3&\"!$A$4:$ZZ$999\"),MATCH($B$4-E$5,INDIRECT($B$3&\"!$A$4:$A$999\"),0),FALSE)-$D7)),\"\",IF(HLOOKUP($A7,INDIRECT($B$3&\"!$A$4:$ZZ$999\"),MATCH($B$4-E$5,INDIRECT($B$3&\"!$A$4:$A$999\"),0),FALSE)-$D7=0,\"\",HLOOKUP($A7,INDIRECT($B$3&\"!$A$4:$ZZ$999\"),MATCH($B$4-E$5,INDIRECT($B$3&\"!$A$4:$A$999\"),0),FALSE)-$D7)))))","v":""},{"$f":"IF(A7=\"\",\"\",IF(AND(HLOOKUP($A7,INDIRECT($B$3&\"!$A$4:$ZZ$999\"),MATCH($B$4-F$5,INDIRECT($B$3&\"!$A$4:$A$999\"),0),FALSE)=0,$D7>0),\"NEW\",IF(AND(HLOOKUP($A7,INDIRECT($B$3&\"!$A$4:$ZZ$999\"),MATCH($B$4-F$5,INDIRECT($B$3&\"!$A$4:$A$999\"),0),FALSE)>0,$D7=0),\"LOST\",IF(ISNA(IF(HLOOKUP($A7,INDIRECT($B$3&\"!$A$4:$ZZ$999\"),MATCH($B$4-F$5,INDIRECT($B$3&\"!$A$4:$A$999\"),0),FALSE)-$D7=0,\"\",HLOOKUP($A7,INDIRECT($B$3&\"!$A$4:$ZZ$999\"),MATCH($B$4-F$5,INDIRECT($B$3&\"!$A$4:$A$999\"),0),FALSE)-$D7)),\"\",IF(HLOOKUP($A7,INDIRECT($B$3&\"!$A$4:$ZZ$999\"),MATCH($B$4-F$5,INDIRECT($B$3&\"!$A$4:$A$999\"),0),FALSE)-$D7=0,\"\",HLOOKUP($A7,INDIRECT($B$3&\"!$A$4:$ZZ$999\"),MATCH($B$4-F$5,INDIRECT($B$3&\"!$A$4:$A$999\"),0),FALSE)-$D7)))))","v":1},{"$f":"IF(A7=\"\",\"\",IF(AND(HLOOKUP($A7,INDIRECT($B$3&\"!$A$4:$ZZ$999\"),MATCH($B$4-G$5,INDIRECT($B$3&\"!$A$4:$A$999\"),0),FALSE)=0,$D7>0),\"NEW\",IF(AND(HLOOKUP($A7,INDIRECT($B$3&\"!$A$4:$ZZ$999\"),MATCH($B$4-G$5,INDIRECT($B$3&\"!$A$4:$A$999\"),0),FALSE)>0,$D7=0),\"LOST\",IF(ISNA(IF(HLOOKUP($A7,INDIRECT($B$3&\"!$A$4:$ZZ$999\"),MATCH($B$4-G$5,INDIRECT($B$3&\"!$A$4:$A$999\"),0),FALSE)-$D7=0,\"\",HLOOKUP($A7,INDIRECT($B$3&\"!$A$4:$ZZ$999\"),MATCH($B$4-G$5,INDIRECT($B$3&\"!$A$4:$A$999\"),0),FALSE)-$D7)),\"\",IF(HLOOKUP($A7,INDIRECT($B$3&\"!$A$4:$ZZ$999\"),MATCH($B$4-G$5,INDIRECT($B$3&\"!$A$4:$A$999\"),0),FALSE)-$D7=0,\"\",HLOOKUP($A7,INDIRECT($B$3&\"!$A$4:$ZZ$999\"),MATCH($B$4-G$5,INDIRECT($B$3&\"!$A$4:$A$999\"),0),FALSE)-$D7)))))","v":27}]
["apéro SEO Rennes",0.01,10,{"$f":"IF(A8=\"\",\"\",HLOOKUP($A8,INDIRECT($B$3&\"!$A$4:$ZZ$999\"),MATCH($B$4,INDIRECT($B$3&\"!$A$4:$A$999\"),0),FALSE))","v":1},{"$f":"IF(A8=\"\",\"\",IF(AND(HLOOKUP($A8,INDIRECT($B$3&\"!$A$4:$ZZ$999\"),MATCH($B$4-E$5,INDIRECT($B$3&\"!$A$4:$A$999\"),0),FALSE)=0,$D8>0),\"NEW\",IF(AND(HLOOKUP($A8,INDIRECT($B$3&\"!$A$4:$ZZ$999\"),MATCH($B$4-E$5,INDIRECT($B$3&\"!$A$4:$A$999\"),0),FALSE)>0,$D8=0),\"LOST\",IF(ISNA(IF(HLOOKUP($A8,INDIRECT($B$3&\"!$A$4:$ZZ$999\"),MATCH($B$4-E$5,INDIRECT($B$3&\"!$A$4:$A$999\"),0),FALSE)-$D8=0,\"\",HLOOKUP($A8,INDIRECT($B$3&\"!$A$4:$ZZ$999\"),MATCH($B$4-E$5,INDIRECT($B$3&\"!$A$4:$A$999\"),0),FALSE)-$D8)),\"\",IF(HLOOKUP($A8,INDIRECT($B$3&\"!$A$4:$ZZ$999\"),MATCH($B$4-E$5,INDIRECT($B$3&\"!$A$4:$A$999\"),0),FALSE)-$D8=0,\"\",HLOOKUP($A8,INDIRECT($B$3&\"!$A$4:$ZZ$999\"),MATCH($B$4-E$5,INDIRECT($B$3&\"!$A$4:$A$999\"),0),FALSE)-$D8)))))","v":1},{"$f":"IF(A8=\"\",\"\",IF(AND(HLOOKUP($A8,INDIRECT($B$3&\"!$A$4:$ZZ$999\"),MATCH($B$4-F$5,INDIRECT($B$3&\"!$A$4:$A$999\"),0),FALSE)=0,$D8>0),\"NEW\",IF(AND(HLOOKUP($A8,INDIRECT($B$3&\"!$A$4:$ZZ$999\"),MATCH($B$4-F$5,INDIRECT($B$3&\"!$A$4:$A$999\"),0),FALSE)>0,$D8=0),\"LOST\",IF(ISNA(IF(HLOOKUP($A8,INDIRECT($B$3&\"!$A$4:$ZZ$999\"),MATCH($B$4-F$5,INDIRECT($B$3&\"!$A$4:$A$999\"),0),FALSE)-$D8=0,\"\",HLOOKUP($A8,INDIRECT($B$3&\"!$A$4:$ZZ$999\"),MATCH($B$4-F$5,INDIRECT($B$3&\"!$A$4:$A$999\"),0),FALSE)-$D8)),\"\",IF(HLOOKUP($A8,INDIRECT($B$3&\"!$A$4:$ZZ$999\"),MATCH($B$4-F$5,INDIRECT($B$3&\"!$A$4:$A$999\"),0),FALSE)-$D8=0,\"\",HLOOKUP($A8,INDIRECT($B$3&\"!$A$4:$ZZ$999\"),MATCH($B$4-F$5,INDIRECT($B$3&\"!$A$4:$A$999\"),0),FALSE)-$D8)))))","v":8},{"$f":"IF(A8=\"\",\"\",IF(AND(HLOOKUP($A8,INDIRECT($B$3&\"!$A$4:$ZZ$999\"),MATCH($B$4-G$5,INDIRECT($B$3&\"!$A$4:$A$999\"),0),FALSE)=0,$D8>0),\"NEW\",IF(AND(HLOOKUP($A8,INDIRECT($B$3&\"!$A$4:$ZZ$999\"),MATCH($B$4-G$5,INDIRECT($B$3&\"!$A$4:$A$999\"),0),FALSE)>0,$D8=0),\"LOST\",IF(ISNA(IF(HLOOKUP($A8,INDIRECT($B$3&\"!$A$4:$ZZ$999\"),MATCH($B$4-G$5,INDIRECT($B$3&\"!$A$4:$A$999\"),0),FALSE)-$D8=0,\"\",HLOOKUP($A8,INDIRECT($B$3&\"!$A$4:$ZZ$999\"),MATCH($B$4-G$5,INDIRECT($B$3&\"!$A$4:$A$999\"),0),FALSE)-$D8)),\"\",IF(HLOOKUP($A8,INDIRECT($B$3&\"!$A$4:$ZZ$999\"),MATCH($B$4-G$5,INDIRECT($B$3&\"!$A$4:$A$999\"),0),FALSE)-$D8=0,\"\",HLOOKUP($A8,INDIRECT($B$3&\"!$A$4:$ZZ$999\"),MATCH($B$4-G$5,INDIRECT($B$3&\"!$A$4:$A$999\"),0),FALSE)-$D8)))))","v":24}]
["dromardennes",0.34,10,1,2,2,1]
[null,null,null,"","","",""]
[null,null,null,"","","",""]
[null,null,null,"","","",""]
[null,null,null,"","","",""]
[null,null,null,"","","",""]
[null,null,null,"","","",""]
[null,null,null,"","","",""]
[null,null,null,"","","",""]
[null,null,null,"","","",""]
[null,null,null,"","","",""]
[null,null,null,"","","",""]
[null,null,null,"","","",""]
[null,null,null,"","","",""]
[null,null,null,"","","",""]
[null,null,null,"","","",""]
[null,null,null,"","","",""]
[null,null,null,"","","",""]
[null,null,null,"","","",""]
[null,null,null,"","","",""]
[null,null,null,"","","",""]
[null,null,null,"","","",""]
[null,null,null,"","","",""]
[null,null,null,"","","",""]
[null,null,null,"","","",""]
[null,null,null,"","","",""]
[null,null,null,"","","",""]
[null,null,null,"","","",""]
[null,null,null,"","","",""]
[null,null,null,"","","",""]
[null,null,null,"","","",""]
[null,null,null,"","","",""]
[null,null,null,"","","",""]
[null,null,null,"","","",""]
[null,null,null,"","","",""]
[null,null,null,"","","",""]
[null,null,null,"","","",""]
[null,null,null,"","","",""]
[null,null,null,"","","",""]
[null,null,null,"","","",""]
[null,null,null,"","","",""]
[null,null,null,"","","",""]
[null,null,null,"","","",""]
[null,null,null,"","","",""]
[null,null,null,"","","",""]
[null,null,null,"","","",""]
[null,null,null,"","","",""]
[null,null,null,"","","",""]
[null,null,null,"","","",""]
[null,null,null,"","","",""]
[null,null,null,"","","",""]
[null,null,null,"","","",""]
[null,null,null,"","","",""]
[null,null,null,"","","",""]
[null,null,null,"","","",""]
[null,null,null,"","","",""]
[null,null,null,"","","",""]
[null,null,null,"","","",""]
[null,null,null,"","","",""]
[null,null,null,"","","",""]
[null,null,null,"","","",""]
[null,null,null,"","","",""]
[null,null,null,"","","",""]
[null,null,null,{"$f":"IF(A72=\"\",\"\",HLOOKUP($A72,INDIRECT($B$3&\"!$A$4:$ZZ$999\"),MATCH($B$4,INDIRECT($B$3&\"!$A$4:$A$999\"),0),FALSE))","v":""},{"$f":"IF(A72=\"\",\"\",IF(AND(HLOOKUP($A72,INDIRECT($B$3&\"!$A$4:$ZZ$999\"),MATCH($B$4-E$5,INDIRECT($B$3&\"!$A$4:$A$999\"),0),FALSE)=0,$D72>0),\"NEW\",IF(AND(HLOOKUP($A72,INDIRECT($B$3&\"!$A$4:$ZZ$999\"),MATCH($B$4-E$5,INDIRECT($B$3&\"!$A$4:$A$999\"),0),FALSE)>0,$D72=0),\"LOST\",IF(ISNA(IF(HLOOKUP($A72,INDIRECT($B$3&\"!$A$4:$ZZ$999\"),MATCH($B$4-E$5,INDIRECT($B$3&\"!$A$4:$A$999\"),0),FALSE)-$D72=0,\"\",HLOOKUP($A72,INDIRECT($B$3&\"!$A$4:$ZZ$999\"),MATCH($B$4-E$5,INDIRECT($B$3&\"!$A$4:$A$999\"),0),FALSE)-$D72)),\"\",IF(HLOOKUP($A72,INDIRECT($B$3&\"!$A$4:$ZZ$999\"),MATCH($B$4-E$5,INDIRECT($B$3&\"!$A$4:$A$999\"),0),FALSE)-$D72=0,\"\",HLOOKUP($A72,INDIRECT($B$3&\"!$A$4:$ZZ$999\"),MATCH($B$4-E$5,INDIRECT($B$3&\"!$A$4:$A$999\"),0),FALSE)-$D72)))))","v":""},{"$f":"IF(A72=\"\",\"\",IF(AND(HLOOKUP($A72,INDIRECT($B$3&\"!$A$4:$ZZ$999\"),MATCH($B$4-F$5,INDIRECT($B$3&\"!$A$4:$A$999\"),0),FALSE)=0,$D72>0),\"NEW\",IF(AND(HLOOKUP($A72,INDIRECT($B$3&\"!$A$4:$ZZ$999\"),MATCH($B$4-F$5,INDIRECT($B$3&\"!$A$4:$A$999\"),0),FALSE)>0,$D72=0),\"LOST\",IF(ISNA(IF(HLOOKUP($A72,INDIRECT($B$3&\"!$A$4:$ZZ$999\"),MATCH($B$4-F$5,INDIRECT($B$3&\"!$A$4:$A$999\"),0),FALSE)-$D72=0,\"\",HLOOKUP($A72,INDIRECT($B$3&\"!$A$4:$ZZ$999\"),MATCH($B$4-F$5,INDIRECT($B$3&\"!$A$4:$A$999\"),0),FALSE)-$D72)),\"\",IF(HLOOKUP($A72,INDIRECT($B$3&\"!$A$4:$ZZ$999\"),MATCH($B$4-F$5,INDIRECT($B$3&\"!$A$4:$A$999\"),0),FALSE)-$D72=0,\"\",HLOOKUP($A72,INDIRECT($B$3&\"!$A$4:$ZZ$999\"),MATCH($B$4-F$5,INDIRECT($B$3&\"!$A$4:$A$999\"),0),FALSE)-$D72)))))","v":""},{"$f":"IF(A72=\"\",\"\",IF(AND(HLOOKUP($A72,INDIRECT($B$3&\"!$A$4:$ZZ$999\"),MATCH($B$4-G$5,INDIRECT($B$3&\"!$A$4:$A$999\"),0),FALSE)=0,$D72>0),\"NEW\",IF(AND(HLOOKUP($A72,INDIRECT($B$3&\"!$A$4:$ZZ$999\"),MATCH($B$4-G$5,INDIRECT($B$3&\"!$A$4:$A$999\"),0),FALSE)>0,$D72=0),\"LOST\",IF(ISNA(IF(HLOOKUP($A72,INDIRECT($B$3&\"!$A$4:$ZZ$999\"),MATCH($B$4-G$5,INDIRECT($B$3&\"!$A$4:$A$999\"),0),FALSE)-$D72=0,\"\",HLOOKUP($A72,INDIRECT($B$3&\"!$A$4:$ZZ$999\"),MATCH($B$4-G$5,INDIRECT($B$3&\"!$A$4:$A$999\"),0),FALSE)-$D72)),\"\",IF(HLOOKUP($A72,INDIRECT($B$3&\"!$A$4:$ZZ$999\"),MATCH($B$4-G$5,INDIRECT($B$3&\"!$A$4:$A$999\"),0),FALSE)-$D72=0,\"\",HLOOKUP($A72,INDIRECT($B$3&\"!$A$4:$ZZ$999\"),MATCH($B$4-G$5,INDIRECT($B$3&\"!$A$4:$A$999\"),0),FALSE)-$D72)))))","v":""}]
[null,null,null,"","","",""]
[null,null,null,"","","",""]
[null,null,null,"","","",""]
[null,null,null,"","","",""]
[null,null,null,"","","",""]
[null,null,null,"","","",""]
[null,null,null,"","","",""]
[null,null,null,"","","",""]
[null,null,null,"","","",""]
[null,null,null,"","","",""]
[null,null,null,"","","",""]
[null,null,null,"","","",""]
[null,null,null,"","","",""]
[null,null,null,"","","",""]
[null,null,null,"","","",""]
[null,null,null,"","","",""]
[null,null,null,"","","",""]
[null,null,null,"","","",""]
[null,null,null,"","","",""]
[null,null,null,"","","",""]
[null,null,null,"","","",""]
[null,null,null,"","","",""]
[null,null,null,"","","",""]
[null,null,null,"","","",""]
[null,null,null,"","","",""]
[null,null,null,"","","",""]
[null,null,null,"","","",""]
[null,null,null,"","","",""]
[null,null,null,"","","",""]
[null,null,null,"","","",""]
[null,null,null,"","","",""]
[null,null,null,"","","",""]
[null,null,null,"","","",""]
[null,null,null,"","","",""]
[null,null,null,"","","",""]
[null,null,null,"","","",""]
[null,null,null,"","","",""]
[null,null,null,"","","",""]
[null,null,null,"","","",""]
[null,null,null,"","","",""]
[null,null,null,"","","",""]
[null,null,null,"","","",""]
[null,null,null,"","","",""]
[null,null,null,"","","",""]
[null,null,null,"","","",""]
[null,null,null,"","","",""]
[null,null,null,"","","",""]
[null,null,null,"","","",""]
[null,null,null,"","","",""]
[null,null,null,"","","",""]
[null,null,null,"","","",""]
[null,null,null,"","","",""]
[null,null,null,"","","",""]
[null,null,null,"","","",""]
[null,null,null,"","","",""]
[null,null,null,"","","",""]
[null,null,null,"","","",""]
[null,null,null,"","","",""]
[null,null,null,"","","",""]
[null,null,null,"","","",""]
[null,null,null,"","","",""]
[null,null,null,"","","",""]
[null,null,null,"","","",""]
[null,null,null,{"$f":"IF(A136=\"\",\"\",HLOOKUP($A136,INDIRECT($B$3&\"!$A$4:$ZZ$999\"),MATCH($B$4,INDIRECT($B$3&\"!$A$4:$A$999\"),0),FALSE))","v":""},{"$f":"IF(A136=\"\",\"\",IF(AND(HLOOKUP($A136,INDIRECT($B$3&\"!$A$4:$ZZ$999\"),MATCH($B$4-E$5,INDIRECT($B$3&\"!$A$4:$A$999\"),0),FALSE)=0,$D136>0),\"NEW\",IF(AND(HLOOKUP($A136,INDIRECT($B$3&\"!$A$4:$ZZ$999\"),MATCH($B$4-E$5,INDIRECT($B$3&\"!$A$4:$A$999\"),0),FALSE)>0,$D136=0),\"LOST\",IF(ISNA(IF(HLOOKUP($A136,INDIRECT($B$3&\"!$A$4:$ZZ$999\"),MATCH($B$4-E$5,INDIRECT($B$3&\"!$A$4:$A$999\"),0),FALSE)-$D136=0,\"\",HLOOKUP($A136,INDIRECT($B$3&\"!$A$4:$ZZ$999\"),MATCH($B$4-E$5,INDIRECT($B$3&\"!$A$4:$A$999\"),0),FALSE)-$D136)),\"\",IF(HLOOKUP($A136,INDIRECT($B$3&\"!$A$4:$ZZ$999\"),MATCH($B$4-E$5,INDIRECT($B$3&\"!$A$4:$A$999\"),0),FALSE)-$D136=0,\"\",HLOOKUP($A136,INDIRECT($B$3&\"!$A$4:$ZZ$999\"),MATCH($B$4-E$5,INDIRECT($B$3&\"!$A$4:$A$999\"),0),FALSE)-$D136)))))","v":""},{"$f":"IF(A136=\"\",\"\",IF(AND(HLOOKUP($A136,INDIRECT($B$3&\"!$A$4:$ZZ$999\"),MATCH($B$4-F$5,INDIRECT($B$3&\"!$A$4:$A$999\"),0),FALSE)=0,$D136>0),\"NEW\",IF(AND(HLOOKUP($A136,INDIRECT($B$3&\"!$A$4:$ZZ$999\"),MATCH($B$4-F$5,INDIRECT($B$3&\"!$A$4:$A$999\"),0),FALSE)>0,$D136=0),\"LOST\",IF(ISNA(IF(HLOOKUP($A136,INDIRECT($B$3&\"!$A$4:$ZZ$999\"),MATCH($B$4-F$5,INDIRECT($B$3&\"!$A$4:$A$999\"),0),FALSE)-$D136=0,\"\",HLOOKUP($A136,INDIRECT($B$3&\"!$A$4:$ZZ$999\"),MATCH($B$4-F$5,INDIRECT($B$3&\"!$A$4:$A$999\"),0),FALSE)-$D136)),\"\",IF(HLOOKUP($A136,INDIRECT($B$3&\"!$A$4:$ZZ$999\"),MATCH($B$4-F$5,INDIRECT($B$3&\"!$A$4:$A$999\"),0),FALSE)-$D136=0,\"\",HLOOKUP($A136,INDIRECT($B$3&\"!$A$4:$ZZ$999\"),MATCH($B$4-F$5,INDIRECT($B$3&\"!$A$4:$A$999\"),0),FALSE)-$D136)))))","v":""},{"$f":"IF(A136=\"\",\"\",IF(AND(HLOOKUP($A136,INDIRECT($B$3&\"!$A$4:$ZZ$999\"),MATCH($B$4-G$5,INDIRECT($B$3&\"!$A$4:$A$999\"),0),FALSE)=0,$D136>0),\"NEW\",IF(AND(HLOOKUP($A136,INDIRECT($B$3&\"!$A$4:$ZZ$999\"),MATCH($B$4-G$5,INDIRECT($B$3&\"!$A$4:$A$999\"),0),FALSE)>0,$D136=0),\"LOST\",IF(ISNA(IF(HLOOKUP($A136,INDIRECT($B$3&\"!$A$4:$ZZ$999\"),MATCH($B$4-G$5,INDIRECT($B$3&\"!$A$4:$A$999\"),0),FALSE)-$D136=0,\"\",HLOOKUP($A136,INDIRECT($B$3&\"!$A$4:$ZZ$999\"),MATCH($B$4-G$5,INDIRECT($B$3&\"!$A$4:$A$999\"),0),FALSE)-$D136)),\"\",IF(HLOOKUP($A136,INDIRECT($B$3&\"!$A$4:$ZZ$999\"),MATCH($B$4-G$5,INDIRECT($B$3&\"!$A$4:$A$999\"),0),FALSE)-$D136=0,\"\",HLOOKUP($A136,INDIRECT($B$3&\"!$A$4:$ZZ$999\"),MATCH($B$4-G$5,INDIRECT($B$3&\"!$A$4:$A$999\"),0),FALSE)-$D136)))))","v":""}]
[null,null,null,"","","",""]
[null,null,null,"","","",""]
[null,null,null,"","","",""]
[null,null,null,"","","",""]
[null,null,null,"","","",""]
[null,null,null,"","","",""]
[null,null,null,"","","",""]
[null,null,null,"","","",""]
[null,null,null,"","","",""]
[null,null,null,"","","",""]
[null,null,null,"","","",""]
[null,null,null,"","","",""]
[null,null,null,"","","",""]
[null,null,null,"","","",""]
[null,null,null,"","","",""]
[null,null,null,"","","",""]
[null,null,null,"","","",""]
[null,null,null,"","","",""]
[null,null,null,"","","",""]
[null,null,null,"","","",""]
[null,null,null,"","","",""]
[null,null,null,"","","",""]
[null,null,null,"","","",""]
[null,null,null,"","","",""]
[null,null,null,"","","",""]
[null,null,null,"","","",""]
[null,null,null,"","","",""]
[null,null,null,"","","",""]
[null,null,null,"","","",""]
[null,null,null,"","","",""]
[null,null,null,"","","",""]
[null,null,null,"","","",""]
[null,null,null,"","","",""]
[null,null,null,"","","",""]
[null,null,null,"","","",""]
[null,null,null,"","","",""]
[null,null,null,"","","",""]
[null,null,null,"","","",""]
[null,null,null,"","","",""]
[null,null,null,"","","",""]
[null,null,null,"","","",""]
[null,null,null,"","","",""]
[null,null,null,"","","",""]
[null,null,null,"","","",""]
[null,null,null,"","","",""]
[null,null,null,"","","",""]
[null,null,null,"","","",""]
[null,null,null,"","","",""]
[null,null,null,"","","",""]
[null,null,null,"","","",""]
[null,null,null,"","","",""]
[null,null,null,"","","",""]
[null,null,null,"","","",""]
[null,null,null,"","","",""]
[null,null,null,"","","",""]
[null,null,null,"","","",""]
[null,null,null,"","","",""]
[null,null,null,"","","",""]
[null,null,null,"","","",""]
[null,null,null,"","","",""]
[null,null,null,"","","",""]
[null,null,null,"","","",""]
[null,null,null,"","","",""]
[null,null,null,{"$f":"IF(A200=\"\",\"\",HLOOKUP($A200,INDIRECT($B$3&\"!$A$4:$ZZ$999\"),MATCH($B$4,INDIRECT($B$3&\"!$A$4:$A$999\"),0),FALSE))","v":""},{"$f":"IF(A200=\"\",\"\",IF(AND(HLOOKUP($A200,INDIRECT($B$3&\"!$A$4:$ZZ$999\"),MATCH($B$4-E$5,INDIRECT($B$3&\"!$A$4:$A$999\"),0),FALSE)=0,$D200>0),\"NEW\",IF(AND(HLOOKUP($A200,INDIRECT($B$3&\"!$A$4:$ZZ$999\"),MATCH($B$4-E$5,INDIRECT($B$3&\"!$A$4:$A$999\"),0),FALSE)>0,$D200=0),\"LOST\",IF(ISNA(IF(HLOOKUP($A200,INDIRECT($B$3&\"!$A$4:$ZZ$999\"),MATCH($B$4-E$5,INDIRECT($B$3&\"!$A$4:$A$999\"),0),FALSE)-$D200=0,\"\",HLOOKUP($A200,INDIRECT($B$3&\"!$A$4:$ZZ$999\"),MATCH($B$4-E$5,INDIRECT($B$3&\"!$A$4:$A$999\"),0),FALSE)-$D200)),\"\",IF(HLOOKUP($A200,INDIRECT($B$3&\"!$A$4:$ZZ$999\"),MATCH($B$4-E$5,INDIRECT($B$3&\"!$A$4:$A$999\"),0),FALSE)-$D200=0,\"\",HLOOKUP($A200,INDIRECT($B$3&\"!$A$4:$ZZ$999\"),MATCH($B$4-E$5,INDIRECT($B$3&\"!$A$4:$A$999\"),0),FALSE)-$D200)))))","v":""},{"$f":"IF(A200=\"\",\"\",IF(AND(HLOOKUP($A200,INDIRECT($B$3&\"!$A$4:$ZZ$999\"),MATCH($B$4-F$5,INDIRECT($B$3&\"!$A$4:$A$999\"),0),FALSE)=0,$D200>0),\"NEW\",IF(AND(HLOOKUP($A200,INDIRECT($B$3&\"!$A$4:$ZZ$999\"),MATCH($B$4-F$5,INDIRECT($B$3&\"!$A$4:$A$999\"),0),FALSE)>0,$D200=0),\"LOST\",IF(ISNA(IF(HLOOKUP($A200,INDIRECT($B$3&\"!$A$4:$ZZ$999\"),MATCH($B$4-F$5,INDIRECT($B$3&\"!$A$4:$A$999\"),0),FALSE)-$D200=0,\"\",HLOOKUP($A200,INDIRECT($B$3&\"!$A$4:$ZZ$999\"),MATCH($B$4-F$5,INDIRECT($B$3&\"!$A$4:$A$999\"),0),FALSE)-$D200)),\"\",IF(HLOOKUP($A200,INDIRECT($B$3&\"!$A$4:$ZZ$999\"),MATCH($B$4-F$5,INDIRECT($B$3&\"!$A$4:$A$999\"),0),FALSE)-$D200=0,\"\",HLOOKUP($A200,INDIRECT($B$3&\"!$A$4:$ZZ$999\"),MATCH($B$4-F$5,INDIRECT($B$3&\"!$A$4:$A$999\"),0),FALSE)-$D200)))))","v":""},{"$f":"IF(A200=\"\",\"\",IF(AND(HLOOKUP($A200,INDIRECT($B$3&\"!$A$4:$ZZ$999\"),MATCH($B$4-G$5,INDIRECT($B$3&\"!$A$4:$A$999\"),0),FALSE)=0,$D200>0),\"NEW\",IF(AND(HLOOKUP($A200,INDIRECT($B$3&\"!$A$4:$ZZ$999\"),MATCH($B$4-G$5,INDIRECT($B$3&\"!$A$4:$A$999\"),0),FALSE)>0,$D200=0),\"LOST\",IF(ISNA(IF(HLOOKUP($A200,INDIRECT($B$3&\"!$A$4:$ZZ$999\"),MATCH($B$4-G$5,INDIRECT($B$3&\"!$A$4:$A$999\"),0),FALSE)-$D200=0,\"\",HLOOKUP($A200,INDIRECT($B$3&\"!$A$4:$ZZ$999\"),MATCH($B$4-G$5,INDIRECT($B$3&\"!$A$4:$A$999\"),0),FALSE)-$D200)),\"\",IF(HLOOKUP($A200,INDIRECT($B$3&\"!$A$4:$ZZ$999\"),MATCH($B$4-G$5,INDIRECT($B$3&\"!$A$4:$A$999\"),0),FALSE)-$D200=0,\"\",HLOOKUP($A200,INDIRECT($B$3&\"!$A$4:$ZZ$999\"),MATCH($B$4-G$5,INDIRECT($B$3&\"!$A$4:$A$999\"),0),FALSE)-$D200)))))","v":""}]
["2014-09-30",0,0,0,0,0,0,0,0,0,0,0,0,0,0,0,0,0,0,0,0,0,0,0,0,0]

{"sheet":"|-ApprendreExcel","index":3,"n_rows":201,"n_cols":26,"rows_kept":201,"cut":false,"hidden":false,"merged":[]}
[]
["Website:","http://apprendre-excel.fr"]
["ID:","ApprendreExcel"]
["Date:",{"$f":"TODAY()","v":"2014-09-30"}]
["Dernière MAJ data GKT:","2014-01-29",null,null,1,7,30]
["Keywords","Niveau de concurrence","Volume de recherches mensuelles","SERP Ranking","J-1","J-7","J-30"]
["faire un graphique sur excel",0.68,880,{"$f":"IF(A7=\"\",\"\",HLOOKUP($A7,INDIRECT($B$3&\"!$A$4:$ZZ$999\"),MATCH($B$4,INDIRECT($B$3&\"!$A$4:$A$999\"),0),FALSE))","v":5},{"$f":"IF(A7=\"\",\"\",IF(AND(HLOOKUP($A7,INDIRECT($B$3&\"!$A$4:$ZZ$999\"),MATCH($B$4-E$5,INDIRECT($B$3&\"!$A$4:$A$999\"),0),FALSE)=0,$D7>0),\"NEW\",IF(AND(HLOOKUP($A7,INDIRECT($B$3&\"!$A$4:$ZZ$999\"),MATCH($B$4-E$5,INDIRECT($B$3&\"!$A$4:$A$999\"),0),FALSE)>0,$D7=0),\"LOST\",IF(ISNA(IF(HLOOKUP($A7,INDIRECT($B$3&\"!$A$4:$ZZ$999\"),MATCH($B$4-E$5,INDIRECT($B$3&\"!$A$4:$A$999\"),0),FALSE)-$D7=0,\"\",HLOOKUP($A7,INDIRECT($B$3&\"!$A$4:$ZZ$999\"),MATCH($B$4-E$5,INDIRECT($B$3&\"!$A$4:$A$999\"),0),FALSE)-$D7)),\"\",IF(HLOOKUP($A7,INDIRECT($B$3&\"!$A$4:$ZZ$999\"),MATCH($B$4-E$5,INDIRECT($B$3&\"!$A$4:$A$999\"),0),FALSE)-$D7=0,\"\",HLOOKUP($A7,INDIRECT($B$3&\"!$A$4:$ZZ$999\"),MATCH($B$4-E$5,INDIRECT($B$3&\"!$A$4:$A$999\"),0),FALSE)-$D7)))))","v":4},{"$f":"IF(A7=\"\",\"\",IF(AND(HLOOKUP($A7,INDIRECT($B$3&\"!$A$4:$ZZ$999\"),MATCH($B$4-F$5,INDIRECT($B$3&\"!$A$4:$A$999\"),0),FALSE)=0,$D7>0),\"NEW\",IF(AND(HLOOKUP($A7,INDIRECT($B$3&\"!$A$4:$ZZ$999\"),MATCH($B$4-F$5,INDIRECT($B$3&\"!$A$4:$A$999\"),0),FALSE)>0,$D7=0),\"LOST\",IF(ISNA(IF(HLOOKUP($A7,INDIRECT($B$3&\"!$A$4:$ZZ$999\"),MATCH($B$4-F$5,INDIRECT($B$3&\"!$A$4:$A$999\"),0),FALSE)-$D7=0,\"\",HLOOKUP($A7,INDIRECT($B$3&\"!$A$4:$ZZ$999\"),MATCH($B$4-F$5,INDIRECT($B$3&\"!$A$4:$A$999\"),0),FALSE)-$D7)),\"\",IF(HLOOKUP($A7,INDIRECT($B$3&\"!$A$4:$ZZ$999\"),MATCH($B$4-F$5,INDIRECT($B$3&\"!$A$4:$A$999\"),0),FALSE)-$D7=0,\"\",HLOOKUP($A7,INDIRECT($B$3&\"!$A$4:$ZZ$999\"),MATCH($B$4-F$5,INDIRECT($B$3&\"!$A$4:$A$999\"),0),FALSE)-$D7)))))","v":1},{"$f":"IF(A7=\"\",\"\",IF(AND(HLOOKUP($A7,INDIRECT($B$3&\"!$A$4:$ZZ$999\"),MATCH($B$4-G$5,INDIRECT($B$3&\"!$A$4:$A$999\"),0),FALSE)=0,$D7>0),\"NEW\",IF(AND(HLOOKUP($A7,INDIRECT($B$3&\"!$A$4:$ZZ$999\"),MATCH($B$4-G$5,INDIRECT($B$3&\"!$A$4:$A$999\"),0),FALSE)>0,$D7=0),\"LOST\",IF(ISNA(IF(HLOOKUP($A7,INDIRECT($B$3&\"!$A$4:$ZZ$999\"),MATCH($B$4-G$5,INDIRECT($B$3&\"!$A$4:$A$999\"),0),FALSE)-$D7=0,\"\",HLOOKUP($A7,INDIRECT($B$3&\"!$A$4:$ZZ$999\"),MATCH($B$4-G$5,INDIRECT($B$3&\"!$A$4:$A$999\"),0),FALSE)-$D7)),\"\",IF(HLOOKUP($A7,INDIRECT($B$3&\"!$A$4:$ZZ$999\"),MATCH($B$4-G$5,INDIRECT($B$3&\"!$A$4:$A$999\"),0),FALSE)-$D7=0,\"\",HLOOKUP($A7,INDIRECT($B$3&\"!$A$4:$ZZ$999\"),MATCH($B$4-G$5,INDIRECT($B$3&\"!$A$4:$A$999\"),0),FALSE)-$D7)))))","v":-3}]
["supprimer doublons excel",0.01,390,{"$f":"IF(A8=\"\",\"\",HLOOKUP($A8,INDIRECT($B$3&\"!$A$4:$ZZ$999\"),MATCH($B$4,INDIRECT($B$3&\"!$A$4:$A$999\"),0),FALSE))","v":6},{"$f":"IF(A8=\"\",\"\",IF(AND(HLOOKUP($A8,INDIRECT($B$3&\"!$A$4:$ZZ$999\"),MATCH($B$4-E$5,INDIRECT($B$3&\"!$A$4:$A$999\"),0),FALSE)=0,$D8>0),\"NEW\",IF(AND(HLOOKUP($A8,INDIRECT($B$3&\"!$A$4:$ZZ$999\"),MATCH($B$4-E$5,INDIRECT($B$3&\"!$A$4:$A$999\"),0),FALSE)>0,$D8=0),\"LOST\",IF(ISNA(IF(HLOOKUP($A8,INDIRECT($B$3&\"!$A$4:$ZZ$999\"),MATCH($B$4-E$5,INDIRECT($B$3&\"!$A$4:$A$999\"),0),FALSE)-$D8=0,\"\",HLOOKUP($A8,INDIRECT($B$3&\"!$A$4:$ZZ$999\"),MATCH($B$4-E$5,INDIRECT($B$3&\"!$A$4:$A$999\"),0),FALSE)-$D8)),\"\",IF(HLOOKUP($A8,INDIRECT($B$3&\"!$A$4:$ZZ$999\"),MATCH($B$4-E$5,INDIRECT($B$3&\"!$A$4:$A$999\"),0),FALSE)-$D8=0,\"\",HLOOKUP($A8,INDIRECT($B$3&\"!$A$4:$ZZ$999\"),MATCH($B$4-E$5,INDIRECT($B$3&\"!$A$4:$A$999\"),0),FALSE)-$D8)))))","v":-2},{"$f":"IF(A8=\"\",\"\",IF(AND(HLOOKUP($A8,INDIRECT($B$3&\"!$A$4:$ZZ$999\"),MATCH($B$4-F$5,INDIRECT($B$3&\"!$A$4:$A$999\"),0),FALSE)=0,$D8>0),\"NEW\",IF(AND(HLOOKUP($A8,INDIRECT($B$3&\"!$A$4:$ZZ$999\"),MATCH($B$4-F$5,INDIRECT($B$3&\"!$A$4:$A$999\"),0),FALSE)>0,$D8=0),\"LOST\",IF(ISNA(IF(HLOOKUP($A8,INDIRECT($B$3&\"!$A$4:$ZZ$999\"),MATCH($B$4-F$5,INDIRECT($B$3&\"!$A$4:$A$999\"),0),FALSE)-$D8=0,\"\",HLOOKUP($A8,INDIRECT($B$3&\"!$A$4:$ZZ$999\"),MATCH($B$4-F$5,INDIRECT($B$3&\"!$A$4:$A$999\"),0),FALSE)-$D8)),\"\",IF(HLOOKUP($A8,INDIRECT($B$3&\"!$A$4:$ZZ$999\"),MATCH($B$4-F$5,INDIRECT($B$3&\"!$A$4:$A$999\"),0),FALSE)-$D8=0,\"\",HLOOKUP($A8,INDIRECT($B$3&\"!$A$4:$ZZ$999\"),MATCH($B$4-F$5,INDIRECT($B$3&\"!$A$4:$A$999\"),0),FALSE)-$D8)))))","v":-3},{"$f":"IF(A8=\"\",\"\",IF(AND(HLOOKUP($A8,INDIRECT($B$3&\"!$A$4:$ZZ$999\"),MATCH($B$4-G$5,INDIRECT($B$3&\"!$A$4:$A$999\"),0),FALSE)=0,$D8>0),\"NEW\",IF(AND(HLOOKUP($A8,INDIRECT($B$3&\"!$A$4:$ZZ$999\"),MATCH($B$4-G$5,INDIRECT($B$3&\"!$A$4:$A$999\"),0),FALSE)>0,$D8=0),\"LOST\",IF(ISNA(IF(HLOOKUP($A8,INDIRECT($B$3&\"!$A$4:$ZZ$999\"),MATCH($B$4-G$5,INDIRECT($B$3&\"!$A$4:$A$999\"),0),FALSE)-$D8=0,\"\",HLOOKUP($A8,INDIRECT($B$3&\"!$A$4:$ZZ$999\"),MATCH($B$4-G$5,INDIRECT($B$3&\"!$A$4:$A$999\"),0),FALSE)-$D8)),\"\",IF(HLOOKUP($A8,INDIRECT($B$3&\"!$A$4:$ZZ$999\"),MATCH($B$4-G$5,INDIRECT($B$3&\"!$A$4:$A$999\"),0),FALSE)-$D8=0,\"\",HLOOKUP($A8,INDIRECT($B$3&\"!$A$4:$ZZ$999\"),MATCH($B$4-G$5,INDIRECT($B$3&\"!$A$4:$A$999\"),0),FALSE)-$D8)))))","v":-5}]
["figer ligne excel",0.01,260,5,1,2,-3]
[null,null,null,"","","",""]
[null,null,null,"","","",""]
[null,null,null,"","","",""]
[null,null,null,"","","",""]
[null,null,null,"","","",""]
[null,null,null,"","","",""]
[null,null,null,"","","",""]
[null,null,null,"","","",""]
[null,null,null,"","","",""]
[null,null,null,"","","",""]
[null,null,null,"","","",""]
[null,null,null,"","","",""]
[null,null,null,"","","",""]
[null,null,null,"","","",""]
[null,null,null,"","","",""]
[null,null,null,"","","",""]
[null,null,null,"","","",""]
[null,null,null,"","","",""]
[null,null,null,"","","",""]
[null,null,null,"","","",""]
[null,null,null,"","","",""]
[null,null,null,"","","",""]
[null,null,null,"","","",""]
[null,null,null,"","","",""]
[null,null,null,"","","",""]
[null,null,null,"","","",""]
[null,null,null,"","","",""]
[null,null,null,"","","",""]
[null,null,null,"","","",""]
[null,null,null,"","","",""]
[null,null,null,"","","",""]
[null,null,null,"","","",""]
[null,null,null,"","","",""]
[null,null,null,"","","",""]
[null,null,null,"","","",""]
[null,null,null,"","","",""]
[null,null,null,"","","",""]
[null,null,null,"","","",""]
[null,null,null,"","","",""]
[null,null,null,"","","",""]
[null,null,null,"","","",""]
[null,null,null,"","","",""]
[null,null,null,"","","",""]
[null,null,null,"","","",""]
[null,null,null,"","","",""]
[null,null,null,"","","",""]
[null,null,null,"","","",""]
[null,null,null,"","","",""]
[null,null,null,"","","",""]
[null,null,null,"","","",""]
[null,null,null,"","","",""]
[null,null,null,"","","",""]
[null,null,null,"","","",""]
[null,null,null,"","","",""]
[null,null,null,"","","",""]
[null,null,null,"","","",""]
[null,null,null,"","","",""]
[null,null,null,"","","",""]
[null,null,null,"","","",""]
[null,null,null,"","","",""]
[null,null,null,"","","",""]
[null,null,null,"","","",""]
[null,null,null,{"$f":"IF(A72=\"\",\"\",HLOOKUP($A72,INDIRECT($B$3&\"!$A$4:$ZZ$999\"),MATCH($B$4,INDIRECT($B$3&\"!$A$4:$A$999\"),0),FALSE))","v":""},{"$f":"IF(A72=\"\",\"\",IF(AND(HLOOKUP($A72,INDIRECT($B$3&\"!$A$4:$ZZ$999\"),MATCH($B$4-E$5,INDIRECT($B$3&\"!$A$4:$A$999\"),0),FALSE)=0,$D72>0),\"NEW\",IF(AND(HLOOKUP($A72,INDIRECT($B$3&\"!$A$4:$ZZ$999\"),MATCH($B$4-E$5,INDIRECT($B$3&\"!$A$4:$A$999\"),0),FALSE)>0,$D72=0),\"LOST\",IF(ISNA(IF(HLOOKUP($A72,INDIRECT($B$3&\"!$A$4:$ZZ$999\"),MATCH($B$4-E$5,INDIRECT($B$3&\"!$A$4:$A$999\"),0),FALSE)-$D72=0,\"\",HLOOKUP($A72,INDIRECT($B$3&\"!$A$4:$ZZ$999\"),MATCH($B$4-E$5,INDIRECT($B$3&\"!$A$4:$A$999\"),0),FALSE)-$D72)),\"\",IF(HLOOKUP($A72,INDIRECT($B$3&\"!$A$4:$ZZ$999\"),MATCH($B$4-E$5,INDIRECT($B$3&\"!$A$4:$A$999\"),0),FALSE)-$D72=0,\"\",HLOOKUP($A72,INDIRECT($B$3&\"!$A$4:$ZZ$999\"),MATCH($B$4-E$5,INDIRECT($B$3&\"!$A$4:$A$999\"),0),FALSE)-$D72)))))","v":""},{"$f":"IF(A72=\"\",\"\",IF(AND(HLOOKUP($A72,INDIRECT($B$3&\"!$A$4:$ZZ$999\"),MATCH($B$4-F$5,INDIRECT($B$3&\"!$A$4:$A$999\"),0),FALSE)=0,$D72>0),\"NEW\",IF(AND(HLOOKUP($A72,INDIRECT($B$3&\"!$A$4:$ZZ$999\"),MATCH($B$4-F$5,INDIRECT($B$3&\"!$A$4:$A$999\"),0),FALSE)>0,$D72=0),\"LOST\",IF(ISNA(IF(HLOOKUP($A72,INDIRECT($B$3&\"!$A$4:$ZZ$999\"),MATCH($B$4-F$5,INDIRECT($B$3&\"!$A$4:$A$999\"),0),FALSE)-$D72=0,\"\",HLOOKUP($A72,INDIRECT($B$3&\"!$A$4:$ZZ$999\"),MATCH($B$4-F$5,INDIRECT($B$3&\"!$A$4:$A$999\"),0),FALSE)-$D72)),\"\",IF(HLOOKUP($A72,INDIRECT($B$3&\"!$A$4:$ZZ$999\"),MATCH($B$4-F$5,INDIRECT($B$3&\"!$A$4:$A$999\"),0),FALSE)-$D72=0,\"\",HLOOKUP($A72,INDIRECT($B$3&\"!$A$4:$ZZ$999\"),MATCH($B$4-F$5,INDIRECT($B$3&\"!$A$4:$A$999\"),0),FALSE)-$D72)))))","v":""},{"$f":"IF(A72=\"\",\"\",IF(AND(HLOOKUP($A72,INDIRECT($B$3&\"!$A$4:$ZZ$999\"),MATCH($B$4-G$5,INDIRECT($B$3&\"!$A$4:$A$999\"),0),FALSE)=0,$D72>0),\"NEW\",IF(AND(HLOOKUP($A72,INDIRECT($B$3&\"!$A$4:$ZZ$999\"),MATCH($B$4-G$5,INDIRECT($B$3&\"!$A$4:$A$999\"),0),FALSE)>0,$D72=0),\"LOST\",IF(ISNA(IF(HLOOKUP($A72,INDIRECT($B$3&\"!$A$4:$ZZ$999\"),MATCH($B$4-G$5,INDIRECT($B$3&\"!$A$4:$A$999\"),0),FALSE)-$D72=0,\"\",HLOOKUP($A72,INDIRECT($B$3&\"!$A$4:$ZZ$999\"),MATCH($B$4-G$5,INDIRECT($B$3&\"!$A$4:$A$999\"),0),FALSE)-$D72)),\"\",IF(HLOOKUP($A72,INDIRECT($B$3&\"!$A$4:$ZZ$999\"),MATCH($B$4-G$5,INDIRECT($B$3&\"!$A$4:$A$999\"),0),FALSE)-$D72=0,\"\",HLOOKUP($A72,INDIRECT($B$3&\"!$A$4:$ZZ$999\"),MATCH($B$4-G$5,INDIRECT($B$3&\"!$A$4:$A$999\"),0),FALSE)-$D72)))))","v":""}]
[null,null,null,"","","",""]
[null,null,null,"","","",""]
[null,null,null,"","","",""]
[null,null,null,"","","",""]
[null,null,null,"","","",""]
[null,null,null,"","","",""]
[null,null,null,"","","",""]
[null,null,null,"","","",""]
[null,null,null,"","","",""]
[null,null,null,"","","",""]
[null,null,null,"","","",""]
[null,null,null,"","","",""]
[null,null,null,"","","",""]
[null,null,null,"","","",""]
[null,null,null,"","","",""]
[null,null,null,"","","",""]
[null,null,null,"","","",""]
[null,null,null,"","","",""]
[null,null,null,"","","",""]
[null,null,null,"","","",""]
[null,null,null,"","","",""]
[null,null,null,"","","",""]
[null,null,null,"","","",""]
[null,null,null,"","","",""]
[null,null,null,"","","",""]
[null,null,null,"","","",""]
[null,null,null,"","","",""]
[null,null,null,"","","",""]
[null,null,null,"","","",""]
[null,null,null,"","","",""]
[null,null,null,"","","",""]
[null,null,null,"","","",""]
[null,null,null,"","","",""]
[null,null,null,"","","",""]
[null,null,null,"","","",""]
[null,null,null,"","","",""]
[null,null,null,"","","",""]
[null,null,null,"","","",""]
[null,null,null,"","","",""]
[null,null,null,"","","",""]
[null,null,null,"","","",""]
[null,null,null,"","","",""]
[null,null,null,"","","",""]
[null,null,null,"","","",""]
[null,null,null,"","","",""]
[null,null,null,"","","",""]
[null,null,null,"","","",""]
[null,null,null,"","","",""]
[null,null,null,"","","",""]
[null,null,null,"","","",""]
[null,null,null,"","","",""]
[null,null,null,"","","",""]
[null,null,null,"","","",""]
[null,null,null,"","","",""]
[null,null,null,"","","",""]
[null,null,null,"","","",""]
[null,null,null,"","","",""]
[null,null,null,"","","",""]
[null,null,null,"","","",""]
[null,null,null,"","","",""]
[null,null,null,"","","",""]
[null,null,null,"","","",""]
[null,null,null,"","","",""]
[null,null,null,{"$f":"IF(A136=\"\",\"\",HLOOKUP($A136,INDIRECT($B$3&\"!$A$4:$ZZ$999\"),MATCH($B$4,INDIRECT($B$3&\"!$A$4:$A$999\"),0),FALSE))","v":""},{"$f":"IF(A136=\"\",\"\",IF(AND(HLOOKUP($A136,INDIRECT($B$3&\"!$A$4:$ZZ$999\"),MATCH($B$4-E$5,INDIRECT($B$3&\"!$A$4:$A$999\"),0),FALSE)=0,$D136>0),\"NEW\",IF(AND(HLOOKUP($A136,INDIRECT($B$3&\"!$A$4:$ZZ$999\"),MATCH($B$4-E$5,INDIRECT($B$3&\"!$A$4:$A$999\"),0),FALSE)>0,$D136=0),\"LOST\",IF(ISNA(IF(HLOOKUP($A136,INDIRECT($B$3&\"!$A$4:$ZZ$999\"),MATCH($B$4-E$5,INDIRECT($B$3&\"!$A$4:$A$999\"),0),FALSE)-$D136=0,\"\",HLOOKUP($A136,INDIRECT($B$3&\"!$A$4:$ZZ$999\"),MATCH($B$4-E$5,INDIRECT($B$3&\"!$A$4:$A$999\"),0),FALSE)-$D136)),\"\",IF(HLOOKUP($A136,INDIRECT($B$3&\"!$A$4:$ZZ$999\"),MATCH($B$4-E$5,INDIRECT($B$3&\"!$A$4:$A$999\"),0),FALSE)-$D136=0,\"\",HLOOKUP($A136,INDIRECT($B$3&\"!$A$4:$ZZ$999\"),MATCH($B$4-E$5,INDIRECT($B$3&\"!$A$4:$A$999\"),0),FALSE)-$D136)))))","v":""},{"$f":"IF(A136=\"\",\"\",IF(AND(HLOOKUP($A136,INDIRECT($B$3&\"!$A$4:$ZZ$999\"),MATCH($B$4-F$5,INDIRECT($B$3&\"!$A$4:$A$999\"),0),FALSE)=0,$D136>0),\"NEW\",IF(AND(HLOOKUP($A136,INDIRECT($B$3&\"!$A$4:$ZZ$999\"),MATCH($B$4-F$5,INDIRECT($B$3&\"!$A$4:$A$999\"),0),FALSE)>0,$D136=0),\"LOST\",IF(ISNA(IF(HLOOKUP($A136,INDIRECT($B$3&\"!$A$4:$ZZ$999\"),MATCH($B$4-F$5,INDIRECT($B$3&\"!$A$4:$A$999\"),0),FALSE)-$D136=0,\"\",HLOOKUP($A136,INDIRECT($B$3&\"!$A$4:$ZZ$999\"),MATCH($B$4-F$5,INDIRECT($B$3&\"!$A$4:$A$999\"),0),FALSE)-$D136)),\"\",IF(HLOOKUP($A136,INDIRECT($B$3&\"!$A$4:$ZZ$999\"),MATCH($B$4-F$5,INDIRECT($B$3&\"!$A$4:$A$999\"),0),FALSE)-$D136=0,\"\",HLOOKUP($A136,INDIRECT($B$3&\"!$A$4:$ZZ$999\"),MATCH($B$4-F$5,INDIRECT($B$3&\"!$A$4:$A$999\"),0),FALSE)-$D136)))))","v":""},{"$f":"IF(A136=\"\",\"\",IF(AND(HLOOKUP($A136,INDIRECT($B$3&\"!$A$4:$ZZ$999\"),MATCH($B$4-G$5,INDIRECT($B$3&\"!$A$4:$A$999\"),0),FALSE)=0,$D136>0),\"NEW\",IF(AND(HLOOKUP($A136,INDIRECT($B$3&\"!$A$4:$ZZ$999\"),MATCH($B$4-G$5,INDIRECT($B$3&\"!$A$4:$A$999\"),0),FALSE)>0,$D136=0),\"LOST\",IF(ISNA(IF(HLOOKUP($A136,INDIRECT($B$3&\"!$A$4:$ZZ$999\"),MATCH($B$4-G$5,INDIRECT($B$3&\"!$A$4:$A$999\"),0),FALSE)-$D136=0,\"\",HLOOKUP($A136,INDIRECT($B$3&\"!$A$4:$ZZ$999\"),MATCH($B$4-G$5,INDIRECT($B$3&\"!$A$4:$A$999\"),0),FALSE)-$D136)),\"\",IF(HLOOKUP($A136,INDIRECT($B$3&\"!$A$4:$ZZ$999\"),MATCH($B$4-G$5,INDIRECT($B$3&\"!$A$4:$A$999\"),0),FALSE)-$D136=0,\"\",HLOOKUP($A136,INDIRECT($B$3&\"!$A$4:$ZZ$999\"),MATCH($B$4-G$5,INDIRECT($B$3&\"!$A$4:$A$999\"),0),FALSE)-$D136)))))","v":""}]
[null,null,null,"","","",""]
[null,null,null,"","","",""]
[null,null,null,"","","",""]
[null,null,null,"","","",""]
[null,null,null,"","","",""]
[null,null,null,"","","",""]
[null,null,null,"","","",""]
[null,null,null,"","","",""]
[null,null,null,"","","",""]
[null,null,null,"","","",""]
[null,null,null,"","","",""]
[null,null,null,"","","",""]
[null,null,null,"","","",""]
[null,null,null,"","","",""]
[null,null,null,"","","",""]
[null,null,null,"","","",""]
[null,null,null,"","","",""]
[null,null,null,"","","",""]
[null,null,null,"","","",""]
[null,null,null,"","","",""]
[null,null,null,"","","",""]
[null,null,null,"","","",""]
[null,null,null,"","","",""]
[null,null,null,"","","",""]
[null,null,null,"","","",""]
[null,null,null,"","","",""]
[null,null,null,"","","",""]
[null,null,null,"","","",""]
[null,null,null,"","","",""]
[null,null,null,"","","",""]
[null,null,null,"","","",""]
[null,null,null,"","","",""]
[null,null,null,"","","",""]
[null,null,null,"","","",""]
[null,null,null,"","","",""]
[null,null,null,"","","",""]
[null,null,null,"","","",""]
[null,null,null,"","","",""]
[null,null,null,"","","",""]
[null,null,null,"","","",""]
[null,null,null,"","","",""]
[null,null,null,"","","",""]
[null,null,null,"","","",""]
[null,null,null,"","","",""]
[null,null,null,"","","",""]
[null,null,null,"","","",""]
[null,null,null,"","","",""]
[null,null,null,"","","",""]
[null,null,null,"","","",""]
[null,null,null,"","","",""]
[null,null,null,"","","",""]
[null,null,null,"","","",""]
[null,null,null,"","","",""]
[null,null,null,"","","",""]
[null,null,null,"","","",""]
[null,null,null,"","","",""]
[null,null,null,"","","",""]
[null,null,null,"","","",""]
[null,null,null,"","","",""]
[null,null,null,"","","",""]
[null,null,null,"","","",""]
[null,null,null,"","","",""]
[null,null,null,"","","",""]
[null,null,null,{"$f":"IF(A200=\"\",\"\",HLOOKUP($A200,INDIRECT($B$3&\"!$A$4:$ZZ$999\"),MATCH($B$4,INDIRECT($B$3&\"!$A$4:$A$999\"),0),FALSE))","v":""},{"$f":"IF(A200=\"\",\"\",IF(AND(HLOOKUP($A200,INDIRECT($B$3&\"!$A$4:$ZZ$999\"),MATCH($B$4-E$5,INDIRECT($B$3&\"!$A$4:$A$999\"),0),FALSE)=0,$D200>0),\"NEW\",IF(AND(HLOOKUP($A200,INDIRECT($B$3&\"!$A$4:$ZZ$999\"),MATCH($B$4-E$5,INDIRECT($B$3&\"!$A$4:$A$999\"),0),FALSE)>0,$D200=0),\"LOST\",IF(ISNA(IF(HLOOKUP($A200,INDIRECT($B$3&\"!$A$4:$ZZ$999\"),MATCH($B$4-E$5,INDIRECT($B$3&\"!$A$4:$A$999\"),0),FALSE)-$D200=0,\"\",HLOOKUP($A200,INDIRECT($B$3&\"!$A$4:$ZZ$999\"),MATCH($B$4-E$5,INDIRECT($B$3&\"!$A$4:$A$999\"),0),FALSE)-$D200)),\"\",IF(HLOOKUP($A200,INDIRECT($B$3&\"!$A$4:$ZZ$999\"),MATCH($B$4-E$5,INDIRECT($B$3&\"!$A$4:$A$999\"),0),FALSE)-$D200=0,\"\",HLOOKUP($A200,INDIRECT($B$3&\"!$A$4:$ZZ$999\"),MATCH($B$4-E$5,INDIRECT($B$3&\"!$A$4:$A$999\"),0),FALSE)-$D200)))))","v":""},{"$f":"IF(A200=\"\",\"\",IF(AND(HLOOKUP($A200,INDIRECT($B$3&\"!$A$4:$ZZ$999\"),MATCH($B$4-F$5,INDIRECT($B$3&\"!$A$4:$A$999\"),0),FALSE)=0,$D200>0),\"NEW\",IF(AND(HLOOKUP($A200,INDIRECT($B$3&\"!$A$4:$ZZ$999\"),MATCH($B$4-F$5,INDIRECT($B$3&\"!$A$4:$A$999\"),0),FALSE)>0,$D200=0),\"LOST\",IF(ISNA(IF(HLOOKUP($A200,INDIRECT($B$3&\"!$A$4:$ZZ$999\"),MATCH($B$4-F$5,INDIRECT($B$3&\"!$A$4:$A$999\"),0),FALSE)-$D200=0,\"\",HLOOKUP($A200,INDIRECT($B$3&\"!$A$4:$ZZ$999\"),MATCH($B$4-F$5,INDIRECT($B$3&\"!$A$4:$A$999\"),0),FALSE)-$D200)),\"\",IF(HLOOKUP($A200,INDIRECT($B$3&\"!$A$4:$ZZ$999\"),MATCH($B$4-F$5,INDIRECT($B$3&\"!$A$4:$A$999\"),0),FALSE)-$D200=0,\"\",HLOOKUP($A200,INDIRECT($B$3&\"!$A$4:$ZZ$999\"),MATCH($B$4-F$5,INDIRECT($B$3&\"!$A$4:$A$999\"),0),FALSE)-$D200)))))","v":""},{"$f":"IF(A200=\"\",\"\",IF(AND(HLOOKUP($A200,INDIRECT($B$3&\"!$A$4:$ZZ$999\"),MATCH($B$4-G$5,INDIRECT($B$3&\"!$A$4:$A$999\"),0),FALSE)=0,$D200>0),\"NEW\",IF(AND(HLOOKUP($A200,INDIRECT($B$3&\"!$A$4:$ZZ$999\"),MATCH($B$4-G$5,INDIRECT($B$3&\"!$A$4:$A$999\"),0),FALSE)>0,$D200=0),\"LOST\",IF(ISNA(IF(HLOOKUP($A200,INDIRECT($B$3&\"!$A$4:$ZZ$999\"),MATCH($B$4-G$5,INDIRECT($B$3&\"!$A$4:$A$999\"),0),FALSE)-$D200=0,\"\",HLOOKUP($A200,INDIRECT($B$3&\"!$A$4:$ZZ$999\"),MATCH($B$4-G$5,INDIRECT($B$3&\"!$A$4:$A$999\"),0),FALSE)-$D200)),\"\",IF(HLOOKUP($A200,INDIRECT($B$3&\"!$A$4:$ZZ$999\"),MATCH($B$4-G$5,INDIRECT($B$3&\"!$A$4:$A$999\"),0),FALSE)-$D200=0,\"\",HLOOKUP($A200,INDIRECT($B$3&\"!$A$4:$ZZ$999\"),MATCH($B$4-G$5,INDIRECT($B$3&\"!$A$4:$A$999\"),0),FALSE)-$D200)))))","v":""}]
["2014-09-30",0,0,0,0,0,0,0,0,0,0,0,0,0,0,0,0,0,0,0,0,0,0,0,0,0]

{"sheet":"Graph","index":4,"n_rows":396,"n_cols":4,"rows_kept":396,"cut":false,"hidden":false,"merged":[]}
[]
[null,"ID:","CedricGuerin"]
[null,"Mot-clé:","apéro SEO Rennes"]
[null,"Mode:","Detail"]
[]
[null,"2013-07-02",0]
[null,"2013-07-03",0]
[null,"2013-07-04",0]
[null,"2013-07-05","_"]
[null,"2013-07-06",0]
[null,"2013-07-07",0]
[null,"2013-07-08",0]
[null,"2013-07-09",0]
[null,"2013-07-10",0]
[null,"2013-07-11",0]
[null,"2013-07-12",0]
[null,"2013-07-13",0]
[null,"2013-07-14",0]
[null,"2013-07-15",0]
[null,"2013-07-16",0]
[null,"2013-07-17",0]
[null,"2013-07-18",0]
[null,"2013-07-19",0]
[null,"2013-07-20",0]
[null,"2013-07-21",0]
[null,"2013-07-22",0]
[null,"2013-07-23",0]
[null,"2013-07-24",0]
[null,"2013-07-25",0]
[null,"2013-07-26",0]
[null,"2013-07-27",0]
[null,"2013-07-28",0]
[null,"2013-07-29",0]
[null,"2013-07-30",0]
[null,"2013-07-31",0]
[null,"2013-08-18",0]
[null,"2013-08-19",0]
[null,"2013-08-20",0]
[null,"2013-08-21",0]
[null,"2013-08-22",0]
[null,"2013-08-23",0]
[null,"2013-08-24",0]
[null,"2013-08-25",0]
[null,"2013-08-26",0]
[null,"2013-08-27",0]
[null,"2013-08-28",0]
[null,"2013-08-29",0]
[null,"2013-08-30",0]
[null,"2013-08-31",0]
[null,"2013-09-01",0]
[null,"2013-09-03",0]
[null,"2013-09-04",0]
[null,"2013-09-05",0]
[null,"2013-09-06",0]
[null,"2013-09-07",0]
[null,"2013-09-08",0]
[null,"2013-09-09",0]
[null,"2013-09-10",0]
[null,"2013-09-11",0]
[null,"2013-09-12",0]
[null,"2013-09-13",0]
[null,"2013-09-14",0]
[null,"2013-09-15",0]
[null,"2013-09-16",0]
[null,"2013-09-17",0]
[null,"2013-09-18",0]
[null,"2013-09-19",0]
[null,"2013-09-20",0]
[null,"2013-09-21",0]
[null,"2013-09-22",0]
[null,"2013-09-23",0]
[null,"2013-09-24",0]
[null,"2013-09-25",0]
[null,"2013-09-26",0]
[null,"2013-09-27",0]
[null,"2013-09-28",0]
[null,"2013-09-29",0]
[null,"2013-09-30",0]
[null,"2013-10-01",0]
[null,"2013-10-03",0]
[null,"2013-10-04",0]
[null,"2013-10-05",0]
[null,"2013-10-07",0]
[null,"2013-10-08",0]
[null,"2013-10-09",0]
[null,"2013-10-10",0]
[null,"2013-10-11",0]
[null,"2013-10-12",0]
[null,"2013-10-13",0]
[null,"2013-10-14",0]
[null,"2013-10-15",0]
[null,"2013-10-16",0]
[null,"2013-10-17",0]
[null,"2013-10-18",0]
[null,"2013-10-19",0]
[null,"2013-10-20",0]
[null,"2013-10-21",0]
[null,"2013-10-22",0]
[null,"2013-10-23",0]
[null,"2013-10-24",0]
[null,"2013-10-25",0]
[null,"2013-10-26",0]
[null,"2013-10-27",0]
[null,"2013-10-28",0]
[null,"2013-10-29",0]
[null,"2013-10-30",0,0]
[null,"2013-10-31",0,0]
[null,"2013-11-01",0,0]
[null,"2013-11-03",0,0]
[null,"2013-11-04",0,0]
[null,"2013-11-05",0,0]
[null,"2013-11-06",0,0]
[null,"2013-11-07",0,0]
[null,"2013-11-10",0,0]
[null,"2013-11-11",0,0]
[null,"2013-11-12",0,0]
[null,"2013-11-13",0,0]
[null,"2013-11-14",0,0]
[null,"2013-11-15",0,0]
[null,"2013-11-16",0,0]
[null,"2013-11-18",0,0]
[null,"2013-11-19",0,0]
[null,"2013-11-20",0,0]
[null,"2013-11-21",0,0]
[null,"2013-11-22",0,0]
[null,"2013-11-23",0,0]
[null,"2013-11-24",0,0]
[null,"2013-11-25",0,0]
[null,"2013-11-26",0,0]
[null,"2013-11-27",0,0]
[null,"2013-11-28",0,0]
[null,"2013-11-29",0,0]
[null,"2013-11-30",0,0]
[null,"2013-12-01",0,0]
[null,"2013-12-02",0,0]
[null,"2013-12-03",0,0]
[null,"2013-12-04",0,0]
[null,"2013-12-05",0,0]
[null,"2013-12-06",0,0]
[null,"2013-12-07",0,0]
[null,"2013-12-08",0,0]
[null,"2013-12-09",0,0]
[null,"2013-12-10",0,0]
[null,"2013-12-11",0,0]
[null,"2013-12-12",0,0]
[null,"2013-12-13",0,0]
[null,"2013-12-14",0,0]
[null,"2013-12-15",0,0]
[null,"2013-12-16",0,0]
[null,"2013-12-17",0,0]
[null,"2013-12-18",0,0]
[null,"2013-12-19",0,0]
[null,"2013-12-20",0,0]
[null,"2013-12-21",0,0]
[null,"2013-12-22",0,0]
[null,"2013-12-24",0,0]
[null,"2013-12-25",0,0]
[null,"2013-12-26",0,0]
[null,"2013-12-27",0,0]
[null,"2013-12-28",0,0]
[null,"2013-12-29",0,0]
[null,"2013-12-30",0,0]
[null,"2013-12-31",0,0]
[null,"2014-01-01",0,0]
[null,"2014-01-02",0,0]
[null,"2014-01-03",0,0]
[null,"2014-01-04",0,0]
[null,"2014-01-06",0,0]
[null,"2014-01-07",0,0]
[null,"2014-01-08",0,0]
[null,"2014-01-09",0,0]
[null,"2014-01-10",0,0]
[null,"2014-01-11",0,0]
[null,"2014-01-12",0,0]
[null,"2014-01-13",0,0]
[null,"2014-01-14",0,0]
[null,"2014-01-15",0,0]
[null,"2014-01-16",0,0]
[null,"2014-01-17",0,0]
[null,"2014-01-18",0,0]
[null,"2014-01-19",0,0]
[null,"2014-01-20",0,0]
[null,"2014-01-21",0,0]
[null,"2014-01-22",0,0]
[null,"2014-01-23",0,0]
[null,"2014-01-24",0,0]
[null,"2014-01-25",0,0]
[null,"2014-01-26",0,0]
[null,"2014-01-27",0,0]
[null,"2014-01-28",0,0]
[null,"2014-01-29",0,0]
[null,"2014-01-30",0,0]
[null,"2014-01-31",0,0]
[null,"2014-02-02",0,0]
[null,"2014-02-03",0,0]
[null,"2014-02-04",0,0]
[null,"2014-02-05",0,0]
[null,"2014-02-06",0,0]
[null,"2014-02-07",0,0]
[null,"2014-02-08",0,0]
[null,"2014-02-09",0,0]
[null,"2014-02-10",0,0]
[null,"2014-02-11",0,0]
[null,"2014-02-12",0,0]
[null,"2014-02-13",0,0]
[null,"2014-02-14",0,0]
[null,"2014-02-15",0,0]
[null,"2014-02-16",0,0]
[null,"2014-02-17",0,0]
[null,"2014-02-18",0,0]
[null,"2014-02-19",0,0]
[null,"2014-02-20",0,0]
[null,"2014-02-21",0,0]
[null,"2014-02-22",0,0]
[null,"2014-02-23",0,0]
[null,"2014-02-24",0,0]
[null,"2014-02-25",0,0]
[null,"2014-02-26",0,0]
[null,"2014-02-27",0,0]
[null,"2014-02-28",0,0]
[null,"2014-03-01",0,0]
[null,"2014-03-03",0,0]
[null,"2014-03-07",0,0]
[null,"2014-03-09",0,0]
[null,"2014-03-10",0,0]
[null,"2014-03-11",0,0]
[null,"2014-03-12",0,0]
[null,"2014-03-13",0,0]
[null,"2014-03-14",0,0]
[null,"2014-03-15",0,0]
[null,"2014-03-16",0,0]
[null,"2014-03-17",0,0]
[null,"2014-03-18",0,0]
[null,"2014-03-19",0,0]
[null,"2014-03-20",0,0]
[null,"2014-03-21",0,0]
[null,"2014-03-22",0,0]
[null,"2014-03-23",0,0]
[null,"2014-03-24",0,0]
[null,"2014-03-25",0,0]
[null,"2014-03-26",0,0]
[null,"2014-03-27",0,0]
[null,"2014-03-28",0,0]
[null,"2014-03-29",0,0]
[null,"2014-03-30",0,0]
[null,"2014-03-31",0,0]
[null,"2014-04-01",0,0]
[null,"2014-04-02",0,0]
[null,"2014-04-03",0,0]
[null,"2014-04-04",0,0]
[null,"2014-04-05",0,0]
[null,"2014-04-06",0,0]
[null,"2014-04-07",0,0]
[null,"2014-04-08",0,0]
[null,"2014-04-09",0,0]
[null,"2014-04-10",0,0]
[null,"2014-04-11",0,0]
[null,"2014-04-13",0,0]
[null,"2014-04-14",0,0]
[null,"2014-04-15",0,0]
[null,"2014-04-16",0,0]
[null,"2014-04-17",0,0]
[null,"2014-04-18",0,0]
[null,"2014-04-19",0,0]
[null,"2014-04-20",0,0]
[null,"2014-04-21",0,0]
[null,"2014-04-22",0,0]
[null,"2014-04-23",0,0]
[null,"2014-04-24",0,0]
[null,"2014-04-25",0,0]
[null,"2014-04-26",0,0]
[null,"2014-04-27",0,0]
[null,"2014-04-28",0,0]
[null,"2014-04-29",0,0]
[null,"2014-04-30",0,0]
[null,"2014-05-01",0,0]
[null,"2014-05-02",0,0]
[null,"2014-05-03",0,0]
[null,"2014-05-05",0,0]
[null,"2014-05-06",0,0]
[null,"2014-05-07",0,0]
[null,"2014-05-08",0,0]
[null,"2014-05-09",0,0]
[null,"2014-05-10",0,0]
[null,"2014-05-11",0,0]
[null,"2014-05-12",0,0]
[null,"2014-05-13",0,0]
[null,"2014-05-14",0,0]
[null,"2014-05-15",0,0]
[null,"2014-05-16",0,0]
[null,"2014-05-17",0,0]
[null,"2014-05-18",0,0]
[null,"2014-05-19",0,0]
[null,"2014-05-20",0,0]
[null,"2014-05-21",0,0]
[null,"2014-05-23",0,0]
[null,"2014-05-24",0,0]
[null,"2014-05-25",0,0]
[null,"2014-05-26",0,0]
[null,"2014-05-27",0,0]
[null,"2014-05-28",0,0]
[null,"2014-05-29",0,0]
[null,"2014-05-30",0,0]
[null,"2014-05-31",0,0]
[null,"2014-06-01",0,0]
[null,"2014-06-02",0,0]
[null,"2014-06-03"]
[null,"2014-06-04",0,0]
[null,"2014-06-05",0,0]
[null,"2014-06-06",0,0]
[null,"2014-06-07",0,0]
[null,"2014-06-08",0,0]
[null,"2014-06-09",0,0]
[null,"2014-06-10",0,0]
[null,"2014-06-11",0,0]
[null,"2014-06-12",0,0]
[null,"2014-06-13",0,0]
[null,"2014-06-14",0,0]
[null,"2014-06-15",0,0]
[null,"2014-06-16",0,0]
[null,"2014-06-17",0,0]
[null,"2014-06-18",0,0]
[null,"2014-06-19",0,0]
[null,"2014-06-20",0,0]
[null,"2014-06-21",0,0]
[null,"2014-06-22",0,0]
[null,"2014-06-23",0,0]
[null,"2014-06-24"]
[null,"2014-06-25",0,0]
[null,"2014-06-26",0,0]
[null,"2014-06-27",0,0]
[null,"2014-06-28",0,0]
[null,"2014-06-29",0,0]
[null,"2014-07-02",0,0]
[null,"2014-07-04",0,0]
[null,"2014-07-28",0,0]
[null,"2014-07-29",0,0]
[null,"2014-07-31",0,0]
[null,"2014-08-02",0,0]
[null,"2014-08-05",0,0]
[null,"2014-08-06",0,0]
[null,"2014-08-07",0,0]
[null,"2014-08-08",0,0]
[null,"2014-08-09",0,0]
[null,"2014-08-10",0,0]
[null,"2014-08-11",0,0]
[null,"2014-08-12",0,0]
[null,"2014-08-13",0,0]
[null,"2014-08-14",0,0]
[null,"2014-08-15",0,0]
[null,"2014-08-16",0,0]
[null,"2014-08-17",0,0]
[null,"2014-08-18",0,0]
[null,"2014-08-19",0,0]
[null,"2014-08-20",0,0]
[null,"2014-08-21",0,0]
[null,"2014-08-22",0,0]
[null,"2014-08-23",0,0]
[null,"2014-08-24",0,0]
[null,"2014-08-25",0,0]
[null,"2014-08-26",0,0]
[null,"2014-08-27",0,0]
[null,"2014-08-28",0,0]
[null,"2014-08-29",0,0]
[null,"2014-08-30",0,0]
[null,"2014-08-31",0,0]
[null,"2014-09-01",0,0]
[null,"2014-09-02",0,0]
[null,"2014-09-03",0,0]
[null,"2014-09-04",0,0]
[null,"2014-09-05",0,0]
[null,"2014-09-06",0,0]
[null,"2014-09-07",0,0]
[null,"2014-09-08",0,0]
[null,"2014-09-09",0,0]
[null,"2014-09-10",0,0]
[null,"2014-09-11",0,0]
[null,"2014-09-12",0,0]
[null,"2014-09-13",0,0]
[null,"2014-09-14",0,0]
[null,"2014-09-15",0,0]
[null,"2014-09-16",0,0]
[null,"2014-09-17",0,0]
[null,"2014-09-18",0,0]
[null,"2014-09-19",0,0]
[null,"2014-09-20",0,0]
[null,"2014-09-21",0,0]
[null,"2014-09-22",0,0]
[null,"2014-09-23",0,0]
[null,"2014-09-24",0,0]
[null,"2014-09-25",0,0]
[null,"2014-09-26",0,0]
[null,"2014-09-27",0,0]
[null,"2014-09-28",0,0]
[null,"2014-09-29",0,0]
[null,"2014-09-30",0,0]

{"sheet":"Table","index":5,"n_rows":464,"n_cols":3,"rows_kept":464,"cut":false,"hidden":false,"merged":[]}
["Mode","Sites",{"$f":"IF(INDIRECT(\"'|-\"&Graph!$C$2&\"'!A$\"&ROW()+5,TRUE)=0,\"\",INDIRECT(\"'|-\"&Graph!$C$2&\"'!A$\"&ROW()+5,TRUE))","v":"Keywords"}]
["Detail","CedricGuerin",{"$f":"IF(INDIRECT(\"'|-\"&Graph!$C$2&\"'!A$\"&ROW()+5,TRUE)=0,\"\",INDIRECT(\"'|-\"&Graph!$C$2&\"'!A$\"&ROW()+5,TRUE))","v":"Cédric Guérin"}]
["Trend","ApprendreExcel",{"$f":"IF(INDIRECT(\"'|-\"&Graph!$C$2&\"'!A$\"&ROW()+5,TRUE)=0,\"\",INDIRECT(\"'|-\"&Graph!$C$2&\"'!A$\"&ROW()+5,TRUE))","v":"apéro SEO Rennes"}]
[null,null,{"$f":"IF(INDIRECT(\"'|-\"&Graph!$C$2&\"'!A$\"&ROW()+5,TRUE)=0,\"\",INDIRECT(\"'|-\"&Graph!$C$2&\"'!A$\"&ROW()+5,TRUE))","v":"dromardennes"}]
[null,null,{"$f":"IF(INDIRECT(\"'|-\"&Graph!$C$2&\"'!A$\"&ROW()+5,TRUE)=0,\"\",INDIRECT(\"'|-\"&Graph!$C$2&\"'!A$\"&ROW()+5,TRUE))","v":""}]
[null,null,{"$f":"IF(INDIRECT(\"'|-\"&Graph!$C$2&\"'!A$\"&ROW()+5,TRUE)=0,\"\",INDIRECT(\"'|-\"&Graph!$C$2&\"'!A$\"&ROW()+5,TRUE))","v":""}]
[null,null,{"$f":"IF(INDIRECT(\"'|-\"&Graph!$C$2&\"'!A$\"&ROW()+5,TRUE)=0,\"\",INDIRECT(\"'|-\"&Graph!$C$2&\"'!A$\"&ROW()+5,TRUE))","v":""}]
[null,null,{"$f":"IF(INDIRECT(\"'|-\"&Graph!$C$2&\"'!A$\"&ROW()+5,TRUE)=0,\"\",INDIRECT(\"'|-\"&Graph!$C$2&\"'!A$\"&ROW()+5,TRUE))","v":""}]
[null,null,{"$f":"IF(INDIRECT(\"'|-\"&Graph!$C$2&\"'!A$\"&ROW()+5,TRUE)=0,\"\",INDIRECT(\"'|-\"&Graph!$C$2&\"'!A$\"&ROW()+5,TRUE))","v":""}]
[null,null,{"$f":"IF(INDIRECT(\"'|-\"&Graph!$C$2&\"'!A$\"&ROW()+5,TRUE)=0,\"\",INDIRECT(\"'|-\"&Graph!$C$2&\"'!A$\"&ROW()+5,TRUE))","v":""}]
[null,null,{"$f":"IF(INDIRECT(\"'|-\"&Graph!$C$2&\"'!A$\"&ROW()+5,TRUE)=0,\"\",INDIRECT(\"'|-\"&Graph!$C$2&\"'!A$\"&ROW()+5,TRUE))","v":""}]
[null,null,{"$f":"IF(INDIRECT(\"'|-\"&Graph!$C$2&\"'!A$\"&ROW()+5,TRUE)=0,\"\",INDIRECT(\"'|-\"&Graph!$C$2&\"'!A$\"&ROW()+5,TRUE))","v":""}]
[null,null,{"$f":"IF(INDIRECT(\"'|-\"&Graph!$C$2&\"'!A$\"&ROW()+5,TRUE)=0,\"\",INDIRECT(\"'|-\"&Graph!$C$2&\"'!A$\"&ROW()+5,TRUE))","v":""}]
[null,null,{"$f":"IF(INDIRECT(\"'|-\"&Graph!$C$2&\"'!A$\"&ROW()+5,TRUE)=0,\"\",INDIRECT(\"'|-\"&Graph!$C$2&\"'!A$\"&ROW()+5,TRUE))","v":""}]
[null,null,{"$f":"IF(INDIRECT(\"'|-\"&Graph!$C$2&\"'!A$\"&ROW()+5,TRUE)=0,\"\",INDIRECT(\"'|-\"&Graph!$C$2&\"'!A$\"&ROW()+5,TRUE))","v":""}]
[null,null,{"$f":"IF(INDIRECT(\"'|-\"&Graph!$C$2&\"'!A$\"&ROW()+5,TRUE)=0,\"\",INDIRECT(\"'|-\"&Graph!$C$2&\"'!A$\"&ROW()+5,TRUE))","v":""}]
[null,null,{"$f":"IF(INDIRECT(\"'|-\"&Graph!$C$2&\"'!A$\"&ROW()+5,TRUE)=0,\"\",INDIRECT(\"'|-\"&Graph!$C$2&\"'!A$\"&ROW()+5,TRUE))","v":""}]
[null,null,{"$f":"IF(INDIRECT(\"'|-\"&Graph!$C$2&\"'!A$\"&ROW()+5,TRUE)=0,\"\",INDIRECT(\"'|-\"&Graph!$C$2&\"'!A$\"&ROW()+5,TRUE))","v":""}]
[null,null,{"$f":"IF(INDIRECT(\"'|-\"&Graph!$C$2&\"'!A$\"&ROW()+5,TRUE)=0,\"\",INDIRECT(\"'|-\"&Graph!$C$2&\"'!A$\"&ROW()+5,TRUE))","v":""}]
[null,null,{"$f":"IF(INDIRECT(\"'|-\"&Graph!$C$2&\"'!A$\"&ROW()+5,TRUE)=0,\"\",INDIRECT(\"'|-\"&Graph!$C$2&\"'!A$\"&ROW()+5,TRUE))","v":""}]
[null,null,{"$f":"IF(INDIRECT(\"'|-\"&Graph!$C$2&\"'!A$\"&ROW()+5,TRUE)=0,\"\",INDIRECT(\"'|-\"&Graph!$C$2&\"'!A$\"&ROW()+5,TRUE))","v":""}]
[null,null,{"$f":"IF(INDIRECT(\"'|-\"&Graph!$C$2&\"'!A$\"&ROW()+5,TRUE)=0,\"\",INDIRECT(\"'|-\"&Graph!$C$2&\"'!A$\"&ROW()+5,TRUE))","v":""}]
[null,null,{"$f":"IF(INDIRECT(\"'|-\"&Graph!$C$2&\"'!A$\"&ROW()+5,TRUE)=0,\"\",INDIRECT(\"'|-\"&Graph!$C$2&\"'!A$\"&ROW()+5,TRUE))","v":""}]
[null,null,{"$f":"IF(INDIRECT(\"'|-\"&Graph!$C$2&\"'!A$\"&ROW()+5,TRUE)=0,\"\",INDIRECT(\"'|-\"&Graph!$C$2&\"'!A$\"&ROW()+5,TRUE))","v":""}]
[null,null,{"$f":"IF(INDIRECT(\"'|-\"&Graph!$C$2&\"'!A$\"&ROW()+5,TRUE)=0,\"\",INDIRECT(\"'|-\"&Graph!$C$2&\"'!A$\"&ROW()+5,TRUE))","v":""}]
[null,null,{"$f":"IF(INDIRECT(\"'|-\"&Graph!$C$2&\"'!A$\"&ROW()+5,TRUE)=0,\"\",INDIRECT(\"'|-\"&Graph!$C$2&\"'!A$\"&ROW()+5,TRUE))","v":""}]
[null,null,{"$f":"IF(INDIRECT(\"'|-\"&Graph!$C$2&\"'!A$\"&ROW()+5,TRUE)=0,\"\",INDIRECT(\"'|-\"&Graph!$C$2&\"'!A$\"&ROW()+5,TRUE))","v":""}]
[null,null,{"$f":"IF(INDIRECT(\"'|-\"&Graph!$C$2&\"'!A$\"&ROW()+5,TRUE)=0,\"\",INDIRECT(\"'|-\"&Graph!$C$2&\"'!A$\"&ROW()+5,TRUE))","v":""}]
[null,null,{"$f":"IF(INDIRECT(\"'|-\"&Graph!$C$2&\"'!A$\"&ROW()+5,TRUE)=0,\"\",INDIRECT(\"'|-\"&Graph!$C$2&\"'!A$\"&ROW()+5,TRUE))","v":""}]
[null,null,{"$f":"IF(INDIRECT(\"'|-\"&Graph!$C$2&\"'!A$\"&ROW()+5,TRUE)=0,\"\",INDIRECT(\"'|-\"&Graph!$C$2&\"'!A$\"&ROW()+5,TRUE))","v":""}]
[null,null,{"$f":"IF(INDIRECT(\"'|-\"&Graph!$C$2&\"'!A$\"&ROW()+5,TRUE)=0,\"\",INDIRECT(\"'|-\"&Graph!$C$2&\"'!A$\"&ROW()+5,TRUE))","v":""}]
[null,null,{"$f":"IF(INDIRECT(\"'|-\"&Graph!$C$2&\"'!A$\"&ROW()+5,TRUE)=0,\"\",INDIRECT(\"'|-\"&Graph!$C$2&\"'!A$\"&ROW()+5,TRUE))","v":""}]
[null,null,{"$f":"IF(INDIRECT(\"'|-\"&Graph!$C$2&\"'!A$\"&ROW()+5,TRUE)=0,\"\",INDIRECT(\"'|-\"&Graph!$C$2&\"'!A$\"&ROW()+5,TRUE))","v":""}]
[null,null,{"$f":"IF(INDIRECT(\"'|-\"&Graph!$C$2&\"'!A$\"&ROW()+5,TRUE)=0,\"\",INDIRECT(\"'|-\"&Graph!$C$2&\"'!A$\"&ROW()+5,TRUE))","v":""}]
[null,null,{"$f":"IF(INDIRECT(\"'|-\"&Graph!$C$2&\"'!A$\"&ROW()+5,TRUE)=0,\"\",INDIRECT(\"'|-\"&Graph!$C$2&\"'!A$\"&ROW()+5,TRUE))","v":""}]
[null,null,{"$f":"IF(INDIRECT(\"'|-\"&Graph!$C$2&\"'!A$\"&ROW()+5,TRUE)=0,\"\",INDIRECT(\"'|-\"&Graph!$C$2&\"'!A$\"&ROW()+5,TRUE))","v":""}]
[null,null,{"$f":"IF(INDIRECT(\"'|-\"&Graph!$C$2&\"'!A$\"&ROW()+5,TRUE)=0,\"\",INDIRECT(\"'|-\"&Graph!$C$2&\"'!A$\"&ROW()+5,TRUE))","v":""}]
[null,null,{"$f":"IF(INDIRECT(\"'|-\"&Graph!$C$2&\"'!A$\"&ROW()+5,TRUE)=0,\"\",INDIRECT(\"'|-\"&Graph!$C$2&\"'!A$\"&ROW()+5,TRUE))","v":""}]
[null,null,{"$f":"IF(INDIRECT(\"'|-\"&Graph!$C$2&\"'!A$\"&ROW()+5,TRUE)=0,\"\",INDIRECT(\"'|-\"&Graph!$C$2&\"'!A$\"&ROW()+5,TRUE))","v":""}]
[null,null,{"$f":"IF(INDIRECT(\"'|-\"&Graph!$C$2&\"'!A$\"&ROW()+5,TRUE)=0,\"\",INDIRECT(\"'|-\"&Graph!$C$2&\"'!A$\"&ROW()+5,TRUE))","v":""}]
[null,null,{"$f":"IF(INDIRECT(\"'|-\"&Graph!$C$2&\"'!A$\"&ROW()+5,TRUE)=0,\"\",INDIRECT(\"'|-\"&Graph!$C$2&\"'!A$\"&ROW()+5,TRUE))","v":""}]
[null,null,{"$f":"IF(INDIRECT(\"'|-\"&Graph!$C$2&\"'!A$\"&ROW()+5,TRUE)=0,\"\",INDIRECT(\"'|-\"&Graph!$C$2&\"'!A$\"&ROW()+5,TRUE))","v":""}]
[null,null,{"$f":"IF(INDIRECT(\"'|-\"&Graph!$C$2&\"'!A$\"&ROW()+5,TRUE)=0,\"\",INDIRECT(\"'|-\"&Graph!$C$2&\"'!A$\"&ROW()+5,TRUE))","v":""}]
[null,null,{"$f":"IF(INDIRECT(\"'|-\"&Graph!$C$2&\"'!A$\"&ROW()+5,TRUE)=0,\"\",INDIRECT(\"'|-\"&Graph!$C$2&\"'!A$\"&ROW()+5,TRUE))","v":""}]
[null,null,{"$f":"IF(INDIRECT(\"'|-\"&Graph!$C$2&\"'!A$\"&ROW()+5,TRUE)=0,\"\",INDIRECT(\"'|-\"&Graph!$C$2&\"'!A$\"&ROW()+5,TRUE))","v":""}]
[null,null,{"$f":"IF(INDIRECT(\"'|-\"&Graph!$C$2&\"'!A$\"&ROW()+5,TRUE)=0,\"\",INDIRECT(\"'|-\"&Graph!$C$2&\"'!A$\"&ROW()+5,TRUE))","v":""}]
[null,null,{"$f":"IF(INDIRECT(\"'|-\"&Graph!$C$2&\"'!A$\"&ROW()+5,TRUE)=0,\"\",INDIRECT(\"'|-\"&Graph!$C$2&\"'!A$\"&ROW()+5,TRUE))","v":""}]
[null,null,{"$f":"IF(INDIRECT(\"'|-\"&Graph!$C$2&\"'!A$\"&ROW()+5,TRUE)=0,\"\",INDIRECT(\"'|-\"&Graph!$C$2&\"'!A$\"&ROW()+5,TRUE))","v":""}]
[null,null,{"$f":"IF(INDIRECT(\"'|-\"&Graph!$C$2&\"'!A$\"&ROW()+5,TRUE)=0,\"\",INDIRECT(\"'|-\"&Graph!$C$2&\"'!A$\"&ROW()+5,TRUE))","v":""}]
[null,null,{"$f":"IF(INDIRECT(\"'|-\"&Graph!$C$2&\"'!A$\"&ROW()+5,TRUE)=0,\"\",INDIRECT(\"'|-\"&Graph!$C$2&\"'!A$\"&ROW()+5,TRUE))","v":""}]
[null,null,{"$f":"IF(INDIRECT(\"'|-\"&Graph!$C$2&\"'!A$\"&ROW()+5,TRUE)=0,\"\",INDIRECT(\"'|-\"&Graph!$C$2&\"'!A$\"&ROW()+5,TRUE))","v":""}]
[null,null,{"$f":"IF(INDIRECT(\"'|-\"&Graph!$C$2&\"'!A$\"&ROW()+5,TRUE)=0,\"\",INDIRECT(\"'|-\"&Graph!$C$2&\"'!A$\"&ROW()+5,TRUE))","v":""}]
[null,null,{"$f":"IF(INDIRECT(\"'|-\"&Graph!$C$2&\"'!A$\"&ROW()+5,TRUE)=0,\"\",INDIRECT(\"'|-\"&Graph!$C$2&\"'!A$\"&ROW()+5,TRUE))","v":""}]
[null,null,{"$f":"IF(INDIRECT(\"'|-\"&Graph!$C$2&\"'!A$\"&ROW()+5,TRUE)=0,\"\",INDIRECT(\"'|-\"&Graph!$C$2&\"'!A$\"&ROW()+5,TRUE))","v":""}]
[null,null,{"$f":"IF(INDIRECT(\"'|-\"&Graph!$C$2&\"'!A$\"&ROW()+5,TRUE)=0,\"\",INDIRECT(\"'|-\"&Graph!$C$2&\"'!A$\"&ROW()+5,TRUE))","v":""}]
[null,null,{"$f":"IF(INDIRECT(\"'|-\"&Graph!$C$2&\"'!A$\"&ROW()+5,TRUE)=0,\"\",INDIRECT(\"'|-\"&Graph!$C$2&\"'!A$\"&ROW()+5,TRUE))","v":""}]
[null,null,{"$f":"IF(INDIRECT(\"'|-\"&Graph!$C$2&\"'!A$\"&ROW()+5,TRUE)=0,\"\",INDIRECT(\"'|-\"&Graph!$C$2&\"'!A$\"&ROW()+5,TRUE))","v":""}]
[null,null,{"$f":"IF(INDIRECT(\"'|-\"&Graph!$C$2&\"'!A$\"&ROW()+5,TRUE)=0,\"\",INDIRECT(\"'|-\"&Graph!$C$2&\"'!A$\"&ROW()+5,TRUE))","v":""}]
[null,null,{"$f":"IF(INDIRECT(\"'|-\"&Graph!$C$2&\"'!A$\"&ROW()+5,TRUE)=0,\"\",INDIRECT(\"'|-\"&Graph!$C$2&\"'!A$\"&ROW()+5,TRUE))","v":""}]
[null,null,{"$f":"IF(INDIRECT(\"'|-\"&Graph!$C$2&\"'!A$\"&ROW()+5,TRUE)=0,\"\",INDIRECT(\"'|-\"&Graph!$C$2&\"'!A$\"&ROW()+5,TRUE))","v":""}]
[null,null,{"$f":"IF(INDIRECT(\"'|-\"&Graph!$C$2&\"'!A$\"&ROW()+5,TRUE)=0,\"\",INDIRECT(\"'|-\"&Graph!$C$2&\"'!A$\"&ROW()+5,TRUE))","v":""}]
[null,null,{"$f":"IF(INDIRECT(\"'|-\"&Graph!$C$2&\"'!A$\"&ROW()+5,TRUE)=0,\"\",INDIRECT(\"'|-\"&Graph!$C$2&\"'!A$\"&ROW()+5,TRUE))","v":""}]
[null,null,{"$f":"IF(INDIRECT(\"'|-\"&Graph!$C$2&\"'!A$\"&ROW()+5,TRUE)=0,\"\",INDIRECT(\"'|-\"&Graph!$C$2&\"'!A$\"&ROW()+5,TRUE))","v":""}]
[null,null,{"$f":"IF(INDIRECT(\"'|-\"&Graph!$C$2&\"'!A$\"&ROW()+5,TRUE)=0,\"\",INDIRECT(\"'|-\"&Graph!$C$2&\"'!A$\"&ROW()+5,TRUE))","v":""}]
[null,null,{"$f":"IF(INDIRECT(\"'|-\"&Graph!$C$2&\"'!A$\"&ROW()+5,TRUE)=0,\"\",INDIRECT(\"'|-\"&Graph!$C$2&\"'!A$\"&ROW()+5,TRUE))","v":""}]
[null,null,{"$f":"IF(INDIRECT(\"'|-\"&Graph!$C$2&\"'!A$\"&ROW()+5,TRUE)=0,\"\",INDIRECT(\"'|-\"&Graph!$C$2&\"'!A$\"&ROW()+5,TRUE))","v":""}]
[null,null,{"$f":"IF(INDIRECT(\"'|-\"&Graph!$C$2&\"'!A$\"&ROW()+5,TRUE)=0,\"\",INDIRECT(\"'|-\"&Graph!$C$2&\"'!A$\"&ROW()+5,TRUE))","v":""}]
[null,null,{"$f":"IF(INDIRECT(\"'|-\"&Graph!$C$2&\"'!A$\"&ROW()+5,TRUE)=0,\"\",INDIRECT(\"'|-\"&Graph!$C$2&\"'!A$\"&ROW()+5,TRUE))","v":""}]
[null,null,{"$f":"IF(INDIRECT(\"'|-\"&Graph!$C$2&\"'!A$\"&ROW()+5,TRUE)=0,\"\",INDIRECT(\"'|-\"&Graph!$C$2&\"'!A$\"&ROW()+5,TRUE))","v":""}]
[null,null,{"$f":"IF(INDIRECT(\"'|-\"&Graph!$C$2&\"'!A$\"&ROW()+5,TRUE)=0,\"\",INDIRECT(\"'|-\"&Graph!$C$2&\"'!A$\"&ROW()+5,TRUE))","v":""}]
[null,null,{"$f":"IF(INDIRECT(\"'|-\"&Graph!$C$2&\"'!A$\"&ROW()+5,TRUE)=0,\"\",INDIRECT(\"'|-\"&Graph!$C$2&\"'!A$\"&ROW()+5,TRUE))","v":""}]
[null,null,{"$f":"IF(INDIRECT(\"'|-\"&Graph!$C$2&\"'!A$\"&ROW()+5,TRUE)=0,\"\",INDIRECT(\"'|-\"&Graph!$C$2&\"'!A$\"&ROW()+5,TRUE))","v":""}]
[null,null,{"$f":"IF(INDIRECT(\"'|-\"&Graph!$C$2&\"'!A$\"&ROW()+5,TRUE)=0,\"\",INDIRECT(\"'|-\"&Graph!$C$2&\"'!A$\"&ROW()+5,TRUE))","v":""}]
[null,null,{"$f":"IF(INDIRECT(\"'|-\"&Graph!$C$2&\"'!A$\"&ROW()+5,TRUE)=0,\"\",INDIRECT(\"'|-\"&Graph!$C$2&\"'!A$\"&ROW()+5,TRUE))","v":""}]
[null,null,{"$f":"IF(INDIRECT(\"'|-\"&Graph!$C$2&\"'!A$\"&ROW()+5,TRUE)=0,\"\",INDIRECT(\"'|-\"&Graph!$C$2&\"'!A$\"&ROW()+5,TRUE))","v":""}]
[null,null,{"$f":"IF(INDIRECT(\"'|-\"&Graph!$C$2&\"'!A$\"&ROW()+5,TRUE)=0,\"\",INDIRECT(\"'|-\"&Graph!$C$2&\"'!A$\"&ROW()+5,TRUE))","v":""}]
[null,null,{"$f":"IF(INDIRECT(\"'|-\"&Graph!$C$2&\"'!A$\"&ROW()+5,TRUE)=0,\"\",INDIRECT(\"'|-\"&Graph!$C$2&\"'!A$\"&ROW()+5,TRUE))","v":""}]
[null,null,{"$f":"IF(INDIRECT(\"'|-\"&Graph!$C$2&\"'!A$\"&ROW()+5,TRUE)=0,\"\",INDIRECT(\"'|-\"&Graph!$C$2&\"'!A$\"&ROW()+5,TRUE))","v":""}]
[null,null,{"$f":"IF(INDIRECT(\"'|-\"&Graph!$C$2&\"'!A$\"&ROW()+5,TRUE)=0,\"\",INDIRECT(\"'|-\"&Graph!$C$2&\"'!A$\"&ROW()+5,TRUE))","v":""}]
[null,null,{"$f":"IF(INDIRECT(\"'|-\"&Graph!$C$2&\"'!A$\"&ROW()+5,TRUE)=0,\"\",INDIRECT(\"'|-\"&Graph!$C$2&\"'!A$\"&ROW()+5,TRUE))","v":""}]
[null,null,{"$f":"IF(INDIRECT(\"'|-\"&Graph!$C$2&\"'!A$\"&ROW()+5,TRUE)=0,\"\",INDIRECT(\"'|-\"&Graph!$C$2&\"'!A$\"&ROW()+5,TRUE))","v":""}]
[null,null,{"$f":"IF(INDIRECT(\"'|-\"&Graph!$C$2&\"'!A$\"&ROW()+5,TRUE)=0,\"\",INDIRECT(\"'|-\"&Graph!$C$2&\"'!A$\"&ROW()+5,TRUE))","v":""}]
[null,null,{"$f":"IF(INDIRECT(\"'|-\"&Graph!$C$2&\"'!A$\"&ROW()+5,TRUE)=0,\"\",INDIRECT(\"'|-\"&Graph!$C$2&\"'!A$\"&ROW()+5,TRUE))","v":""}]
[null,null,{"$f":"IF(INDIRECT(\"'|-\"&Graph!$C$2&\"'!A$\"&ROW()+5,TRUE)=0,\"\",INDIRECT(\"'|-\"&Graph!$C$2&\"'!A$\"&ROW()+5,TRUE))","v":""}]
[null,null,{"$f":"IF(INDIRECT(\"'|-\"&Graph!$C$2&\"'!A$\"&ROW()+5,TRUE)=0,\"\",INDIRECT(\"'|-\"&Graph!$C$2&\"'!A$\"&ROW()+5,TRUE))","v":""}]
[null,null,{"$f":"IF(INDIRECT(\"'|-\"&Graph!$C$2&\"'!A$\"&ROW()+5,TRUE)=0,\"\",INDIRECT(\"'|-\"&Graph!$C$2&\"'!A$\"&ROW()+5,TRUE))","v":""}]
[null,null,{"$f":"IF(INDIRECT(\"'|-\"&Graph!$C$2&\"'!A$\"&ROW()+5,TRUE)=0,\"\",INDIRECT(\"'|-\"&Graph!$C$2&\"'!A$\"&ROW()+5,TRUE))","v":""}]
[null,null,{"$f":"IF(INDIRECT(\"'|-\"&Graph!$C$2&\"'!A$\"&ROW()+5,TRUE)=0,\"\",INDIRECT(\"'|-\"&Graph!$C$2&\"'!A$\"&ROW()+5,TRUE))","v":""}]
[null,null,{"$f":"IF(INDIRECT(\"'|-\"&Graph!$C$2&\"'!A$\"&ROW()+5,TRUE)=0,\"\",INDIRECT(\"'|-\"&Graph!$C$2&\"'!A$\"&ROW()+5,TRUE))","v":""}]
[null,null,{"$f":"IF(INDIRECT(\"'|-\"&Graph!$C$2&\"'!A$\"&ROW()+5,TRUE)=0,\"\",INDIRECT(\"'|-\"&Graph!$C$2&\"'!A$\"&ROW()+5,TRUE))","v":""}]
[null,null,{"$f":"IF(INDIRECT(\"'|-\"&Graph!$C$2&\"'!A$\"&ROW()+5,TRUE)=0,\"\",INDIRECT(\"'|-\"&Graph!$C$2&\"'!A$\"&ROW()+5,TRUE))","v":""}]
[null,null,{"$f":"IF(INDIRECT(\"'|-\"&Graph!$C$2&\"'!A$\"&ROW()+5,TRUE)=0,\"\",INDIRECT(\"'|-\"&Graph!$C$2&\"'!A$\"&ROW()+5,TRUE))","v":""}]
[null,null,{"$f":"IF(INDIRECT(\"'|-\"&Graph!$C$2&\"'!A$\"&ROW()+5,TRUE)=0,\"\",INDIRECT(\"'|-\"&Graph!$C$2&\"'!A$\"&ROW()+5,TRUE))","v":""}]
[null,null,{"$f":"IF(INDIRECT(\"'|-\"&Graph!$C$2&\"'!A$\"&ROW()+5,TRUE)=0,\"\",INDIRECT(\"'|-\"&Graph!$C$2&\"'!A$\"&ROW()+5,TRUE))","v":""}]
[null,null,{"$f":"IF(INDIRECT(\"'|-\"&Graph!$C$2&\"'!A$\"&ROW()+5,TRUE)=0,\"\",INDIRECT(\"'|-\"&Graph!$C$2&\"'!A$\"&ROW()+5,TRUE))","v":""}]
[null,null,{"$f":"IF(INDIRECT(\"'|-\"&Graph!$C$2&\"'!A$\"&ROW()+5,TRUE)=0,\"\",INDIRECT(\"'|-\"&Graph!$C$2&\"'!A$\"&ROW()+5,TRUE))","v":""}]
[null,null,{"$f":"IF(INDIRECT(\"'|-\"&Graph!$C$2&\"'!A$\"&ROW()+5,TRUE)=0,\"\",INDIRECT(\"'|-\"&Graph!$C$2&\"'!A$\"&ROW()+5,TRUE))","v":""}]
[null,null,{"$f":"IF(INDIRECT(\"'|-\"&Graph!$C$2&\"'!A$\"&ROW()+5,TRUE)=0,\"\",INDIRECT(\"'|-\"&Graph!$C$2&\"'!A$\"&ROW()+5,TRUE))","v":""}]
[null,null,{"$f":"IF(INDIRECT(\"'|-\"&Graph!$C$2&\"'!A$\"&ROW()+5,TRUE)=0,\"\",INDIRECT(\"'|-\"&Graph!$C$2&\"'!A$\"&ROW()+5,TRUE))","v":""}]
[null,null,{"$f":"IF(INDIRECT(\"'|-\"&Graph!$C$2&\"'!A$\"&ROW()+5,TRUE)=0,\"\",INDIRECT(\"'|-\"&Graph!$C$2&\"'!A$\"&ROW()+5,TRUE))","v":""}]
["2013-07-03",0,0]
["2013-07-04",0,0]
["2013-07-05",0,0]
["2013-07-06",0,0]
["2013-07-08",0,0]
["2013-07-09",0,0]
["2013-07-10",0,0]
["2013-07-11",0,0]
["2013-07-12",0,0]
["2013-07-13",0]
["2013-07-14",0,0]
["2013-07-15",0,0]
["2013-07-16",0,0]
["2013-07-17",0,0]
["2013-07-18",0,0]
["2013-07-19",0,0]
["2013-07-20",0,0]
["2013-07-21",0,0]
["2013-07-22",0,0]
["2013-07-23",0,0]
["2013-07-24",0,0]
["2013-07-25",0,0]
["2013-07-26",0,0]
["2013-07-27",0,0]
["2013-07-28",0,0]
["2013-07-29",0,0]
["2013-07-30",0,0]
["2013-07-31",0,0]
["2013-08-19",0,0]
["2013-08-20",0,0]
["2013-08-21",0,0]
["2013-08-22",0,0]
["2013-08-23",0,0]
["2013-08-24",0,0]
["2013-08-25",0,0]
["2013-08-26",0,0]
["2013-08-27",0,0]
["2013-08-28",0,0]
["2013-08-29",0,0]
["2013-08-30",0,0]
["2013-08-31",0,0]
["2013-09-01",0,0]
["2013-09-03",0,0]
["2013-09-04",0,0]
["2013-09-05",0,0]
["2013-09-06",0,0]
["2013-09-07",0,0]
["2013-09-08",0,0]
["2013-09-09",0,0]
["2013-09-10",0,0]
["2013-09-11",0,0]
["2013-09-12",0,0]
["2013-09-13",0,0]
["2013-09-14",0,0]
["2013-09-15",0,0]
["2013-09-16",0,0]
["2013-09-17",0,0]
["2013-09-18",0,0]
["2013-09-20",0,0]
["2013-09-21",0,0]
["2013-09-22",0,0]
["2013-09-23",0,0]
["2013-09-24",0,0]
["2013-09-25",0,0]
["2013-09-26",0,0]
["2013-09-28",0,0]
["2013-09-29",0,0]
["2013-09-30",0,0]
["2013-10-01",0,0]
["2013-10-03",0,0]
["2013-10-04",0,0]
["2013-10-05",0,0]
["2013-10-07",0,0]
["2013-10-08",0,0]
["2013-10-09",0,0]
["2013-10-10",0,0]
["2013-10-11",0,0]
["2013-10-12",0,0]
["2013-10-13",0,0]
["2013-10-14",0,0]
["2013-10-15",0,0]
["2013-10-16",0,0]
["2013-10-17",0,0]
["2013-10-18",0,0]
["2013-10-19",0,0]
["2013-10-20",0,0]
["2013-10-22",0,0]
["2013-10-23",0,0]
["2013-10-24",0,0]
["2013-10-25",0,0]
["2013-10-26",0,0]
["2013-10-27",0,0]
["2013-10-28",0,0]
["2013-10-29",0,0]
["2013-10-30",0,0]
["2013-10-31",0,0]
["2013-11-01",0,0]
["2013-11-03",0,0]
["2013-11-04",0,0]
["2013-11-05",0,0]
["2013-11-06",0,0]
["2013-11-07",0,0]
["2013-11-10",0,0]
["2013-11-11",0,0]
["2013-11-12",0,0]
["2013-11-13",0,0]
["2013-11-15",0,0]
["2013-11-16",0,0]
["2013-11-18",0,0]
["2013-11-19",0,0]
["2013-11-20",0,0]
["2013-11-21",0,0]
["2013-11-22",0,0]
["2013-11-23",0,0]
["2013-11-24",0,0]
["2013-11-25",0,0]
["2013-11-26",0,0]
["2013-11-27",0,0]
["2013-11-28",0,0]
["2013-11-29",0,0]
["2013-11-30",0,0]
["2013-12-01",0,0]
["2013-12-02",0,0]
["2013-12-03",0,0]
["2013-12-04",0,0]
["2013-12-05",0,0]
["2013-12-06",0,0]
["2013-12-07",0,0]
["2013-12-08",0,0]
["2013-12-09",0,0]
["2013-12-10",0,0]
["2013-12-11",0,0]
["2013-12-12",0,0]
["2013-12-13",0,0]
["2013-12-14",0,0]
["2013-12-15",0,0]
["2013-12-16",0,0]
["2013-12-17",0,0]
["2013-12-18",0,0]
["2013-12-19",0,0]
["2013-12-20",0,0]
["2013-12-21",0,0]
["2013-12-22",0,0]
["2013-12-24",0,0]
["2013-12-25",0,0]
["2013-12-26",0,0]
["2013-12-27",0,0]
["2013-12-28",0,0]
["2013-12-29",0,0]
["2013-12-30",0,0]
["2014-01-01",0,0]
["2014-01-02",0,0]
["2014-01-03",0,0]
["2014-01-04",0,0]
["2014-01-06",0,0]
["2014-01-07",0,0]
["2014-01-08",0,0]
["2014-01-09",0,0]
["2014-01-10",0,0]
["2014-01-11",0,0]
["2014-01-12",0,0]
["2014-01-13",0,0]
["2014-01-14",0,0]
["2014-01-15",0,0]
["2014-01-16",0,0]
["2014-01-17",0,0]
["2014-01-19",0,0]
["2014-01-20",0,0]
["2014-01-21",0,0]
["2014-01-22",0,0]
["2014-01-23",0,0]
["2014-01-24",0,0]
["2014-01-25",0,0]
["2014-01-26",0,0]
["2014-01-27",0,0]
["2014-01-28",0,0]
["2014-01-29",0,0]
["2014-01-30",0,0]
["2014-01-31",0,0]
["2014-02-02",0,0]
["2014-02-04",0,0]
["2014-02-05",0,0]
["2014-02-06",0,0]
["2014-02-07",0,0]
["2014-02-08",0,0]
["2014-02-10",0,0]
["2014-02-11",0,0]
["2014-02-12",0,0]
["2014-02-13",0,0]
["2014-02-14",0,0]
["2014-02-15",0,0]
["2014-02-16",0,0]
["2014-02-17",0,0]
["2014-02-18",0,0]
["2014-02-19",0,0]
["2014-02-20",0,0]
["2014-02-21",0,0]
["2014-02-22",0,0]
["2014-02-23",0,0]
["2014-02-24",0,0]
["2014-02-25",0,0]
["2014-02-26",0,0]
["2014-02-27",0,0]
["2014-02-28",0,0]
["2014-03-09",0,0]
["2014-03-10",0,0]
["2014-03-11",0,0]
["2014-03-12",0,0]
["2014-03-13",0,0]
["2014-03-15",0,0]
["2014-03-16",0,0]
["2014-03-17",0,0]
["2014-03-18",0,0]
["2014-03-19",0,0]
["2014-03-20",0,0]
["2014-03-21",0,0]
["2014-03-22",0,0]
["2014-03-23",0,0]
["2014-03-24",0,0]
["2014-03-25",0,0]
["2014-03-26",0,0]
["2014-03-27",0,0]
["2014-03-28",0,0]
["2014-03-29",0,0]
["2014-03-30",0,0]
["2014-03-31",0,0]
["2014-04-01",0,0]
["2014-04-02",0,0]
["2014-04-04",0,0]
["2014-04-05",0,0]
["2014-04-06",0,0]
["2014-04-07",0,0]
["2014-04-08",0,0]
["2014-04-09",0,0]
["2014-04-10",0,0]
["2014-04-11",0,0]
["2014-04-13",0,0]
["2014-04-14",0,0]
["2014-04-15",0,0]
["2014-04-16",0,0]
["2014-04-17",0,0]
["2014-04-18",0,0]
["2014-04-19",0,0]
["2014-04-20",0,0]
["2014-04-21",0,0]
["2014-04-22",0,0]
["2014-04-23",0,0]
["2014-04-24",0,0]
["2014-04-25",0,0]
["2014-04-26",0,0]
["2014-04-27",0,0]
["2014-04-29",0,0]
["2014-05-01",0,0]
["2014-05-02",0,0]
["2014-05-03",0,0]
["2014-05-05",0,0]
["2014-05-08",0,0]
["2014-05-09",0,0]
["2014-05-10",0,0]
["2014-05-11",0,0]
["2014-05-12",0,0]
["2014-05-13",0,0]
["2014-05-14",0,0]
["2014-05-15",0,0]
["2014-05-17",0,0]
["2014-05-18",0,0]
["2014-05-19",0,0]
["2014-05-20",0,0]
["2014-05-21",0,0]
["2014-05-23",0,0]
["2014-05-24",0,0]
["2014-05-25",0,0]
["2014-05-26",0,0]
["2014-05-28",0,0]
["2014-05-29",0,0]
["2014-05-30",0,0]
["2014-05-31",0,0]
["2014-06-01",0,0]
["2014-06-02",0,0]
["2014-06-05",0,0]
["2014-06-06",0,0]
["2014-06-07",0,0]
["2014-06-08",0,0]
["2014-06-09",0,0]
["2014-06-10",0,0]
["2014-06-11",0,0]
["2014-06-12",0,0]
["2014-06-13",0,0]
["2014-06-14",0,0]
["2014-06-15",0,0]
["2014-06-17",0,0]
["2014-06-18",0,0]
["2014-06-19",0,0]
["2014-06-20",0,0]
["2014-06-22",0,0]
["2014-06-23",0,0]
["2014-06-25",0,0]
["2014-06-26",0,0]
["2014-06-27",0,0]
["2014-06-28",0,0]
["2014-06-29",0,0]
["2014-07-02",0,0]
["2014-07-04",0,0]
["2014-07-28",0,0]
["2014-07-29",0,0]
["2014-07-31",0,0]
["2014-08-02",0,0]
["2014-08-05",0,0]
["2014-08-06",0,0]
["2014-08-07",0,0]
["2014-08-08",0,0]
["2014-08-09",0,0]
["2014-08-10",0,0]
["2014-08-11",0,0]
["2014-08-12",0,0]
["2014-08-13",0,0]
["2014-08-14",0,0]
["2014-08-15",0,0]
["2014-08-16",0,0]
["2014-08-17",0,0]
["2014-08-18",0,0]
["2014-08-19",0,0]
["2014-08-20",0,0]
["2014-08-21",0,0]
["2014-08-22",0,0]
["2014-08-23",0,0]
["2014-08-24",0,0]
["2014-08-25",0,0]
["2014-08-26",0,0]
["2014-08-27",0,0]
["2014-08-28",0,0]
["2014-08-29",0,0]
["2014-08-30",0,0]
["2014-08-31",0,0]
["2014-09-01",0,0]
["2014-09-02",0,0]
["2014-09-03",0,0]
["2014-09-04",0,0]
["2014-09-05",0,0]
["2014-09-06",0,0]
["2014-09-07",0,0]
["2014-09-08",0,0]
["2014-09-09",0,0]
["2014-09-10",0,0]
["2014-09-11",0,0]
["2014-09-12",0,0]
["2014-09-13",0,0]
["2014-09-14",0,0]
["2014-09-15",0,0]
["2014-09-16",0,0]
["2014-09-17",0,0]
["2014-09-18",0,0]
["2014-09-19",0,0]
["2014-09-20",0,0]
["2014-09-21",0,0]
["2014-09-22",0,0]
["2014-09-23",0,0]
["2014-09-24",0,0]
["2014-09-25",0,0]
["2014-09-26",0,0]
["2014-09-27",0,0]
["2014-09-28",0,0]
["2014-09-29",0,0]
["2014-09-30",0,0]

{"sheet":"data-graph","index":6,"n_rows":370,"n_cols":185,"rows_kept":370,"cut":false,"hidden":true,"merged":[]}
[]
["Positions",{"$f":"C2-1","v":"2014-08-02"},"2014-08-03","2014-08-04","2014-08-05","2014-08-06","2014-08-07","2014-08-08","2014-08-09","2014-08-10","2014-08-11","2014-08-12","2014-08-13","2014-08-14","2014-08-15","2014-08-16","2014-08-17","2014-08-18","2014-08-19","2014-08-20","2014-08-21","2014-08-22","2014-08-23","2014-08-24","2014-08-25","2014-08-26","2014-08-27","2014-08-28","2014-08-29","2014-08-30","2014-08-31","2014-09-01","2014-09-02","2014-09-03","2014-09-04","2014-09-05","2014-09-06","2014-09-07","2014-09-08","2014-09-09","2014-09-10","2014-09-11","2014-09-12","2014-09-13","2014-09-14","2014-09-15","2014-09-16","2014-09-17","2014-09-18","2014-09-19","2014-09-20","2014-09-21","2014-09-22","2014-09-23","2014-09-24","2014-09-25","2014-09-26","2014-09-27","2014-09-28",{"$f":"BI2-1","v":"2014-09-29"},{"$f":"TODAY()","v":"2014-09-30"}]
[{"$f":"Graph!C3","v":"apéro SEO Rennes"},{"$f":"IF(INDEX(INDIRECT(Graph!$C$2&\"!$1:$99999\",TRUE),MATCH(B$2,INDIRECT(Graph!$C$2&\"!$A:$A\",TRUE),0),MATCH($A3,INDIRECT(Graph!$C$2&\"!$4:$4\",TRUE),0))=0,\"\",INDEX(INDIRECT(Graph!$C$2&\"!$1:$99999\",TRUE),MATCH(B$2,INDIRECT(Graph!$C$2&\"!$A:$A\",TRUE),0),MATCH($A3,INDIRECT(Graph!$C$2&\"!$4:$4\",TRUE),0)))","v":{"$error":"#N/A"}},{"$f":"IF(INDEX(INDIRECT(Graph!$C$2&\"!$1:$99999\",TRUE),MATCH(C$2,INDIRECT(Graph!$C$2&\"!$A:$A\",TRUE),0),MATCH($A3,INDIRECT(Graph!$C$2&\"!$4:$4\",TRUE),0))=0,\"\",INDEX(INDIRECT(Graph!$C$2&\"!$1:$99999\",TRUE),MATCH(C$2,INDIRECT(Graph!$C$2&\"!$A:$A\",TRUE),0),MATCH($A3,INDIRECT(Graph!$C$2&\"!$4:$4\",TRUE),0)))","v":{"$error":"#N/A"}},{"$f":"IF(INDEX(INDIRECT(Graph!$C$2&\"!$1:$99999\",TRUE),MATCH(D$2,INDIRECT(Graph!$C$2&\"!$A:$A\",TRUE),0),MATCH($A3,INDIRECT(Graph!$C$2&\"!$4:$4\",TRUE),0))=0,\"\",INDEX(INDIRECT(Graph!$C$2&\"!$1:$99999\",TRUE),MATCH(D$2,INDIRECT(Graph!$C$2&\"!$A:$A\",TRUE),0),MATCH($A3,INDIRECT(Graph!$C$2&\"!$4:$4\",TRUE),0)))","v":{"$error":"#N/A"}},{"$f":"IF(INDEX(INDIRECT(Graph!$C$2&\"!$1:$99999\",TRUE),MATCH(E$2,INDIRECT(Graph!$C$2&\"!$A:$A\",TRUE),0),MATCH($A3,INDIRECT(Graph!$C$2&\"!$4:$4\",TRUE),0))=0,\"\",INDEX(INDIRECT(Graph!$C$2&\"!$1:$99999\",TRUE),MATCH(E$2,INDIRECT(Graph!$C$2&\"!$A:$A\",TRUE),0),MATCH($A3,INDIRECT(Graph!$C$2&\"!$4:$4\",TRUE),0)))","v":{"$error":"#N/A"}},{"$f":"IF(INDEX(INDIRECT(Graph!$C$2&\"!$1:$99999\",TRUE),MATCH(F$2,INDIRECT(Graph!$C$2&\"!$A:$A\",TRUE),0),MATCH($A3,INDIRECT(Graph!$C$2&\"!$4:$4\",TRUE),0))=0,\"\",INDEX(INDIRECT(Graph!$C$2&\"!$1:$99999\",TRUE),MATCH(F$2,INDIRECT(Graph!$C$2&\"!$A:$A\",TRUE),0),MATCH($A3,INDIRECT(Graph!$C$2&\"!$4:$4\",TRUE),0)))","v":{"$error":"#N/A"}},{"$f":"IF(INDEX(INDIRECT(Graph!$C$2&\"!$1:$99999\",TRUE),MATCH(G$2,INDIRECT(Graph!$C$2&\"!$A:$A\",TRUE),0),MATCH($A3,INDIRECT(Graph!$C$2&\"!$4:$4\",TRUE),0))=0,\"\",INDEX(INDIRECT(Graph!$C$2&\"!$1:$99999\",TRUE),MATCH(G$2,INDIRECT(Graph!$C$2&\"!$A:$A\",TRUE),0),MATCH($A3,INDIRECT(Graph!$C$2&\"!$4:$4\",TRUE),0)))","v":{"$error":"#N/A"}},{"$f":"IF(INDEX(INDIRECT(Graph!$C$2&\"!$1:$99999\",TRUE),MATCH(H$2,INDIRECT(Graph!$C$2&\"!$A:$A\",TRUE),0),MATCH($A3,INDIRECT(Graph!$C$2&\"!$4:$4\",TRUE),0))=0,\"\",INDEX(INDIRECT(Graph!$C$2&\"!$1:$99999\",TRUE),MATCH(H$2,INDIRECT(Graph!$C$2&\"!$A:$A\",TRUE),0),MATCH($A3,INDIRECT(Graph!$C$2&\"!$4:$4\",TRUE),0)))","v":{"$error":"#N/A"}},{"$f":"IF(INDEX(INDIRECT(Graph!$C$2&\"!$1:$99999\",TRUE),MATCH(I$2,INDIRECT(Graph!$C$2&\"!$A:$A\",TRUE),0),MATCH($A3,INDIRECT(Graph!$C$2&\"!$4:$4\",TRUE),0))=0,\"\",INDEX(INDIRECT(Graph!$C$2&\"!$1:$99999\",TRUE),MATCH(I$2,INDIRECT(Graph!$C$2&\"!$A:$A\",TRUE),0),MATCH($A3,INDIRECT(Graph!$C$2&\"!$4:$4\",TRUE),0)))","v":{"$error":"#N/A"}},{"$f":"IF(INDEX(INDIRECT(Graph!$C$2&\"!$1:$99999\",TRUE),MATCH(J$2,INDIRECT(Graph!$C$2&\"!$A:$A\",TRUE),0),MATCH($A3,INDIRECT(Graph!$C$2&\"!$4:$4\",TRUE),0))=0,\"\",INDEX(INDIRECT(Graph!$C$2&\"!$1:$99999\",TRUE),MATCH(J$2,INDIRECT(Graph!$C$2&\"!$A:$A\",TRUE),0),MATCH($A3,INDIRECT(Graph!$C$2&\"!$4:$4\",TRUE),0)))","v":{"$error":"#N/A"}},{"$f":"IF(INDEX(INDIRECT(Graph!$C$2&\"!$1:$99999\",TRUE),MATCH(K$2,INDIRECT(Graph!$C$2&\"!$A:$A\",TRUE),0),MATCH($A3,INDIRECT(Graph!$C$2&\"!$4:$4\",TRUE),0))=0,\"\",INDEX(INDIRECT(Graph!$C$2&\"!$1:$99999\",TRUE),MATCH(K$2,INDIRECT(Graph!$C$2&\"!$A:$A\",TRUE),0),MATCH($A3,INDIRECT(Graph!$C$2&\"!$4:$4\",TRUE),0)))","v":{"$error":"#N/A"}},{"$f":"IF(INDEX(INDIRECT(Graph!$C$2&\"!$1:$99999\",TRUE),MATCH(L$2,INDIRECT(Graph!$C$2&\"!$A:$A\",TRUE),0),MATCH($A3,INDIRECT(Graph!$C$2&\"!$4:$4\",TRUE),0))=0,\"\",INDEX(INDIRECT(Graph!$C$2&\"!$1:$99999\",TRUE),MATCH(L$2,INDIRECT(Graph!$C$2&\"!$A:$A\",TRUE),0),MATCH($A3,INDIRECT(Graph!$C$2&\"!$4:$4\",TRUE),0)))","v":{"$error":"#N/A"}},{"$f":"IF(INDEX(INDIRECT(Graph!$C$2&\"!$1:$99999\",TRUE),MATCH(M$2,INDIRECT(Graph!$C$2&\"!$A:$A\",TRUE),0),MATCH($A3,INDIRECT(Graph!$C$2&\"!$4:$4\",TRUE),0))=0,\"\",INDEX(INDIRECT(Graph!$C$2&\"!$1:$99999\",TRUE),MATCH(M$2,INDIRECT(Graph!$C$2&\"!$A:$A\",TRUE),0),MATCH($A3,INDIRECT(Graph!$C$2&\"!$4:$4\",TRUE),0)))","v":{"$error":"#N/A"}},{"$f":"IF(INDEX(INDIRECT(Graph!$C$2&\"!$1:$99999\",TRUE),MATCH(N$2,INDIRECT(Graph!$C$2&\"!$A:$A\",TRUE),0),MATCH($A3,INDIRECT(Graph!$C$2&\"!$4:$4\",TRUE),0))=0,\"\",INDEX(INDIRECT(Graph!$C$2&\"!$1:$99999\",TRUE),MATCH(N$2,INDIRECT(Graph!$C$2&\"!$A:$A\",TRUE),0),MATCH($A3,INDIRECT(Graph!$C$2&\"!$4:$4\",TRUE),0)))","v":{"$error":"#N/A"}},{"$f":"IF(INDEX(INDIRECT(Graph!$C$2&\"!$1:$99999\",TRUE),MATCH(O$2,INDIRECT(Graph!$C$2&\"!$A:$A\",TRUE),0),MATCH($A3,INDIRECT(Graph!$C$2&\"!$4:$4\",TRUE),0))=0,\"\",INDEX(INDIRECT(Graph!$C$2&\"!$1:$99999\",TRUE),MATCH(O$2,INDIRECT(Graph!$C$2&\"!$A:$A\",TRUE),0),MATCH($A3,INDIRECT(Graph!$C$2&\"!$4:$4\",TRUE),0)))","v":{"$error":"#N/A"}},{"$f":"IF(INDEX(INDIRECT(Graph!$C$2&\"!$1:$99999\",TRUE),MATCH(P$2,INDIRECT(Graph!$C$2&\"!$A:$A\",TRUE),0),MATCH($A3,INDIRECT(Graph!$C$2&\"!$4:$4\",TRUE),0))=0,\"\",INDEX(INDIRECT(Graph!$C$2&\"!$1:$99999\",TRUE),MATCH(P$2,INDIRECT(Graph!$C$2&\"!$A:$A\",TRUE),0),MATCH($A3,INDIRECT(Graph!$C$2&\"!$4:$4\",TRUE),0)))","v":{"$error":"#N/A"}},{"$f":"IF(INDEX(INDIRECT(Graph!$C$2&\"!$1:$99999\",TRUE),MATCH(Q$2,INDIRECT(Graph!$C$2&\"!$A:$A\",TRUE),0),MATCH($A3,INDIRECT(Graph!$C$2&\"!$4:$4\",TRUE),0))=0,\"\",INDEX(INDIRECT(Graph!$C$2&\"!$1:$99999\",TRUE),MATCH(Q$2,INDIRECT(Graph!$C$2&\"!$A:$A\",TRUE),0),MATCH($A3,INDIRECT(Graph!$C$2&\"!$4:$4\",TRUE),0)))","v":{"$error":"#N/A"}},{"$f":"IF(INDEX(INDIRECT(Graph!$C$2&\"!$1:$99999\",TRUE),MATCH(R$2,INDIRECT(Graph!$C$2&\"!$A:$A\",TRUE),0),MATCH($A3,INDIRECT(Graph!$C$2&\"!$4:$4\",TRUE),0))=0,\"\",INDEX(INDIRECT(Graph!$C$2&\"!$1:$99999\",TRUE),MATCH(R$2,INDIRECT(Graph!$C$2&\"!$A:$A\",TRUE),0),MATCH($A3,INDIRECT(Graph!$C$2&\"!$4:$4\",TRUE),0)))","v":{"$error":"#N/A"}},{"$f":"IF(INDEX(INDIRECT(Graph!$C$2&\"!$1:$99999\",TRUE),MATCH(S$2,INDIRECT(Graph!$C$2&\"!$A:$A\",TRUE),0),MATCH($A3,INDIRECT(Graph!$C$2&\"!$4:$4\",TRUE),0))=0,\"\",INDEX(INDIRECT(Graph!$C$2&\"!$1:$99999\",TRUE),MATCH(S$2,INDIRECT(Graph!$C$2&\"!$A:$A\",TRUE),0),MATCH($A3,INDIRECT(Graph!$C$2&\"!$4:$4\",TRUE),0)))","v":{"$error":"#N/A"}},{"$f":"IF(INDEX(INDIRECT(Graph!$C$2&\"!$1:$99999\",TRUE),MATCH(T$2,INDIRECT(Graph!$C$2&\"!$A:$A\",TRUE),0),MATCH($A3,INDIRECT(Graph!$C$2&\"!$4:$4\",TRUE),0))=0,\"\",INDEX(INDIRECT(Graph!$C$2&\"!$1:$99999\",TRUE),MATCH(T$2,INDIRECT(Graph!$C$2&\"!$A:$A\",TRUE),0),MATCH($A3,INDIRECT(Graph!$C$2&\"!$4:$4\",TRUE),0)))","v":{"$error":"#N/A"}},{"$f":"IF(INDEX(INDIRECT(Graph!$C$2&\"!$1:$99999\",TRUE),MATCH(U$2,INDIRECT(Graph!$C$2&\"!$A:$A\",TRUE),0),MATCH($A3,INDIRECT(Graph!$C$2&\"!$4:$4\",TRUE),0))=0,\"\",INDEX(INDIRECT(Graph!$C$2&\"!$1:$99999\",TRUE),MATCH(U$2,INDIRECT(Graph!$C$2&\"!$A:$A\",TRUE),0),MATCH($A3,INDIRECT(Graph!$C$2&\"!$4:$4\",TRUE),0)))","v":{"$error":"#N/A"}},{"$f":"IF(INDEX(INDIRECT(Graph!$C$2&\"!$1:$99999\",TRUE),MATCH(V$2,INDIRECT(Graph!$C$2&\"!$A:$A\",TRUE),0),MATCH($A3,INDIRECT(Graph!$C$2&\"!$4:$4\",TRUE),0))=0,\"\",INDEX(INDIRECT(Graph!$C$2&\"!$1:$99999\",TRUE),MATCH(V$2,INDIRECT(Graph!$C$2&\"!$A:$A\",TRUE),0),MATCH($A3,INDIRECT(Graph!$C$2&\"!$4:$4\",TRUE),0)))","v":{"$error":"#N/A"}},{"$f":"IF(INDEX(INDIRECT(Graph!$C$2&\"!$1:$99999\",TRUE),MATCH(W$2,INDIRECT(Graph!$C$2&\"!$A:$A\",TRUE),0),MATCH($A3,INDIRECT(Graph!$C$2&\"!$4:$4\",TRUE),0))=0,\"\",INDEX(INDIRECT(Graph!$C$2&\"!$1:$99999\",TRUE),MATCH(W$2,INDIRECT(Graph!$C$2&\"!$A:$A\",TRUE),0),MATCH($A3,INDIRECT(Graph!$C$2&\"!$4:$4\",TRUE),0)))","v":{"$error":"#N/A"}},{"$f":"IF(INDEX(INDIRECT(Graph!$C$2&\"!$1:$99999\",TRUE),MATCH(X$2,INDIRECT(Graph!$C$2&\"!$A:$A\",TRUE),0),MATCH($A3,INDIRECT(Graph!$C$2&\"!$4:$4\",TRUE),0))=0,\"\",INDEX(INDIRECT(Graph!$C$2&\"!$1:$99999\",TRUE),MATCH(X$2,INDIRECT(Graph!$C$2&\"!$A:$A\",TRUE),0),MATCH($A3,INDIRECT(Graph!$C$2&\"!$4:$4\",TRUE),0)))","v":{"$error":"#N/A"}},{"$f":"IF(INDEX(INDIRECT(Graph!$C$2&\"!$1:$99999\",TRUE),MATCH(Y$2,INDIRECT(Graph!$C$2&\"!$A:$A\",TRUE),0),MATCH($A3,INDIRECT(Graph!$C$2&\"!$4:$4\",TRUE),0))=0,\"\",INDEX(INDIRECT(Graph!$C$2&\"!$1:$99999\",TRUE),MATCH(Y$2,INDIRECT(Graph!$C$2&\"!$A:$A\",TRUE),0),MATCH($A3,INDIRECT(Graph!$C$2&\"!$4:$4\",TRUE),0)))","v":{"$error":"#N/A"}},{"$f":"IF(INDEX(INDIRECT(Graph!$C$2&\"!$1:$99999\",TRUE),MATCH(Z$2,INDIRECT(Graph!$C$2&\"!$A:$A\",TRUE),0),MATCH($A3,INDIRECT(Graph!$C$2&\"!$4:$4\",TRUE),0))=0,\"\",INDEX(INDIRECT(Graph!$C$2&\"!$1:$99999\",TRUE),MATCH(Z$2,INDIRECT(Graph!$C$2&\"!$A:$A\",TRUE),0),MATCH($A3,INDIRECT(Graph!$C$2&\"!$4:$4\",TRUE),0)))","v":{"$error":"#N/A"}},{"$f":"IF(INDEX(INDIRECT(Graph!$C$2&\"!$1:$99999\",TRUE),MATCH(AA$2,INDIRECT(Graph!$C$2&\"!$A:$A\",TRUE),0),MATCH($A3,INDIRECT(Graph!$C$2&\"!$4:$4\",TRUE),0))=0,\"\",INDEX(INDIRECT(Graph!$C$2&\"!$1:$99999\",TRUE),MATCH(AA$2,INDIRECT(Graph!$C$2&\"!$A:$A\",TRUE),0),MATCH($A3,INDIRECT(Graph!$C$2&\"!$4:$4\",TRUE),0)))","v":{"$error":"#N/A"}},{"$f":"IF(INDEX(INDIRECT(Graph!$C$2&\"!$1:$99999\",TRUE),MATCH(AB$2,INDIRECT(Graph!$C$2&\"!$A:$A\",TRUE),0),MATCH($A3,INDIRECT(Graph!$C$2&\"!$4:$4\",TRUE),0))=0,\"\",INDEX(INDIRECT(Graph!$C$2&\"!$1:$99999\",TRUE),MATCH(AB$2,INDIRECT(Graph!$C$2&\"!$A:$A\",TRUE),0),MATCH($A3,INDIRECT(Graph!$C$2&\"!$4:$4\",TRUE),0)))","v":{"$error":"#N/A"}},{"$f":"IF(INDEX(INDIRECT(Graph!$C$2&\"!$1:$99999\",TRUE),MATCH(AC$2,INDIRECT(Graph!$C$2&\"!$A:$A\",TRUE),0),MATCH($A3,INDIRECT(Graph!$C$2&\"!$4:$4\",TRUE),0))=0,\"\",INDEX(INDIRECT(Graph!$C$2&\"!$1:$99999\",TRUE),MATCH(AC$2,INDIRECT(Graph!$C$2&\"!$A:$A\",TRUE),0),MATCH($A3,INDIRECT(Graph!$C$2&\"!$4:$4\",TRUE),0)))","v":25},{"$f":"IF(INDEX(INDIRECT(Graph!$C$2&\"!$1:$99999\",TRUE),MATCH(AD$2,INDIRECT(Graph!$C$2&\"!$A:$A\",TRUE),0),MATCH($A3,INDIRECT(Graph!$C$2&\"!$4:$4\",TRUE),0))=0,\"\",INDEX(INDIRECT(Graph!$C$2&\"!$1:$99999\",TRUE),MATCH(AD$2,INDIRECT(Graph!$C$2&\"!$A:$A\",TRUE),0),MATCH($A3,INDIRECT(Graph!$C$2&\"!$4:$4\",TRUE),0)))","v":25},{"$f":"IF(INDEX(INDIRECT(Graph!$C$2&\"!$1:$99999\",TRUE),MATCH(AE$2,INDIRECT(Graph!$C$2&\"!$A:$A\",TRUE),0),MATCH($A3,INDIRECT(Graph!$C$2&\"!$4:$4\",TRUE),0))=0,\"\",INDEX(INDIRECT(Graph!$C$2&\"!$1:$99999\",TRUE),MATCH(AE$2,INDIRECT(Graph!$C$2&\"!$A:$A\",TRUE),0),MATCH($A3,INDIRECT(Graph!$C$2&\"!$4:$4\",TRUE),0)))","v":25},{"$f":"IF(INDEX(INDIRECT(Graph!$C$2&\"!$1:$99999\",TRUE),MATCH(AF$2,INDIRECT(Graph!$C$2&\"!$A:$A\",TRUE),0),MATCH($A3,INDIRECT(Graph!$C$2&\"!$4:$4\",TRUE),0))=0,\"\",INDEX(INDIRECT(Graph!$C$2&\"!$1:$99999\",TRUE),MATCH(AF$2,INDIRECT(Graph!$C$2&\"!$A:$A\",TRUE),0),MATCH($A3,INDIRECT(Graph!$C$2&\"!$4:$4\",TRUE),0)))","v":25},{"$f":"IF(INDEX(INDIRECT(Graph!$C$2&\"!$1:$99999\",TRUE),MATCH(AG$2,INDIRECT(Graph!$C$2&\"!$A:$A\",TRUE),0),MATCH($A3,INDIRECT(Graph!$C$2&\"!$4:$4\",TRUE),0))=0,\"\",INDEX(INDIRECT(Graph!$C$2&\"!$1:$99999\",TRUE),MATCH(AG$2,INDIRECT(Graph!$C$2&\"!$A:$A\",TRUE),0),MATCH($A3,INDIRECT(Graph!$C$2&\"!$4:$4\",TRUE),0)))","v":25},{"$f":"IF(INDEX(INDIRECT(Graph!$C$2&\"!$1:$99999\",TRUE),MATCH(AH$2,INDIRECT(Graph!$C$2&\"!$A:$A\",TRUE),0),MATCH($A3,INDIRECT(Graph!$C$2&\"!$4:$4\",TRUE),0))=0,\"\",INDEX(INDIRECT(Graph!$C$2&\"!$1:$99999\",TRUE),MATCH(AH$2,INDIRECT(Graph!$C$2&\"!$A:$A\",TRUE),0),MATCH($A3,INDIRECT(Graph!$C$2&\"!$4:$4\",TRUE),0)))","v":25},{"$f":"IF(INDEX(INDIRECT(Graph!$C$2&\"!$1:$99999\",TRUE),MATCH(AI$2,INDIRECT(Graph!$C$2&\"!$A:$A\",TRUE),0),MATCH($A3,INDIRECT(Graph!$C$2&\"!$4:$4\",TRUE),0))=0,\"\",INDEX(INDIRECT(Graph!$C$2&\"!$1:$99999\",TRUE),MATCH(AI$2,INDIRECT(Graph!$C$2&\"!$A:$A\",TRUE),0),MATCH($A3,INDIRECT(Graph!$C$2&\"!$4:$4\",TRUE),0)))","v":25},{"$f":"IF(INDEX(INDIRECT(Graph!$C$2&\"!$1:$99999\",TRUE),MATCH(AJ$2,INDIRECT(Graph!$C$2&\"!$A:$A\",TRUE),0),MATCH($A3,INDIRECT(Graph!$C$2&\"!$4:$4\",TRUE),0))=0,\"\",INDEX(INDIRECT(Graph!$C$2&\"!$1:$99999\",TRUE),MATCH(AJ$2,INDIRECT(Graph!$C$2&\"!$A:$A\",TRUE),0),MATCH($A3,INDIRECT(Graph!$C$2&\"!$4:$4\",TRUE),0)))","v":25},{"$f":"IF(INDEX(INDIRECT(Graph!$C$2&\"!$1:$99999\",TRUE),MATCH(AK$2,INDIRECT(Graph!$C$2&\"!$A:$A\",TRUE),0),MATCH($A3,INDIRECT(Graph!$C$2&\"!$4:$4\",TRUE),0))=0,\"\",INDEX(INDIRECT(Graph!$C$2&\"!$1:$99999\",TRUE),MATCH(AK$2,INDIRECT(Graph!$C$2&\"!$A:$A\",TRUE),0),MATCH($A3,INDIRECT(Graph!$C$2&\"!$4:$4\",TRUE),0)))","v":25},{"$f":"IF(INDEX(INDIRECT(Graph!$C$2&\"!$1:$99999\",TRUE),MATCH(AL$2,INDIRECT(Graph!$C$2&\"!$A:$A\",TRUE),0),MATCH($A3,INDIRECT(Graph!$C$2&\"!$4:$4\",TRUE),0))=0,\"\",INDEX(INDIRECT(Graph!$C$2&\"!$1:$99999\",TRUE),MATCH(AL$2,INDIRECT(Graph!$C$2&\"!$A:$A\",TRUE),0),MATCH($A3,INDIRECT(Graph!$C$2&\"!$4:$4\",TRUE),0)))","v":25},{"$f":"IF(INDEX(INDIRECT(Graph!$C$2&\"!$1:$99999\",TRUE),MATCH(AM$2,INDIRECT(Graph!$C$2&\"!$A:$A\",TRUE),0),MATCH($A3,INDIRECT(Graph!$C$2&\"!$4:$4\",TRUE),0))=0,\"\",INDEX(INDIRECT(Graph!$C$2&\"!$1:$99999\",TRUE),MATCH(AM$2,INDIRECT(Graph!$C$2&\"!$A:$A\",TRUE),0),MATCH($A3,INDIRECT(Graph!$C$2&\"!$4:$4\",TRUE),0)))","v":25},{"$f":"IF(INDEX(INDIRECT(Graph!$C$2&\"!$1:$99999\",TRUE),MATCH(AN$2,INDIRECT(Graph!$C$2&\"!$A:$A\",TRUE),0),MATCH($A3,INDIRECT(Graph!$C$2&\"!$4:$4\",TRUE),0))=0,\"\",INDEX(INDIRECT(Graph!$C$2&\"!$1:$99999\",TRUE),MATCH(AN$2,INDIRECT(Graph!$C$2&\"!$A:$A\",TRUE),0),MATCH($A3,INDIRECT(Graph!$C$2&\"!$4:$4\",TRUE),0)))","v":12},{"$f":"IF(INDEX(INDIRECT(Graph!$C$2&\"!$1:$99999\",TRUE),MATCH(AO$2,INDIRECT(Graph!$C$2&\"!$A:$A\",TRUE),0),MATCH($A3,INDIRECT(Graph!$C$2&\"!$4:$4\",TRUE),0))=0,\"\",INDEX(INDIRECT(Graph!$C$2&\"!$1:$99999\",TRUE),MATCH(AO$2,INDIRECT(Graph!$C$2&\"!$A:$A\",TRUE),0),MATCH($A3,INDIRECT(Graph!$C$2&\"!$4:$4\",TRUE),0)))","v":12},{"$f":"IF(INDEX(INDIRECT(Graph!$C$2&\"!$1:$99999\",TRUE),MATCH(AP$2,INDIRECT(Graph!$C$2&\"!$A:$A\",TRUE),0),MATCH($A3,INDIRECT(Graph!$C$2&\"!$4:$4\",TRUE),0))=0,\"\",INDEX(INDIRECT(Graph!$C$2&\"!$1:$99999\",TRUE),MATCH(AP$2,INDIRECT(Graph!$C$2&\"!$A:$A\",TRUE),0),MATCH($A3,INDIRECT(Graph!$C$2&\"!$4:$4\",TRUE),0)))","v":12},{"$f":"IF(INDEX(INDIRECT(Graph!$C$2&\"!$1:$99999\",TRUE),MATCH(AQ$2,INDIRECT(Graph!$C$2&\"!$A:$A\",TRUE),0),MATCH($A3,INDIRECT(Graph!$C$2&\"!$4:$4\",TRUE),0))=0,\"\",INDEX(INDIRECT(Graph!$C$2&\"!$1:$99999\",TRUE),MATCH(AQ$2,INDIRECT(Graph!$C$2&\"!$A:$A\",TRUE),0),MATCH($A3,INDIRECT(Graph!$C$2&\"!$4:$4\",TRUE),0)))","v":12},{"$f":"IF(INDEX(INDIRECT(Graph!$C$2&\"!$1:$99999\",TRUE),MATCH(AR$2,INDIRECT(Graph!$C$2&\"!$A:$A\",TRUE),0),MATCH($A3,INDIRECT(Graph!$C$2&\"!$4:$4\",TRUE),0))=0,\"\",INDEX(INDIRECT(Graph!$C$2&\"!$1:$99999\",TRUE),MATCH(AR$2,INDIRECT(Graph!$C$2&\"!$A:$A\",TRUE),0),MATCH($A3,INDIRECT(Graph!$C$2&\"!$4:$4\",TRUE),0)))","v":12},{"$f":"IF(INDEX(INDIRECT(Graph!$C$2&\"!$1:$99999\",TRUE),MATCH(AS$2,INDIRECT(Graph!$C$2&\"!$A:$A\",TRUE),0),MATCH($A3,INDIRECT(Graph!$C$2&\"!$4:$4\",TRUE),0))=0,\"\",INDEX(INDIRECT(Graph!$C$2&\"!$1:$99999\",TRUE),MATCH(AS$2,INDIRECT(Graph!$C$2&\"!$A:$A\",TRUE),0),MATCH($A3,INDIRECT(Graph!$C$2&\"!$4:$4\",TRUE),0)))","v":12},{"$f":"IF(INDEX(INDIRECT(Graph!$C$2&\"!$1:$99999\",TRUE),MATCH(AT$2,INDIRECT(Graph!$C$2&\"!$A:$A\",TRUE),0),MATCH($A3,INDIRECT(Graph!$C$2&\"!$4:$4\",TRUE),0))=0,\"\",INDEX(INDIRECT(Graph!$C$2&\"!$1:$99999\",TRUE),MATCH(AT$2,INDIRECT(Graph!$C$2&\"!$A:$A\",TRUE),0),MATCH($A3,INDIRECT(Graph!$C$2&\"!$4:$4\",TRUE),0)))","v":12},{"$f":"IF(INDEX(INDIRECT(Graph!$C$2&\"!$1:$99999\",TRUE),MATCH(AU$2,INDIRECT(Graph!$C$2&\"!$A:$A\",TRUE),0),MATCH($A3,INDIRECT(Graph!$C$2&\"!$4:$4\",TRUE),0))=0,\"\",INDEX(INDIRECT(Graph!$C$2&\"!$1:$99999\",TRUE),MATCH(AU$2,INDIRECT(Graph!$C$2&\"!$A:$A\",TRUE),0),MATCH($A3,INDIRECT(Graph!$C$2&\"!$4:$4\",TRUE),0)))","v":12},{"$f":"IF(INDEX(INDIRECT(Graph!$C$2&\"!$1:$99999\",TRUE),MATCH(AV$2,INDIRECT(Graph!$C$2&\"!$A:$A\",TRUE),0),MATCH($A3,INDIRECT(Graph!$C$2&\"!$4:$4\",TRUE),0))=0,\"\",INDEX(INDIRECT(Graph!$C$2&\"!$1:$99999\",TRUE),MATCH(AV$2,INDIRECT(Graph!$C$2&\"!$A:$A\",TRUE),0),MATCH($A3,INDIRECT(Graph!$C$2&\"!$4:$4\",TRUE),0)))","v":12},{"$f":"IF(INDEX(INDIRECT(Graph!$C$2&\"!$1:$99999\",TRUE),MATCH(AW$2,INDIRECT(Graph!$C$2&\"!$A:$A\",TRUE),0),MATCH($A3,INDIRECT(Graph!$C$2&\"!$4:$4\",TRUE),0))=0,\"\",INDEX(INDIRECT(Graph!$C$2&\"!$1:$99999\",TRUE),MATCH(AW$2,INDIRECT(Graph!$C$2&\"!$A:$A\",TRUE),0),MATCH($A3,INDIRECT(Graph!$C$2&\"!$4:$4\",TRUE),0)))","v":11},{"$f":"IF(INDEX(INDIRECT(Graph!$C$2&\"!$1:$99999\",TRUE),MATCH(AX$2,INDIRECT(Graph!$C$2&\"!$A:$A\",TRUE),0),MATCH($A3,INDIRECT(Graph!$C$2&\"!$4:$4\",TRUE),0))=0,\"\",INDEX(INDIRECT(Graph!$C$2&\"!$1:$99999\",TRUE),MATCH(AX$2,INDIRECT(Graph!$C$2&\"!$A:$A\",TRUE),0),MATCH($A3,INDIRECT(Graph!$C$2&\"!$4:$4\",TRUE),0)))","v":10},{"$f":"IF(INDEX(INDIRECT(Graph!$C$2&\"!$1:$99999\",TRUE),MATCH(AY$2,INDIRECT(Graph!$C$2&\"!$A:$A\",TRUE),0),MATCH($A3,INDIRECT(Graph!$C$2&\"!$4:$4\",TRUE),0))=0,\"\",INDEX(INDIRECT(Graph!$C$2&\"!$1:$99999\",TRUE),MATCH(AY$2,INDIRECT(Graph!$C$2&\"!$A:$A\",TRUE),0),MATCH($A3,INDIRECT(Graph!$C$2&\"!$4:$4\",TRUE),0)))","v":10},{"$f":"IF(INDEX(INDIRECT(Graph!$C$2&\"!$1:$99999\",TRUE),MATCH(AZ$2,INDIRECT(Graph!$C$2&\"!$A:$A\",TRUE),0),MATCH($A3,INDIRECT(Graph!$C$2&\"!$4:$4\",TRUE),0))=0,\"\",INDEX(INDIRECT(Graph!$C$2&\"!$1:$99999\",TRUE),MATCH(AZ$2,INDIRECT(Graph!$C$2&\"!$A:$A\",TRUE),0),MATCH($A3,INDIRECT(Graph!$C$2&\"!$4:$4\",TRUE),0)))","v":10},{"$f":"IF(INDEX(INDIRECT(Graph!$C$2&\"!$1:$99999\",TRUE),MATCH(BA$2,INDIRECT(Graph!$C$2&\"!$A:$A\",TRUE),0),MATCH($A3,INDIRECT(Graph!$C$2&\"!$4:$4\",TRUE),0))=0,\"\",INDEX(INDIRECT(Graph!$C$2&\"!$1:$99999\",TRUE),MATCH(BA$2,INDIRECT(Graph!$C$2&\"!$A:$A\",TRUE),0),MATCH($A3,INDIRECT(Graph!$C$2&\"!$4:$4\",TRUE),0)))","v":9},{"$f":"IF(INDEX(INDIRECT(Graph!$C$2&\"!$1:$99999\",TRUE),MATCH(BB$2,INDIRECT(Graph!$C$2&\"!$A:$A\",TRUE),0),MATCH($A3,INDIRECT(Graph!$C$2&\"!$4:$4\",TRUE),0))=0,\"\",INDEX(INDIRECT(Graph!$C$2&\"!$1:$99999\",TRUE),MATCH(BB$2,INDIRECT(Graph!$C$2&\"!$A:$A\",TRUE),0),MATCH($A3,INDIRECT(Graph!$C$2&\"!$4:$4\",TRUE),0)))","v":9},{"$f":"IF(INDEX(INDIRECT(Graph!$C$2&\"!$1:$99999\",TRUE),MATCH(BC$2,INDIRECT(Graph!$C$2&\"!$A:$A\",TRUE),0),MATCH($A3,INDIRECT(Graph!$C$2&\"!$4:$4\",TRUE),0))=0,\"\",INDEX(INDIRECT(Graph!$C$2&\"!$1:$99999\",TRUE),MATCH(BC$2,INDIRECT(Graph!$C$2&\"!$A:$A\",TRUE),0),MATCH($A3,INDIRECT(Graph!$C$2&\"!$4:$4\",TRUE),0)))","v":2},{"$f":"IF(INDEX(INDIRECT(Graph!$C$2&\"!$1:$99999\",TRUE),MATCH(BD$2,INDIRECT(Graph!$C$2&\"!$A:$A\",TRUE),0),MATCH($A3,INDIRECT(Graph!$C$2&\"!$4:$4\",TRUE),0))=0,\"\",INDEX(INDIRECT(Graph!$C$2&\"!$1:$99999\",TRUE),MATCH(BD$2,INDIRECT(Graph!$C$2&\"!$A:$A\",TRUE),0),MATCH($A3,INDIRECT(Graph!$C$2&\"!$4:$4\",TRUE),0)))","v":2},{"$f":"IF(INDEX(INDIRECT(Graph!$C$2&\"!$1:$99999\",TRUE),MATCH(BE$2,INDIRECT(Graph!$C$2&\"!$A:$A\",TRUE),0),MATCH($A3,INDIRECT(Graph!$C$2&\"!$4:$4\",TRUE),0))=0,\"\",INDEX(INDIRECT(Graph!$C$2&\"!$1:$99999\",TRUE),MATCH(BE$2,INDIRECT(Graph!$C$2&\"!$A:$A\",TRUE),0),MATCH($A3,INDIRECT(Graph!$C$2&\"!$4:$4\",TRUE),0)))","v":2},{"$f":"IF(INDEX(INDIRECT(Graph!$C$2&\"!$1:$99999\",TRUE),MATCH(BF$2,INDIRECT(Graph!$C$2&\"!$A:$A\",TRUE),0),MATCH($A3,INDIRECT(Graph!$C$2&\"!$4:$4\",TRUE),0))=0,\"\",INDEX(INDIRECT(Graph!$C$2&\"!$1:$99999\",TRUE),MATCH(BF$2,INDIRECT(Graph!$C$2&\"!$A:$A\",TRUE),0),MATCH($A3,INDIRECT(Graph!$C$2&\"!$4:$4\",TRUE),0)))","v":2},{"$f":"IF(INDEX(INDIRECT(Graph!$C$2&\"!$1:$99999\",TRUE),MATCH(BG$2,INDIRECT(Graph!$C$2&\"!$A:$A\",TRUE),0),MATCH($A3,INDIRECT(Graph!$C$2&\"!$4:$4\",TRUE),0))=0,\"\",INDEX(INDIRECT(Graph!$C$2&\"!$1:$99999\",TRUE),MATCH(BG$2,INDIRECT(Graph!$C$2&\"!$A:$A\",TRUE),0),MATCH($A3,INDIRECT(Graph!$C$2&\"!$4:$4\",TRUE),0)))","v":2},{"$f":"IF(INDEX(INDIRECT(Graph!$C$2&\"!$1:$99999\",TRUE),MATCH(BH$2,INDIRECT(Graph!$C$2&\"!$A:$A\",TRUE),0),MATCH($A3,INDIRECT(Graph!$C$2&\"!$4:$4\",TRUE),0))=0,\"\",INDEX(INDIRECT(Graph!$C$2&\"!$1:$99999\",TRUE),MATCH(BH$2,INDIRECT(Graph!$C$2&\"!$A:$A\",TRUE),0),MATCH($A3,INDIRECT(Graph!$C$2&\"!$4:$4\",TRUE),0)))","v":2},{"$f":"IF(INDEX(INDIRECT(Graph!$C$2&\"!$1:$99999\",TRUE),MATCH(BI$2,INDIRECT(Graph!$C$2&\"!$A:$A\",TRUE),0),MATCH($A3,INDIRECT(Graph!$C$2&\"!$4:$4\",TRUE),0))=0,\"\",INDEX(INDIRECT(Graph!$C$2&\"!$1:$99999\",TRUE),MATCH(BI$2,INDIRECT(Graph!$C$2&\"!$A:$A\",TRUE),0),MATCH($A3,INDIRECT(Graph!$C$2&\"!$4:$4\",TRUE),0)))","v":1}]
[]
["Données Graph",{"$f":"B2","v":"2014-08-02"},"2014-08-03","2014-08-04","2014-08-05","2014-08-06","2014-08-07","2014-08-08","2014-08-09","2014-08-10","2014-08-11","2014-08-12","2014-08-13","2014-08-14","2014-08-15","2014-08-16","2014-08-17","2014-08-18","2014-08-19","2014-08-20","2014-08-21","2014-08-22","2014-08-23","2014-08-24","2014-08-25","2014-08-26","2014-08-27","2014-08-28","2014-08-29","2014-08-30","2014-08-31","2014-09-01","2014-09-02","2014-09-03","2014-09-04","2014-09-05","2014-09-06","2014-09-07","2014-09-08","2014-09-09","2014-09-10","2014-09-11","2014-09-12","2014-09-13","2014-09-14","2014-09-15","2014-09-16","2014-09-17","2014-09-18","2014-09-19","2014-09-20","2014-09-21","2014-09-22","2014-09-23","2014-09-24","2014-09-25","2014-09-26","2014-09-27","2014-09-28","2014-09-29",{"$f":"BI2","v":"2014-09-30"}]
[{"$f":"Graph!C3","v":"apéro SEO Rennes"},{"$f":"IF(ISERR(IF(Graph!$C$4=\"Trend\",IF(IF(OR(COLUMN()<7,COLUMN()>60),NA(),AVERAGE(A3:E3))=\"\",NA(),IF(OR(COLUMN()<7,COLUMN()>60),NA(),AVERAGE(A3:E3))),IF(INDEX(INDIRECT(Graph!$C$2&\"!$1:$99999\",TRUE),MATCH(B$2,INDIRECT(Graph!$C$2&\"!$A:$A\",TRUE),0),MATCH($A3,INDIRECT(Graph!$C$2&\"!$4:$4\",TRUE),0))=0,31,INDEX(INDIRECT(Graph!$C$2&\"!$1:$99999\",TRUE),MATCH(B$2,INDIRECT(Graph!$C$2&\"!$A:$A\",TRUE),0),MATCH($A3,INDIRECT(Graph!$C$2&\"!$4:$4\",TRUE),0))))),NA(),IF(Graph!$C$4=\"Trend\",IF(IF(OR(COLUMN()<7,COLUMN()>60),NA(),AVERAGE(A3:E3))=\"\",NA(),IF(OR(COLUMN()<7,COLUMN()>60),NA(),AVERAGE(A3:E3))),IF(INDEX(INDIRECT(Graph!$C$2&\"!$1:$99999\",TRUE),MATCH(B$2,INDIRECT(Graph!$C$2&\"!$A:$A\",TRUE),0),MATCH($A3,INDIRECT(Graph!$C$2&\"!$4:$4\",TRUE),0))=0,31,INDEX(INDIRECT(Graph!$C$2&\"!$1:$99999\",TRUE),MATCH(B$2,INDIRECT(Graph!$C$2&\"!$A:$A\",TRUE),0),MATCH($A3,INDIRECT(Graph!$C$2&\"!$4:$4\",TRUE),0)))))","v":{"$error":"#N/A"}},{"$f":"IF(ISERR(IF(Graph!$C$4=\"Trend\",IF(IF(OR(COLUMN()<7,COLUMN()>60),NA(),AVERAGE(A3:F3))=\"\",NA(),IF(OR(COLUMN()<7,COLUMN()>60),NA(),AVERAGE(A3:F3))),IF(INDEX(INDIRECT(Graph!$C$2&\"!$1:$99999\",TRUE),MATCH(C$2,INDIRECT(Graph!$C$2&\"!$A:$A\",TRUE),0),MATCH($A3,INDIRECT(Graph!$C$2&\"!$4:$4\",TRUE),0))=0,31,INDEX(INDIRECT(Graph!$C$2&\"!$1:$99999\",TRUE),MATCH(C$2,INDIRECT(Graph!$C$2&\"!$A:$A\",TRUE),0),MATCH($A3,INDIRECT(Graph!$C$2&\"!$4:$4\",TRUE),0))))),NA(),IF(Graph!$C$4=\"Trend\",IF(IF(OR(COLUMN()<7,COLUMN()>60),NA(),AVERAGE(A3:F3))=\"\",NA(),IF(OR(COLUMN()<7,COLUMN()>60),NA(),AVERAGE(A3:F3))),IF(INDEX(INDIRECT(Graph!$C$2&\"!$1:$99999\",TRUE),MATCH(C$2,INDIRECT(Graph!$C$2&\"!$A:$A\",TRUE),0),MATCH($A3,INDIRECT(Graph!$C$2&\"!$4:$4\",TRUE),0))=0,31,INDEX(INDIRECT(Graph!$C$2&\"!$1:$99999\",TRUE),MATCH(C$2,INDIRECT(Graph!$C$2&\"!$A:$A\",TRUE),0),MATCH($A3,INDIRECT(Graph!$C$2&\"!$4:$4\",TRUE),0)))))","v":{"$error":"#N/A"}},{"$f":"IF(ISERR(IF(Graph!$C$4=\"Trend\",IF(IF(OR(COLUMN()<7,COLUMN()>60),NA(),AVERAGE(A3:G3))=\"\",NA(),IF(OR(COLUMN()<7,COLUMN()>60),NA(),AVERAGE(A3:G3))),IF(INDEX(INDIRECT(Graph!$C$2&\"!$1:$99999\",TRUE),MATCH(D$2,INDIRECT(Graph!$C$2&\"!$A:$A\",TRUE),0),MATCH($A3,INDIRECT(Graph!$C$2&\"!$4:$4\",TRUE),0))=0,31,INDEX(INDIRECT(Graph!$C$2&\"!$1:$99999\",TRUE),MATCH(D$2,INDIRECT(Graph!$C$2&\"!$A:$A\",TRUE),0),MATCH($A3,INDIRECT(Graph!$C$2&\"!$4:$4\",TRUE),0))))),NA(),IF(Graph!$C$4=\"Trend\",IF(IF(OR(COLUMN()<7,COLUMN()>60),NA(),AVERAGE(A3:G3))=\"\",NA(),IF(OR(COLUMN()<7,COLUMN()>60),NA(),AVERAGE(A3:G3))),IF(INDEX(INDIRECT(Graph!$C$2&\"!$1:$99999\",TRUE),MATCH(D$2,INDIRECT(Graph!$C$2&\"!$A:$A\",TRUE),0),MATCH($A3,INDIRECT(Graph!$C$2&\"!$4:$4\",TRUE),0))=0,31,INDEX(INDIRECT(Graph!$C$2&\"!$1:$99999\",TRUE),MATCH(D$2,INDIRECT(Graph!$C$2&\"!$A:$A\",TRUE),0),MATCH($A3,INDIRECT(Graph!$C$2&\"!$4:$4\",TRUE),0)))))","v":{"$error":"#N/A"}},{"$f":"IF(ISERR(IF(Graph!$C$4=\"Trend\",IF(IF(OR(COLUMN()<7,COLUMN()>60),NA(),AVERAGE(B3:H3))=\"\",NA(),IF(OR(COLUMN()<7,COLUMN()>60),NA(),AVERAGE(B3:H3))),IF(INDEX(INDIRECT(Graph!$C$2&\"!$1:$99999\",TRUE),MATCH(E$2,INDIRECT(Graph!$C$2&\"!$A:$A\",TRUE),0),MATCH($A3,INDIRECT(Graph!$C$2&\"!$4:$4\",TRUE),0))=0,31,INDEX(INDIRECT(Graph!$C$2&\"!$1:$99999\",TRUE),MATCH(E$2,INDIRECT(Graph!$C$2&\"!$A:$A\",TRUE),0),MATCH($A3,INDIRECT(Graph!$C$2&\"!$4:$4\",TRUE),0))))),NA(),IF(Graph!$C$4=\"Trend\",IF(IF(OR(COLUMN()<7,COLUMN()>60),NA(),AVERAGE(B3:H3))=\"\",NA(),IF(OR(COLUMN()<7,COLUMN()>60),NA(),AVERAGE(B3:H3))),IF(INDEX(INDIRECT(Graph!$C$2&\"!$1:$99999\",TRUE),MATCH(E$2,INDIRECT(Graph!$C$2&\"!$A:$A\",TRUE),0),MATCH($A3,INDIRECT(Graph!$C$2&\"!$4:$4\",TRUE),0))=0,31,INDEX(INDIRECT(Graph!$C$2&\"!$1:$99999\",TRUE),MATCH(E$2,INDIRECT(Graph!$C$2&\"!$A:$A\",TRUE),0),MATCH($A3,INDIRECT(Graph!$C$2&\"!$4:$4\",TRUE),0)))))","v":{"$error":"#N/A"}},{"$f":"IF(ISERR(IF(Graph!$C$4=\"Trend\",IF(IF(OR(COLUMN()<7,COLUMN()>60),NA(),AVERAGE(C3:I3))=\"\",NA(),IF(OR(COLUMN()<7,COLUMN()>60),NA(),AVERAGE(C3:I3))),IF(INDEX(INDIRECT(Graph!$C$2&\"!$1:$99999\",TRUE),MATCH(F$2,INDIRECT(Graph!$C$2&\"!$A:$A\",TRUE),0),MATCH($A3,INDIRECT(Graph!$C$2&\"!$4:$4\",TRUE),0))=0,31,INDEX(INDIRECT(Graph!$C$2&\"!$1:$99999\",TRUE),MATCH(F$2,INDIRECT(Graph!$C$2&\"!$A:$A\",TRUE),0),MATCH($A3,INDIRECT(Graph!$C$2&\"!$4:$4\",TRUE),0))))),NA(),IF(Graph!$C$4=\"Trend\",IF(IF(OR(COLUMN()<7,COLUMN()>60),NA(),AVERAGE(C3:I3))=\"\",NA(),IF(OR(COLUMN()<7,COLUMN()>60),NA(),AVERAGE(C3:I3))),IF(INDEX(INDIRECT(Graph!$C$2&\"!$1:$99999\",TRUE),MATCH(F$2,INDIRECT(Graph!$C$2&\"!$A:$A\",TRUE),0),MATCH($A3,INDIRECT(Graph!$C$2&\"!$4:$4\",TRUE),0))=0,31,INDEX(INDIRECT(Graph!$C$2&\"!$1:$99999\",TRUE),MATCH(F$2,INDIRECT(Graph!$C$2&\"!$A:$A\",TRUE),0),MATCH($A3,INDIRECT(Graph!$C$2&\"!$4:$4\",TRUE),0)))))","v":{"$error":"#N/A"}},{"$f":"IF(ISERR(IF(Graph!$C$4=\"Trend\",IF(IF(OR(COLUMN()<7,COLUMN()>60),NA(),AVERAGE(D3:J3))=\"\",NA(),IF(OR(COLUMN()<7,COLUMN()>60),NA(),AVERAGE(D3:J3))),IF(INDEX(INDIRECT(Graph!$C$2&\"!$1:$99999\",TRUE),MATCH(G$2,INDIRECT(Graph!$C$2&\"!$A:$A\",TRUE),0),MATCH($A3,INDIRECT(Graph!$C$2&\"!$4:$4\",TRUE),0))=0,31,INDEX(INDIRECT(Graph!$C$2&\"!$1:$99999\",TRUE),MATCH(G$2,INDIRECT(Graph!$C$2&\"!$A:$A\",TRUE),0),MATCH($A3,INDIRECT(Graph!$C$2&\"!$4:$4\",TRUE),0))))),NA(),IF(Graph!$C$4=\"Trend\",IF(IF(OR(COLUMN()<7,COLUMN()>60),NA(),AVERAGE(D3:J3))=\"\",NA(),IF(OR(COLUMN()<7,COLUMN()>60),NA(),AVERAGE(D3:J3))),IF(INDEX(INDIRECT(Graph!$C$2&\"!$1:$99999\",TRUE),MATCH(G$2,INDIRECT(Graph!$C$2&\"!$A:$A\",TRUE),0),MATCH($A3,INDIRECT(Graph!$C$2&\"!$4:$4\",TRUE),0))=0,31,INDEX(INDIRECT(Graph!$C$2&\"!$1:$99999\",TRUE),MATCH(G$2,INDIRECT(Graph!$C$2&\"!$A:$A\",TRUE),0),MATCH($A3,INDIRECT(Graph!$C$2&\"!$4:$4\",TRUE),0)))))","v":{"$error":"#N/A"}},{"$f":"IF(ISERR(IF(Graph!$C$4=\"Trend\",IF(IF(OR(COLUMN()<7,COLUMN()>60),NA(),AVERAGE(E3:K3))=\"\",NA(),IF(OR(COLUMN()<7,COLUMN()>60),NA(),AVERAGE(E3:K3))),IF(INDEX(INDIRECT(Graph!$C$2&\"!$1:$99999\",TRUE),MATCH(H$2,INDIRECT(Graph!$C$2&\"!$A:$A\",TRUE),0),MATCH($A3,INDIRECT(Graph!$C$2&\"!$4:$4\",TRUE),0))=0,31,INDEX(INDIRECT(Graph!$C$2&\"!$1:$99999\",TRUE),MATCH(H$2,INDIRECT(Graph!$C$2&\"!$A:$A\",TRUE),0),MATCH($A3,INDIRECT(Graph!$C$2&\"!$4:$4\",TRUE),0))))),NA(),IF(Graph!$C$4=\"Trend\",IF(IF(OR(COLUMN()<7,COLUMN()>60),NA(),AVERAGE(E3:K3))=\"\",NA(),IF(OR(COLUMN()<7,COLUMN()>60),NA(),AVERAGE(E3:K3))),IF(INDEX(INDIRECT(Graph!$C$2&\"!$1:$99999\",TRUE),MATCH(H$2,INDIRECT(Graph!$C$2&\"!$A:$A\",TRUE),0),MATCH($A3,INDIRECT(Graph!$C$2&\"!$4:$4\",TRUE),0))=0,31,INDEX(INDIRECT(Graph!$C$2&\"!$1:$99999\",TRUE),MATCH(H$2,INDIRECT(Graph!$C$2&\"!$A:$A\",TRUE),0),MATCH($A3,INDIRECT(Graph!$C$2&\"!$4:$4\",TRUE),0)))))","v":{"$error":"#N/A"}},{"$f":"IF(ISERR(IF(Graph!$C$4=\"Trend\",IF(IF(OR(COLUMN()<7,COLUMN()>60),NA(),AVERAGE(F3:L3))=\"\",NA(),IF(OR(COLUMN()<7,COLUMN()>60),NA(),AVERAGE(F3:L3))),IF(INDEX(INDIRECT(Graph!$C$2&\"!$1:$99999\",TRUE),MATCH(I$2,INDIRECT(Graph!$C$2&\"!$A:$A\",TRUE),0),MATCH($A3,INDIRECT(Graph!$C$2&\"!$4:$4\",TRUE),0))=0,31,INDEX(INDIRECT(Graph!$C$2&\"!$1:$99999\",TRUE),MATCH(I$2,INDIRECT(Graph!$C$2&\"!$A:$A\",TRUE),0),MATCH($A3,INDIRECT(Graph!$C$2&\"!$4:$4\",TRUE),0))))),NA(),IF(Graph!$C$4=\"Trend\",IF(IF(OR(COLUMN()<7,COLUMN()>60),NA(),AVERAGE(F3:L3))=\"\",NA(),IF(OR(COLUMN()<7,COLUMN()>60),NA(),AVERAGE(F3:L3))),IF(INDEX(INDIRECT(Graph!$C$2&\"!$1:$99999\",TRUE),MATCH(I$2,INDIRECT(Graph!$C$2&\"!$A:$A\",TRUE),0),MATCH($A3,INDIRECT(Graph!$C$2&\"!$4:$4\",TRUE),0))=0,31,INDEX(INDIRECT(Graph!$C$2&\"!$1:$99999\",TRUE),MATCH(I$2,INDIRECT(Graph!$C$2&\"!$A:$A\",TRUE),0),MATCH($A3,INDIRECT(Graph!$C$2&\"!$4:$4\",TRUE),0)))))","v":{"$error":"#N/A"}},{"$f":"IF(ISERR(IF(Graph!$C$4=\"Trend\",IF(IF(OR(COLUMN()<7,COLUMN()>60),NA(),AVERAGE(G3:M3))=\"\",NA(),IF(OR(COLUMN()<7,COLUMN()>60),NA(),AVERAGE(G3:M3))),IF(INDEX(INDIRECT(Graph!$C$2&\"!$1:$99999\",TRUE),MATCH(J$2,INDIRECT(Graph!$C$2&\"!$A:$A\",TRUE),0),MATCH($A3,INDIRECT(Graph!$C$2&\"!$4:$4\",TRUE),0))=0,31,INDEX(INDIRECT(Graph!$C$2&\"!$1:$99999\",TRUE),MATCH(J$2,INDIRECT(Graph!$C$2&\"!$A:$A\",TRUE),0),MATCH($A3,INDIRECT(Graph!$C$2&\"!$4:$4\",TRUE),0))))),NA(),IF(Graph!$C$4=\"Trend\",IF(IF(OR(COLUMN()<7,COLUMN()>60),NA(),AVERAGE(G3:M3))=\"\",NA(),IF(OR(COLUMN()<7,COLUMN()>60),NA(),AVERAGE(G3:M3))),IF(INDEX(INDIRECT(Graph!$C$2&\"!$1:$99999\",TRUE),MATCH(J$2,INDIRECT(Graph!$C$2&\"!$A:$A\",TRUE),0),MATCH($A3,INDIRECT(Graph!$C$2&\"!$4:$4\",TRUE),0))=0,31,INDEX(INDIRECT(Graph!$C$2&\"!$1:$99999\",TRUE),MATCH(J$2,INDIRECT(Graph!$C$2&\"!$A:$A\",TRUE),0),MATCH($A3,INDIRECT(Graph!$C$2&\"!$4:$4\",TRUE),0)))))","v":{"$error":"#N/A"}},{"$f":"IF(ISERR(IF(Graph!$C$4=\"Trend\",IF(IF(OR(COLUMN()<7,COLUMN()>60),NA(),AVERAGE(H3:N3))=\"\",NA(),IF(OR(COLUMN()<7,COLUMN()>60),NA(),AVERAGE(H3:N3))),IF(INDEX(INDIRECT(Graph!$C$2&\"!$1:$99999\",TRUE),MATCH(K$2,INDIRECT(Graph!$C$2&\"!$A:$A\",TRUE),0),MATCH($A3,INDIRECT(Graph!$C$2&\"!$4:$4\",TRUE),0))=0,31,INDEX(INDIRECT(Graph!$C$2&\"!$1:$99999\",TRUE),MATCH(K$2,INDIRECT(Graph!$C$2&\"!$A:$A\",TRUE),0),MATCH($A3,INDIRECT(Graph!$C$2&\"!$4:$4\",TRUE),0))))),NA(),IF(Graph!$C$4=\"Trend\",IF(IF(OR(COLUMN()<7,COLUMN()>60),NA(),AVERAGE(H3:N3))=\"\",NA(),IF(OR(COLUMN()<7,COLUMN()>60),NA(),AVERAGE(H3:N3))),IF(INDEX(INDIRECT(Graph!$C$2&\"!$1:$99999\",TRUE),MATCH(K$2,INDIRECT(Graph!$C$2&\"!$A:$A\",TRUE),0),MATCH($A3,INDIRECT(Graph!$C$2&\"!$4:$4\",TRUE),0))=0,31,INDEX(INDIRECT(Graph!$C$2&\"!$1:$99999\",TRUE),MATCH(K$2,INDIRECT(Graph!$C$2&\"!$A:$A\",TRUE),0),MATCH($A3,INDIRECT(Graph!$C$2&\"!$4:$4\",TRUE),0)))))","v":{"$error":"#N/A"}},{"$f":"IF(ISERR(IF(Graph!$C$4=\"Trend\",IF(IF(OR(COLUMN()<7,COLUMN()>60),NA(),AVERAGE(I3:O3))=\"\",NA(),IF(OR(COLUMN()<7,COLUMN()>60),NA(),AVERAGE(I3:O3))),IF(INDEX(INDIRECT(Graph!$C$2&\"!$1:$99999\",TRUE),MATCH(L$2,INDIRECT(Graph!$C$2&\"!$A:$A\",TRUE),0),MATCH($A3,INDIRECT(Graph!$C$2&\"!$4:$4\",TRUE),0))=0,31,INDEX(INDIRECT(Graph!$C$2&\"!$1:$99999\",TRUE),MATCH(L$2,INDIRECT(Graph!$C$2&\"!$A:$A\",TRUE),0),MATCH($A3,INDIRECT(Graph!$C$2&\"!$4:$4\",TRUE),0))))),NA(),IF(Graph!$C$4=\"Trend\",IF(IF(OR(COLUMN()<7,COLUMN()>60),NA(),AVERAGE(I3:O3))=\"\",NA(),IF(OR(COLUMN()<7,COLUMN()>60),NA(),AVERAGE(I3:O3))),IF(INDEX(INDIRECT(Graph!$C$2&\"!$1:$99999\",TRUE),MATCH(L$2,INDIRECT(Graph!$C$2&\"!$A:$A\",TRUE),0),MATCH($A3,INDIRECT(Graph!$C$2&\"!$4:$4\",TRUE),0))=0,31,INDEX(INDIRECT(Graph!$C$2&\"!$1:$99999\",TRUE),MATCH(L$2,INDIRECT(Graph!$C$2&\"!$A:$A\",TRUE),0),MATCH($A3,INDIRECT(Graph!$C$2&\"!$4:$4\",TRUE),0)))))","v":{"$error":"#N/A"}},{"$f":"IF(ISERR(IF(Graph!$C$4=\"Trend\",IF(IF(OR(COLUMN()<7,COLUMN()>60),NA(),AVERAGE(J3:P3))=\"\",NA(),IF(OR(COLUMN()<7,COLUMN()>60),NA(),AVERAGE(J3:P3))),IF(INDEX(INDIRECT(Graph!$C$2&\"!$1:$99999\",TRUE),MATCH(M$2,INDIRECT(Graph!$C$2&\"!$A:$A\",TRUE),0),MATCH($A3,INDIRECT(Graph!$C$2&\"!$4:$4\",TRUE),0))=0,31,INDEX(INDIRECT(Graph!$C$2&\"!$1:$99999\",TRUE),MATCH(M$2,INDIRECT(Graph!$C$2&\"!$A:$A\",TRUE),0),MATCH($A3,INDIRECT(Graph!$C$2&\"!$4:$4\",TRUE),0))))),NA(),IF(Graph!$C$4=\"Trend\",IF(IF(OR(COLUMN()<7,COLUMN()>60),NA(),AVERAGE(J3:P3))=\"\",NA(),IF(OR(COLUMN()<7,COLUMN()>60),NA(),AVERAGE(J3:P3))),IF(INDEX(INDIRECT(Graph!$C$2&\"!$1:$99999\",TRUE),MATCH(M$2,INDIRECT(Graph!$C$2&\"!$A:$A\",TRUE),0),MATCH($A3,INDIRECT(Graph!$C$2&\"!$4:$4\",TRUE),0))=0,31,INDEX(INDIRECT(Graph!$C$2&\"!$1:$99999\",TRUE),MATCH(M$2,INDIRECT(Graph!$C$2&\"!$A:$A\",TRUE),0),MATCH($A3,INDIRECT(Graph!$C$2&\"!$4:$4\",TRUE),0)))))","v":{"$error":"#N/A"}},{"$f":"IF(ISERR(IF(Graph!$C$4=\"Trend\",IF(IF(OR(COLUMN()<7,COLUMN()>60),NA(),AVERAGE(K3:Q3))=\"\",NA(),IF(OR(COLUMN()<7,COLUMN()>60),NA(),AVERAGE(K3:Q3))),IF(INDEX(INDIRECT(Graph!$C$2&\"!$1:$99999\",TRUE),MATCH(N$2,INDIRECT(Graph!$C$2&\"!$A:$A\",TRUE),0),MATCH($A3,INDIRECT(Graph!$C$2&\"!$4:$4\",TRUE),0))=0,31,INDEX(INDIRECT(Graph!$C$2&\"!$1:$99999\",TRUE),MATCH(N$2,INDIRECT(Graph!$C$2&\"!$A:$A\",TRUE),0),MATCH($A3,INDIRECT(Graph!$C$2&\"!$4:$4\",TRUE),0))))),NA(),IF(Graph!$C$4=\"Trend\",IF(IF(OR(COLUMN()<7,COLUMN()>60),NA(),AVERAGE(K3:Q3))=\"\",NA(),IF(OR(COLUMN()<7,COLUMN()>60),NA(),AVERAGE(K3:Q3))),IF(INDEX(INDIRECT(Graph!$C$2&\"!$1:$99999\",TRUE),MATCH(N$2,INDIRECT(Graph!$C$2&\"!$A:$A\",TRUE),0),MATCH($A3,INDIRECT(Graph!$C$2&\"!$4:$4\",TRUE),0))=0,31,INDEX(INDIRECT(Graph!$C$2&\"!$1:$99999\",TRUE),MATCH(N$2,INDIRECT(Graph!$C$2&\"!$A:$A\",TRUE),0),MATCH($A3,INDIRECT(Graph!$C$2&\"!$4:$4\",TRUE),0)))))","v":{"$error":"#N/A"}},{"$f":"IF(ISERR(IF(Graph!$C$4=\"Trend\",IF(IF(OR(COLUMN()<7,COLUMN()>60),NA(),AVERAGE(L3:R3))=\"\",NA(),IF(OR(COLUMN()<7,COLUMN()>60),NA(),AVERAGE(L3:R3))),IF(INDEX(INDIRECT(Graph!$C$2&\"!$1:$99999\",TRUE),MATCH(O$2,INDIRECT(Graph!$C$2&\"!$A:$A\",TRUE),0),MATCH($A3,INDIRECT(Graph!$C$2&\"!$4:$4\",TRUE),0))=0,31,INDEX(INDIRECT(Graph!$C$2&\"!$1:$99999\",TRUE),MATCH(O$2,INDIRECT(Graph!$C$2&\"!$A:$A\",TRUE),0),MATCH($A3,INDIRECT(Graph!$C$2&\"!$4:$4\",TRUE),0))))),NA(),IF(Graph!$C$4=\"Trend\",IF(IF(OR(COLUMN()<7,COLUMN()>60),NA(),AVERAGE(L3:R3))=\"\",NA(),IF(OR(COLUMN()<7,COLUMN()>60),NA(),AVERAGE(L3:R3))),IF(INDEX(INDIRECT(Graph!$C$2&\"!$1:$99999\",TRUE),MATCH(O$2,INDIRECT(Graph!$C$2&\"!$A:$A\",TRUE),0),MATCH($A3,INDIRECT(Graph!$C$2&\"!$4:$4\",TRUE),0))=0,31,INDEX(INDIRECT(Graph!$C$2&\"!$1:$99999\",TRUE),MATCH(O$2,INDIRECT(Graph!$C$2&\"!$A:$A\",TRUE),0),MATCH($A3,INDIRECT(Graph!$C$2&\"!$4:$4\",TRUE),0)))))","v":{"$error":"#N/A"}},{"$f":"IF(ISERR(IF(Graph!$C$4=\"Trend\",IF(IF(OR(COLUMN()<7,COLUMN()>60),NA(),AVERAGE(M3:S3))=\"\",NA(),IF(OR(COLUMN()<7,COLUMN()>60),NA(),AVERAGE(M3:S3))),IF(INDEX(INDIRECT(Graph!$C$2&\"!$1:$99999\",TRUE),MATCH(P$2,INDIRECT(Graph!$C$2&\"!$A:$A\",TRUE),0),MATCH($A3,INDIRECT(Graph!$C$2&\"!$4:$4\",TRUE),0))=0,31,INDEX(INDIRECT(Graph!$C$2&\"!$1:$99999\",TRUE),MATCH(P$2,INDIRECT(Graph!$C$2&\"!$A:$A\",TRUE),0),MATCH($A3,INDIRECT(Graph!$C$2&\"!$4:$4\",TRUE),0))))),NA(),IF(Graph!$C$4=\"Trend\",IF(IF(OR(COLUMN()<7,COLUMN()>60),NA(),AVERAGE(M3:S3))=\"\",NA(),IF(OR(COLUMN()<7,COLUMN()>60),NA(),AVERAGE(M3:S3))),IF(INDEX(INDIRECT(Graph!$C$2&\"!$1:$99999\",TRUE),MATCH(P$2,INDIRECT(Graph!$C$2&\"!$A:$A\",TRUE),0),MATCH($A3,INDIRECT(Graph!$C$2&\"!$4:$4\",TRUE),0))=0,31,INDEX(INDIRECT(Graph!$C$2&\"!$1:$99999\",TRUE),MATCH(P$2,INDIRECT(Graph!$C$2&\"!$A:$A\",TRUE),0),MATCH($A3,INDIRECT(Graph!$C$2&\"!$4:$4\",TRUE),0)))))","v":{"$error":"#N/A"}},{"$f":"IF(ISERR(IF(Graph!$C$4=\"Trend\",IF(IF(OR(COLUMN()<7,COLUMN()>60),NA(),AVERAGE(N3:T3))=\"\",NA(),IF(OR(COLUMN()<7,COLUMN()>60),NA(),AVERAGE(N3:T3))),IF(INDEX(INDIRECT(Graph!$C$2&\"!$1:$99999\",TRUE),MATCH(Q$2,INDIRECT(Graph!$C$2&\"!$A:$A\",TRUE),0),MATCH($A3,INDIRECT(Graph!$C$2&\"!$4:$4\",TRUE),0))=0,31,INDEX(INDIRECT(Graph!$C$2&\"!$1:$99999\",TRUE),MATCH(Q$2,INDIRECT(Graph!$C$2&\"!$A:$A\",TRUE),0),MATCH($A3,INDIRECT(Graph!$C$2&\"!$4:$4\",TRUE),0))))),NA(),IF(Graph!$C$4=\"Trend\",IF(IF(OR(COLUMN()<7,COLUMN()>60),NA(),AVERAGE(N3:T3))=\"\",NA(),IF(OR(COLUMN()<7,COLUMN()>60),NA(),AVERAGE(N3:T3))),IF(INDEX(INDIRECT(Graph!$C$2&\"!$1:$99999\",TRUE),MATCH(Q$2,INDIRECT(Graph!$C$2&\"!$A:$A\",TRUE),0),MATCH($A3,INDIRECT(Graph!$C$2&\"!$4:$4\",TRUE),0))=0,31,INDEX(INDIRECT(Graph!$C$2&\"!$1:$99999\",TRUE),MATCH(Q$2,INDIRECT(Graph!$C$2&\"!$A:$A\",TRUE),0),MATCH($A3,INDIRECT(Graph!$C$2&\"!$4:$4\",TRUE),0)))))","v":{"$error":"#N/A"}},{"$f":"IF(ISERR(IF(Graph!$C$4=\"Trend\",IF(IF(OR(COLUMN()<7,COLUMN()>60),NA(),AVERAGE(O3:U3))=\"\",NA(),IF(OR(COLUMN()<7,COLUMN()>60),NA(),AVERAGE(O3:U3))),IF(INDEX(INDIRECT(Graph!$C$2&\"!$1:$99999\",TRUE),MATCH(R$2,INDIRECT(Graph!$C$2&\"!$A:$A\",TRUE),0),MATCH($A3,INDIRECT(Graph!$C$2&\"!$4:$4\",TRUE),0))=0,31,INDEX(INDIRECT(Graph!$C$2&\"!$1:$99999\",TRUE),MATCH(R$2,INDIRECT(Graph!$C$2&\"!$A:$A\",TRUE),0),MATCH($A3,INDIRECT(Graph!$C$2&\"!$4:$4\",TRUE),0))))),NA(),IF(Graph!$C$4=\"Trend\",IF(IF(OR(COLUMN()<7,COLUMN()>60),NA(),AVERAGE(O3:U3))=\"\",NA(),IF(OR(COLUMN()<7,COLUMN()>60),NA(),AVERAGE(O3:U3))),IF(INDEX(INDIRECT(Graph!$C$2&\"!$1:$99999\",TRUE),MATCH(R$2,INDIRECT(Graph!$C$2&\"!$A:$A\",TRUE),0),MATCH($A3,INDIRECT(Graph!$C$2&\"!$4:$4\",TRUE),0))=0,31,INDEX(INDIRECT(Graph!$C$2&\"!$1:$99999\",TRUE),MATCH(R$2,INDIRECT(Graph!$C$2&\"!$A:$A\",TRUE),0),MATCH($A3,INDIRECT(Graph!$C$2&\"!$4:$4\",TRUE),0)))))","v":{"$error":"#N/A"}},{"$f":"IF(ISERR(IF(Graph!$C$4=\"Trend\",IF(IF(OR(COLUMN()<7,COLUMN()>60),NA(),AVERAGE(P3:V3))=\"\",NA(),IF(OR(COLUMN()<7,COLUMN()>60),NA(),AVERAGE(P3:V3))),IF(INDEX(INDIRECT(Graph!$C$2&\"!$1:$99999\",TRUE),MATCH(S$2,INDIRECT(Graph!$C$2&\"!$A:$A\",TRUE),0),MATCH($A3,INDIRECT(Graph!$C$2&\"!$4:$4\",TRUE),0))=0,31,INDEX(INDIRECT(Graph!$C$2&\"!$1:$99999\",TRUE),MATCH(S$2,INDIRECT(Graph!$C$2&\"!$A:$A\",TRUE),0),MATCH($A3,INDIRECT(Graph!$C$2&\"!$4:$4\",TRUE),0))))),NA(),IF(Graph!$C$4=\"Trend\",IF(IF(OR(COLUMN()<7,COLUMN()>60),NA(),AVERAGE(P3:V3))=\"\",NA(),IF(OR(COLUMN()<7,COLUMN()>60),NA(),AVERAGE(P3:V3))),IF(INDEX(INDIRECT(Graph!$C$2&\"!$1:$99999\",TRUE),MATCH(S$2,INDIRECT(Graph!$C$2&\"!$A:$A\",TRUE),0),MATCH($A3,INDIRECT(Graph!$C$2&\"!$4:$4\",TRUE),0))=0,31,INDEX(INDIRECT(Graph!$C$2&\"!$1:$99999\",TRUE),MATCH(S$2,INDIRECT(Graph!$C$2&\"!$A:$A\",TRUE),0),MATCH($A3,INDIRECT(Graph!$C$2&\"!$4:$4\",TRUE),0)))))","v":{"$error":"#N/A"}},{"$f":"IF(ISERR(IF(Graph!$C$4=\"Trend\",IF(IF(OR(COLUMN()<7,COLUMN()>60),NA(),AVERAGE(Q3:W3))=\"\",NA(),IF(OR(COLUMN()<7,COLUMN()>60),NA(),AVERAGE(Q3:W3))),IF(INDEX(INDIRECT(Graph!$C$2&\"!$1:$99999\",TRUE),MATCH(T$2,INDIRECT(Graph!$C$2&\"!$A:$A\",TRUE),0),MATCH($A3,INDIRECT(Graph!$C$2&\"!$4:$4\",TRUE),0))=0,31,INDEX(INDIRECT(Graph!$C$2&\"!$1:$99999\",TRUE),MATCH(T$2,INDIRECT(Graph!$C$2&\"!$A:$A\",TRUE),0),MATCH($A3,INDIRECT(Graph!$C$2&\"!$4:$4\",TRUE),0))))),NA(),IF(Graph!$C$4=\"Trend\",IF(IF(OR(COLUMN()<7,COLUMN()>60),NA(),AVERAGE(Q3:W3))=\"\",NA(),IF(OR(COLUMN()<7,COLUMN()>60),NA(),AVERAGE(Q3:W3))),IF(INDEX(INDIRECT(Graph!$C$2&\"!$1:$99999\",TRUE),MATCH(T$2,INDIRECT(Graph!$C$2&\"!$A:$A\",TRUE),0),MATCH($A3,INDIRECT(Graph!$C$2&\"!$4:$4\",TRUE),0))=0,31,INDEX(INDIRECT(Graph!$C$2&\"!$1:$99999\",TRUE),MATCH(T$2,INDIRECT(Graph!$C$2&\"!$A:$A\",TRUE),0),MATCH($A3,INDIRECT(Graph!$C$2&\"!$4:$4\",TRUE),0)))))","v":{"$error":"#N/A"}},{"$f":"IF(ISERR(IF(Graph!$C$4=\"Trend\",IF(IF(OR(COLUMN()<7,COLUMN()>60),NA(),AVERAGE(R3:X3))=\"\",NA(),IF(OR(COLUMN()<7,COLUMN()>60),NA(),AVERAGE(R3:X3))),IF(INDEX(INDIRECT(Graph!$C$2&\"!$1:$99999\",TRUE),MATCH(U$2,INDIRECT(Graph!$C$2&\"!$A:$A\",TRUE),0),MATCH($A3,INDIRECT(Graph!$C$2&\"!$4:$4\",TRUE),0))=0,31,INDEX(INDIRECT(Graph!$C$2&\"!$1:$99999\",TRUE),MATCH(U$2,INDIRECT(Graph!$C$2&\"!$A:$A\",TRUE),0),MATCH($A3,INDIRECT(Graph!$C$2&\"!$4:$4\",TRUE),0))))),NA(),IF(Graph!$C$4=\"Trend\",IF(IF(OR(COLUMN()<7,COLUMN()>60),NA(),AVERAGE(R3:X3))=\"\",NA(),IF(OR(COLUMN()<7,COLUMN()>60),NA(),AVERAGE(R3:X3))),IF(INDEX(INDIRECT(Graph!$C$2&\"!$1:$99999\",TRUE),MATCH(U$2,INDIRECT(Graph!$C$2&\"!$A:$A\",TRUE),0),MATCH($A3,INDIRECT(Graph!$C$2&\"!$4:$4\",TRUE),0))=0,31,INDEX(INDIRECT(Graph!$C$2&\"!$1:$99999\",TRUE),MATCH(U$2,INDIRECT(Graph!$C$2&\"!$A:$A\",TRUE),0),MATCH($A3,INDIRECT(Graph!$C$2&\"!$4:$4\",TRUE),0)))))","v":{"$error":"#N/A"}},{"$f":"IF(ISERR(IF(Graph!$C$4=\"Trend\",IF(IF(OR(COLUMN()<7,COLUMN()>60),NA(),AVERAGE(S3:Y3))=\"\",NA(),IF(OR(COLUMN()<7,COLUMN()>60),NA(),AVERAGE(S3:Y3))),IF(INDEX(INDIRECT(Graph!$C$2&\"!$1:$99999\",TRUE),MATCH(V$2,INDIRECT(Graph!$C$2&\"!$A:$A\",TRUE),0),MATCH($A3,INDIRECT(Graph!$C$2&\"!$4:$4\",TRUE),0))=0,31,INDEX(INDIRECT(Graph!$C$2&\"!$1:$99999\",TRUE),MATCH(V$2,INDIRECT(Graph!$C$2&\"!$A:$A\",TRUE),0),MATCH($A3,INDIRECT(Graph!$C$2&\"!$4:$4\",TRUE),0))))),NA(),IF(Graph!$C$4=\"Trend\",IF(IF(OR(COLUMN()<7,COLUMN()>60),NA(),AVERAGE(S3:Y3))=\"\",NA(),IF(OR(COLUMN()<7,COLUMN()>60),NA(),AVERAGE(S3:Y3))),IF(INDEX(INDIRECT(Graph!$C$2&\"!$1:$99999\",TRUE),MATCH(V$2,INDIRECT(Graph!$C$2&\"!$A:$A\",TRUE),0),MATCH($A3,INDIRECT(Graph!$C$2&\"!$4:$4\",TRUE),0))=0,31,INDEX(INDIRECT(Graph!$C$2&\"!$1:$99999\",TRUE),MATCH(V$2,INDIRECT(Graph!$C$2&\"!$A:$A\",TRUE),0),MATCH($A3,INDIRECT(Graph!$C$2&\"!$4:$4\",TRUE),0)))))","v":{"$error":"#N/A"}},{"$f":"IF(ISERR(IF(Graph!$C$4=\"Trend\",IF(IF(OR(COLUMN()<7,COLUMN()>60),NA(),AVERAGE(T3:Z3))=\"\",NA(),IF(OR(COLUMN()<7,COLUMN()>60),NA(),AVERAGE(T3:Z3))),IF(INDEX(INDIRECT(Graph!$C$2&\"!$1:$99999\",TRUE),MATCH(W$2,INDIRECT(Graph!$C$2&\"!$A:$A\",TRUE),0),MATCH($A3,INDIRECT(Graph!$C$2&\"!$4:$4\",TRUE),0))=0,31,INDEX(INDIRECT(Graph!$C$2&\"!$1:$99999\",TRUE),MATCH(W$2,INDIRECT(Graph!$C$2&\"!$A:$A\",TRUE),0),MATCH($A3,INDIRECT(Graph!$C$2&\"!$4:$4\",TRUE),0))))),NA(),IF(Graph!$C$4=\"Trend\",IF(IF(OR(COLUMN()<7,COLUMN()>60),NA(),AVERAGE(T3:Z3))=\"\",NA(),IF(OR(COLUMN()<7,COLUMN()>60),NA(),AVERAGE(T3:Z3))),IF(INDEX(INDIRECT(Graph!$C$2&\"!$1:$99999\",TRUE),MATCH(W$2,INDIRECT(Graph!$C$2&\"!$A:$A\",TRUE),0),MATCH($A3,INDIRECT(Graph!$C$2&\"!$4:$4\",TRUE),0))=0,31,INDEX(INDIRECT(Graph!$C$2&\"!$1:$99999\",TRUE),MATCH(W$2,INDIRECT(Graph!$C$2&\"!$A:$A\",TRUE),0),MATCH($A3,INDIRECT(Graph!$C$2&\"!$4:$4\",TRUE),0)))))","v":{"$error":"#N/A"}},{"$f":"IF(ISERR(IF(Graph!$C$4=\"Trend\",IF(IF(OR(COLUMN()<7,COLUMN()>60),NA(),AVERAGE(U3:AA3))=\"\",NA(),IF(OR(COLUMN()<7,COLUMN()>60),NA(),AVERAGE(U3:AA3))),IF(INDEX(INDIRECT(Graph!$C$2&\"!$1:$99999\",TRUE),MATCH(X$2,INDIRECT(Graph!$C$2&\"!$A:$A\",TRUE),0),MATCH($A3,INDIRECT(Graph!$C$2&\"!$4:$4\",TRUE),0))=0,31,INDEX(INDIRECT(Graph!$C$2&\"!$1:$99999\",TRUE),MATCH(X$2,INDIRECT(Graph!$C$2&\"!$A:$A\",TRUE),0),MATCH($A3,INDIRECT(Graph!$C$2&\"!$4:$4\",TRUE),0))))),NA(),IF(Graph!$C$4=\"Trend\",IF(IF(OR(COLUMN()<7,COLUMN()>60),NA(),AVERAGE(U3:AA3))=\"\",NA(),IF(OR(COLUMN()<7,COLUMN()>60),NA(),AVERAGE(U3:AA3))),IF(INDEX(INDIRECT(Graph!$C$2&\"!$1:$99999\",TRUE),MATCH(X$2,INDIRECT(Graph!$C$2&\"!$A:$A\",TRUE),0),MATCH($A3,INDIRECT(Graph!$C$2&\"!$4:$4\",TRUE),0))=0,31,INDEX(INDIRECT(Graph!$C$2&\"!$1:$99999\",TRUE),MATCH(X$2,INDIRECT(Graph!$C$2&\"!$A:$A\",TRUE),0),MATCH($A3,INDIRECT(Graph!$C$2&\"!$4:$4\",TRUE),0)))))","v":{"$error":"#N/A"}},{"$f":"IF(ISERR(IF(Graph!$C$4=\"Trend\",IF(IF(OR(COLUMN()<7,COLUMN()>60),NA(),AVERAGE(V3:AB3))=\"\",NA(),IF(OR(COLUMN()<7,COLUMN()>60),NA(),AVERAGE(V3:AB3))),IF(INDEX(INDIRECT(Graph!$C$2&\"!$1:$99999\",TRUE),MATCH(Y$2,INDIRECT(Graph!$C$2&\"!$A:$A\",TRUE),0),MATCH($A3,INDIRECT(Graph!$C$2&\"!$4:$4\",TRUE),0))=0,31,INDEX(INDIRECT(Graph!$C$2&\"!$1:$99999\",TRUE),MATCH(Y$2,INDIRECT(Graph!$C$2&\"!$A:$A\",TRUE),0),MATCH($A3,INDIRECT(Graph!$C$2&\"!$4:$4\",TRUE),0))))),NA(),IF(Graph!$C$4=\"Trend\",IF(IF(OR(COLUMN()<7,COLUMN()>60),NA(),AVERAGE(V3:AB3))=\"\",NA(),IF(OR(COLUMN()<7,COLUMN()>60),NA(),AVERAGE(V3:AB3))),IF(INDEX(INDIRECT(Graph!$C$2&\"!$1:$99999\",TRUE),MATCH(Y$2,INDIRECT(Graph!$C$2&\"!$A:$A\",TRUE),0),MATCH($A3,INDIRECT(Graph!$C$2&\"!$4:$4\",TRUE),0))=0,31,INDEX(INDIRECT(Graph!$C$2&\"!$1:$99999\",TRUE),MATCH(Y$2,INDIRECT(Graph!$C$2&\"!$A:$A\",TRUE),0),MATCH($A3,INDIRECT(Graph!$C$2&\"!$4:$4\",TRUE),0)))))","v":{"$error":"#N/A"}},{"$f":"IF(ISERR(IF(Graph!$C$4=\"Trend\",IF(IF(OR(COLUMN()<7,COLUMN()>60),NA(),AVERAGE(W3:AC3))=\"\",NA(),IF(OR(COLUMN()<7,COLUMN()>60),NA(),AVERAGE(W3:AC3))),IF(INDEX(INDIRECT(Graph!$C$2&\"!$1:$99999\",TRUE),MATCH(Z$2,INDIRECT(Graph!$C$2&\"!$A:$A\",TRUE),0),MATCH($A3,INDIRECT(Graph!$C$2&\"!$4:$4\",TRUE),0))=0,31,INDEX(INDIRECT(Graph!$C$2&\"!$1:$99999\",TRUE),MATCH(Z$2,INDIRECT(Graph!$C$2&\"!$A:$A\",TRUE),0),MATCH($A3,INDIRECT(Graph!$C$2&\"!$4:$4\",TRUE),0))))),NA(),IF(Graph!$C$4=\"Trend\",IF(IF(OR(COLUMN()<7,COLUMN()>60),NA(),AVERAGE(W3:AC3))=\"\",NA(),IF(OR(COLUMN()<7,COLUMN()>60),NA(),AVERAGE(W3:AC3))),IF(INDEX(INDIRECT(Graph!$C$2&\"!$1:$99999\",TRUE),MATCH(Z$2,INDIRECT(Graph!$C$2&\"!$A:$A\",TRUE),0),MATCH($A3,INDIRECT(Graph!$C$2&\"!$4:$4\",TRUE),0))=0,31,INDEX(INDIRECT(Graph!$C$2&\"!$1:$99999\",TRUE),MATCH(Z$2,INDIRECT(Graph!$C$2&\"!$A:$A\",TRUE),0),MATCH($A3,INDIRECT(Graph!$C$2&\"!$4:$4\",TRUE),0)))))","v":{"$error":"#N/A"}},{"$f":"IF(ISERR(IF(Graph!$C$4=\"Trend\",IF(IF(OR(COLUMN()<7,COLUMN()>60),NA(),AVERAGE(X3:AD3))=\"\",NA(),IF(OR(COLUMN()<7,COLUMN()>60),NA(),AVERAGE(X3:AD3))),IF(INDEX(INDIRECT(Graph!$C$2&\"!$1:$99999\",TRUE),MATCH(AA$2,INDIRECT(Graph!$C$2&\"!$A:$A\",TRUE),0),MATCH($A3,INDIRECT(Graph!$C$2&\"!$4:$4\",TRUE),0))=0,31,INDEX(INDIRECT(Graph!$C$2&\"!$1:$99999\",TRUE),MATCH(AA$2,INDIRECT(Graph!$C$2&\"!$A:$A\",TRUE),0),MATCH($A3,INDIRECT(Graph!$C$2&\"!$4:$4\",TRUE),0))))),NA(),IF(Graph!$C$4=\"Trend\",IF(IF(OR(COLUMN()<7,COLUMN()>60),NA(),AVERAGE(X3:AD3))=\"\",NA(),IF(OR(COLUMN()<7,COLUMN()>60),NA(),AVERAGE(X3:AD3))),IF(INDEX(INDIRECT(Graph!$C$2&\"!$1:$99999\",TRUE),MATCH(AA$2,INDIRECT(Graph!$C$2&\"!$A:$A\",TRUE),0),MATCH($A3,INDIRECT(Graph!$C$2&\"!$4:$4\",TRUE),0))=0,31,INDEX(INDIRECT(Graph!$C$2&\"!$1:$99999\",TRUE),MATCH(AA$2,INDIRECT(Graph!$C$2&\"!$A:$A\",TRUE),0),MATCH($A3,INDIRECT(Graph!$C$2&\"!$4:$4\",TRUE),0)))))","v":{"$error":"#N/A"}},{"$f":"IF(ISERR(IF(Graph!$C$4=\"Trend\",IF(IF(OR(COLUMN()<7,COLUMN()>60),NA(),AVERAGE(Y3:AE3))=\"\",NA(),IF(OR(COLUMN()<7,COLUMN()>60),NA(),AVERAGE(Y3:AE3))),IF(INDEX(INDIRECT(Graph!$C$2&\"!$1:$99999\",TRUE),MATCH(AB$2,INDIRECT(Graph!$C$2&\"!$A:$A\",TRUE),0),MATCH($A3,INDIRECT(Graph!$C$2&\"!$4:$4\",TRUE),0))=0,31,INDEX(INDIRECT(Graph!$C$2&\"!$1:$99999\",TRUE),MATCH(AB$2,INDIRECT(Graph!$C$2&\"!$A:$A\",TRUE),0),MATCH($A3,INDIRECT(Graph!$C$2&\"!$4:$4\",TRUE),0))))),NA(),IF(Graph!$C$4=\"Trend\",IF(IF(OR(COLUMN()<7,COLUMN()>60),NA(),AVERAGE(Y3:AE3))=\"\",NA(),IF(OR(COLUMN()<7,COLUMN()>60),NA(),AVERAGE(Y3:AE3))),IF(INDEX(INDIRECT(Graph!$C$2&\"!$1:$99999\",TRUE),MATCH(AB$2,INDIRECT(Graph!$C$2&\"!$A:$A\",TRUE),0),MATCH($A3,INDIRECT(Graph!$C$2&\"!$4:$4\",TRUE),0))=0,31,INDEX(INDIRECT(Graph!$C$2&\"!$1:$99999\",TRUE),MATCH(AB$2,INDIRECT(Graph!$C$2&\"!$A:$A\",TRUE),0),MATCH($A3,INDIRECT(Graph!$C$2&\"!$4:$4\",TRUE),0)))))","v":{"$error":"#N/A"}},{"$f":"IF(ISERR(IF(Graph!$C$4=\"Trend\",IF(IF(OR(COLUMN()<7,COLUMN()>60),NA(),AVERAGE(Z3:AF3))=\"\",NA(),IF(OR(COLUMN()<7,COLUMN()>60),NA(),AVERAGE(Z3:AF3))),IF(INDEX(INDIRECT(Graph!$C$2&\"!$1:$99999\",TRUE),MATCH(AC$2,INDIRECT(Graph!$C$2&\"!$A:$A\",TRUE),0),MATCH($A3,INDIRECT(Graph!$C$2&\"!$4:$4\",TRUE),0))=0,31,INDEX(INDIRECT(Graph!$C$2&\"!$1:$99999\",TRUE),MATCH(AC$2,INDIRECT(Graph!$C$2&\"!$A:$A\",TRUE),0),MATCH($A3,INDIRECT(Graph!$C$2&\"!$4:$4\",TRUE),0))))),NA(),IF(Graph!$C$4=\"Trend\",IF(IF(OR(COLUMN()<7,COLUMN()>60),NA(),AVERAGE(Z3:AF3))=\"\",NA(),IF(OR(COLUMN()<7,COLUMN()>60),NA(),AVERAGE(Z3:AF3))),IF(INDEX(INDIRECT(Graph!$C$2&\"!$1:$99999\",TRUE),MATCH(AC$2,INDIRECT(Graph!$C$2&\"!$A:$A\",TRUE),0),MATCH($A3,INDIRECT(Graph!$C$2&\"!$4:$4\",TRUE),0))=0,31,INDEX(INDIRECT(Graph!$C$2&\"!$1:$99999\",TRUE),MATCH(AC$2,INDIRECT(Graph!$C$2&\"!$A:$A\",TRUE),0),MATCH($A3,INDIRECT(Graph!$C$2&\"!$4:$4\",TRUE),0)))))","v":25},{"$f":"IF(ISERR(IF(Graph!$C$4=\"Trend\",IF(IF(OR(COLUMN()<7,COLUMN()>60),NA(),AVERAGE(AA3:AG3))=\"\",NA(),IF(OR(COLUMN()<7,COLUMN()>60),NA(),AVERAGE(AA3:AG3))),IF(INDEX(INDIRECT(Graph!$C$2&\"!$1:$99999\",TRUE),MATCH(AD$2,INDIRECT(Graph!$C$2&\"!$A:$A\",TRUE),0),MATCH($A3,INDIRECT(Graph!$C$2&\"!$4:$4\",TRUE),0))=0,31,INDEX(INDIRECT(Graph!$C$2&\"!$1:$99999\",TRUE),MATCH(AD$2,INDIRECT(Graph!$C$2&\"!$A:$A\",TRUE),0),MATCH($A3,INDIRECT(Graph!$C$2&\"!$4:$4\",TRUE),0))))),NA(),IF(Graph!$C$4=\"Trend\",IF(IF(OR(COLUMN()<7,COLUMN()>60),NA(),AVERAGE(AA3:AG3))=\"\",NA(),IF(OR(COLUMN()<7,COLUMN()>60),NA(),AVERAGE(AA3:AG3))),IF(INDEX(INDIRECT(Graph!$C$2&\"!$1:$99999\",TRUE),MATCH(AD$2,INDIRECT(Graph!$C$2&\"!$A:$A\",TRUE),0),MATCH($A3,INDIRECT(Graph!$C$2&\"!$4:$4\",TRUE),0))=0,31,INDEX(INDIRECT(Graph!$C$2&\"!$1:$99999\",TRUE),MATCH(AD$2,INDIRECT(Graph!$C$2&\"!$A:$A\",TRUE),0),MATCH($A3,INDIRECT(Graph!$C$2&\"!$4:$4\",TRUE),0)))))","v":25},{"$f":"IF(ISERR(IF(Graph!$C$4=\"Trend\",IF(IF(OR(COLUMN()<7,COLUMN()>60),NA(),AVERAGE(AB3:AH3))=\"\",NA(),IF(OR(COLUMN()<7,COLUMN()>60),NA(),AVERAGE(AB3:AH3))),IF(INDEX(INDIRECT(Graph!$C$2&\"!$1:$99999\",TRUE),MATCH(AE$2,INDIRECT(Graph!$C$2&\"!$A:$A\",TRUE),0),MATCH($A3,INDIRECT(Graph!$C$2&\"!$4:$4\",TRUE),0))=0,31,INDEX(INDIRECT(Graph!$C$2&\"!$1:$99999\",TRUE),MATCH(AE$2,INDIRECT(Graph!$C$2&\"!$A:$A\",TRUE),0),MATCH($A3,INDIRECT(Graph!$C$2&\"!$4:$4\",TRUE),0))))),NA(),IF(Graph!$C$4=\"Trend\",IF(IF(OR(COLUMN()<7,COLUMN()>60),NA(),AVERAGE(AB3:AH3))=\"\",NA(),IF(OR(COLUMN()<7,COLUMN()>60),NA(),AVERAGE(AB3:AH3))),IF(INDEX(INDIRECT(Graph!$C$2&\"!$1:$99999\",TRUE),MATCH(AE$2,INDIRECT(Graph!$C$2&\"!$A:$A\",TRUE),0),MATCH($A3,INDIRECT(Graph!$C$2&\"!$4:$4\",TRUE),0))=0,31,INDEX(INDIRECT(Graph!$C$2&\"!$1:$99999\",TRUE),MATCH(AE$2,INDIRECT(Graph!$C$2&\"!$A:$A\",TRUE),0),MATCH($A3,INDIRECT(Graph!$C$2&\"!$4:$4\",TRUE),0)))))","v":25},{"$f":"IF(ISERR(IF(Graph!$C$4=\"Trend\",IF(IF(OR(COLUMN()<7,COLUMN()>60),NA(),AVERAGE(AC3:AI3))=\"\",NA(),IF(OR(COLUMN()<7,COLUMN()>60),NA(),AVERAGE(AC3:AI3))),IF(INDEX(INDIRECT(Graph!$C$2&\"!$1:$99999\",TRUE),MATCH(AF$2,INDIRECT(Graph!$C$2&\"!$A:$A\",TRUE),0),MATCH($A3,INDIRECT(Graph!$C$2&\"!$4:$4\",TRUE),0))=0,31,INDEX(INDIRECT(Graph!$C$2&\"!$1:$99999\",TRUE),MATCH(AF$2,INDIRECT(Graph!$C$2&\"!$A:$A\",TRUE),0),MATCH($A3,INDIRECT(Graph!$C$2&\"!$4:$4\",TRUE),0))))),NA(),IF(Graph!$C$4=\"Trend\",IF(IF(OR(COLUMN()<7,COLUMN()>60),NA(),AVERAGE(AC3:AI3))=\"\",NA(),IF(OR(COLUMN()<7,COLUMN()>60),NA(),AVERAGE(AC3:AI3))),IF(INDEX(INDIRECT(Graph!$C$2&\"!$1:$99999\",TRUE),MATCH(AF$2,INDIRECT(Graph!$C$2&\"!$A:$A\",TRUE),0),MATCH($A3,INDIRECT(Graph!$C$2&\"!$4:$4\",TRUE),0))=0,31,INDEX(INDIRECT(Graph!$C$2&\"!$1:$99999\",TRUE),MATCH(AF$2,INDIRECT(Graph!$C$2&\"!$A:$A\",TRUE),0),MATCH($A3,INDIRECT(Graph!$C$2&\"!$4:$4\",TRUE),0)))))","v":25},{"$f":"IF(ISERR(IF(Graph!$C$4=\"Trend\",IF(IF(OR(COLUMN()<7,COLUMN()>60),NA(),AVERAGE(AD3:AJ3))=\"\",NA(),IF(OR(COLUMN()<7,COLUMN()>60),NA(),AVERAGE(AD3:AJ3))),IF(INDEX(INDIRECT(Graph!$C$2&\"!$1:$99999\",TRUE),MATCH(AG$2,INDIRECT(Graph!$C$2&\"!$A:$A\",TRUE),0),MATCH($A3,INDIRECT(Graph!$C$2&\"!$4:$4\",TRUE),0))=0,31,INDEX(INDIRECT(Graph!$C$2&\"!$1:$99999\",TRUE),MATCH(AG$2,INDIRECT(Graph!$C$2&\"!$A:$A\",TRUE),0),MATCH($A3,INDIRECT(Graph!$C$2&\"!$4:$4\",TRUE),0))))),NA(),IF(Graph!$C$4=\"Trend\",IF(IF(OR(COLUMN()<7,COLUMN()>60),NA(),AVERAGE(AD3:AJ3))=\"\",NA(),IF(OR(COLUMN()<7,COLUMN()>60),NA(),AVERAGE(AD3:AJ3))),IF(INDEX(INDIRECT(Graph!$C$2&\"!$1:$99999\",TRUE),MATCH(AG$2,INDIRECT(Graph!$C$2&\"!$A:$A\",TRUE),0),MATCH($A3,INDIRECT(Graph!$C$2&\"!$4:$4\",TRUE),0))=0,31,INDEX(INDIRECT(Graph!$C$2&\"!$1:$99999\",TRUE),MATCH(AG$2,INDIRECT(Graph!$C$2&\"!$A:$A\",TRUE),0),MATCH($A3,INDIRECT(Graph!$C$2&\"!$4:$4\",TRUE),0)))))","v":25},{"$f":"IF(ISERR(IF(Graph!$C$4=\"Trend\",IF(IF(OR(COLUMN()<7,COLUMN()>60),NA(),AVERAGE(AE3:AK3))=\"\",NA(),IF(OR(COLUMN()<7,COLUMN()>60),NA(),AVERAGE(AE3:AK3))),IF(INDEX(INDIRECT(Graph!$C$2&\"!$1:$99999\",TRUE),MATCH(AH$2,INDIRECT(Graph!$C$2&\"!$A:$A\",TRUE),0),MATCH($A3,INDIRECT(Graph!$C$2&\"!$4:$4\",TRUE),0))=0,31,INDEX(INDIRECT(Graph!$C$2&\"!$1:$99999\",TRUE),MATCH(AH$2,INDIRECT(Graph!$C$2&\"!$A:$A\",TRUE),0),MATCH($A3,INDIRECT(Graph!$C$2&\"!$4:$4\",TRUE),0))))),NA(),IF(Graph!$C$4=\"Trend\",IF(IF(OR(COLUMN()<7,COLUMN()>60),NA(),AVERAGE(AE3:AK3))=\"\",NA(),IF(OR(COLUMN()<7,COLUMN()>60),NA(),AVERAGE(AE3:AK3))),IF(INDEX(INDIRECT(Graph!$C$2&\"!$1:$99999\",TRUE),MATCH(AH$2,INDIRECT(Graph!$C$2&\"!$A:$A\",TRUE),0),MATCH($A3,INDIRECT(Graph!$C$2&\"!$4:$4\",TRUE),0))=0,31,INDEX(INDIRECT(Graph!$C$2&\"!$1:$99999\",TRUE),MATCH(AH$2,INDIRECT(Graph!$C$2&\"!$A:$A\",TRUE),0),MATCH($A3,INDIRECT(Graph!$C$2&\"!$4:$4\",TRUE),0)))))","v":25},{"$f":"IF(ISERR(IF(Graph!$C$4=\"Trend\",IF(IF(OR(COLUMN()<7,COLUMN()>60),NA(),AVERAGE(AF3:AL3))=\"\",NA(),IF(OR(COLUMN()<7,COLUMN()>60),NA(),AVERAGE(AF3:AL3))),IF(INDEX(INDIRECT(Graph!$C$2&\"!$1:$99999\",TRUE),MATCH(AI$2,INDIRECT(Graph!$C$2&\"!$A:$A\",TRUE),0),MATCH($A3,INDIRECT(Graph!$C$2&\"!$4:$4\",TRUE),0))=0,31,INDEX(INDIRECT(Graph!$C$2&\"!$1:$99999\",TRUE),MATCH(AI$2,INDIRECT(Graph!$C$2&\"!$A:$A\",TRUE),0),MATCH($A3,INDIRECT(Graph!$C$2&\"!$4:$4\",TRUE),0))))),NA(),IF(Graph!$C$4=\"Trend\",IF(IF(OR(COLUMN()<7,COLUMN()>60),NA(),AVERAGE(AF3:AL3))=\"\",NA(),IF(OR(COLUMN()<7,COLUMN()>60),NA(),AVERAGE(AF3:AL3))),IF(INDEX(INDIRECT(Graph!$C$2&\"!$1:$99999\",TRUE),MATCH(AI$2,INDIRECT(Graph!$C$2&\"!$A:$A\",TRUE),0),MATCH($A3,INDIRECT(Graph!$C$2&\"!$4:$4\",TRUE),0))=0,31,INDEX(INDIRECT(Graph!$C$2&\"!$1:$99999\",TRUE),MATCH(AI$2,INDIRECT(Graph!$C$2&\"!$A:$A\",TRUE),0),MATCH($A3,INDIRECT(Graph!$C$2&\"!$4:$4\",TRUE),0)))))","v":25},{"$f":"IF(ISERR(IF(Graph!$C$4=\"Trend\",IF(IF(OR(COLUMN()<7,COLUMN()>60),NA(),AVERAGE(AG3:AM3))=\"\",NA(),IF(OR(COLUMN()<7,COLUMN()>60),NA(),AVERAGE(AG3:AM3))),IF(INDEX(INDIRECT(Graph!$C$2&\"!$1:$99999\",TRUE),MATCH(AJ$2,INDIRECT(Graph!$C$2&\"!$A:$A\",TRUE),0),MATCH($A3,INDIRECT(Graph!$C$2&\"!$4:$4\",TRUE),0))=0,31,INDEX(INDIRECT(Graph!$C$2&\"!$1:$99999\",TRUE),MATCH(AJ$2,INDIRECT(Graph!$C$2&\"!$A:$A\",TRUE),0),MATCH($A3,INDIRECT(Graph!$C$2&\"!$4:$4\",TRUE),0))))),NA(),IF(Graph!$C$4=\"Trend\",IF(IF(OR(COLUMN()<7,COLUMN()>60),NA(),AVERAGE(AG3:AM3))=\"\",NA(),IF(OR(COLUMN()<7,COLUMN()>60),NA(),AVERAGE(AG3:AM3))),IF(INDEX(INDIRECT(Graph!$C$2&\"!$1:$99999\",TRUE),MATCH(AJ$2,INDIRECT(Graph!$C$2&\"!$A:$A\",TRUE),0),MATCH($A3,INDIRECT(Graph!$C$2&\"!$4:$4\",TRUE),0))=0,31,INDEX(INDIRECT(Graph!$C$2&\"!$1:$99999\",TRUE),MATCH(AJ$2,INDIRECT(Graph!$C$2&\"!$A:$A\",TRUE),0),MATCH($A3,INDIRECT(Graph!$C$2&\"!$4:$4\",TRUE),0)))))","v":25},{"$f":"IF(ISERR(IF(Graph!$C$4=\"Trend\",IF(IF(OR(COLUMN()<7,COLUMN()>60),NA(),AVERAGE(AH3:AN3))=\"\",NA(),IF(OR(COLUMN()<7,COLUMN()>60),NA(),AVERAGE(AH3:AN3))),IF(INDEX(INDIRECT(Graph!$C$2&\"!$1:$99999\",TRUE),MATCH(AK$2,INDIRECT(Graph!$C$2&\"!$A:$A\",TRUE),0),MATCH($A3,INDIRECT(Graph!$C$2&\"!$4:$4\",TRUE),0))=0,31,INDEX(INDIRECT(Graph!$C$2&\"!$1:$99999\",TRUE),MATCH(AK$2,INDIRECT(Graph!$C$2&\"!$A:$A\",TRUE),0),MATCH($A3,INDIRECT(Graph!$C$2&\"!$4:$4\",TRUE),0))))),NA(),IF(Graph!$C$4=\"Trend\",IF(IF(OR(COLUMN()<7,COLUMN()>60),NA(),AVERAGE(AH3:AN3))=\"\",NA(),IF(OR(COLUMN()<7,COLUMN()>60),NA(),AVERAGE(AH3:AN3))),IF(INDEX(INDIRECT(Graph!$C$2&\"!$1:$99999\",TRUE),MATCH(AK$2,INDIRECT(Graph!$C$2&\"!$A:$A\",TRUE),0),MATCH($A3,INDIRECT(Graph!$C$2&\"!$4:$4\",TRUE),0))=0,31,INDEX(INDIRECT(Graph!$C$2&\"!$1:$99999\",TRUE),MATCH(AK$2,INDIRECT(Graph!$C$2&\"!$A:$A\",TRUE),0),MATCH($A3,INDIRECT(Graph!$C$2&\"!$4:$4\",TRUE),0)))))","v":25},{"$f":"IF(ISERR(IF(Graph!$C$4=\"Trend\",IF(IF(OR(COLUMN()<7,COLUMN()>60),NA(),AVERAGE(AI3:AO3))=\"\",NA(),IF(OR(COLUMN()<7,COLUMN()>60),NA(),AVERAGE(AI3:AO3))),IF(INDEX(INDIRECT(Graph!$C$2&\"!$1:$99999\",TRUE),MATCH(AL$2,INDIRECT(Graph!$C$2&\"!$A:$A\",TRUE),0),MATCH($A3,INDIRECT(Graph!$C$2&\"!$4:$4\",TRUE),0))=0,31,INDEX(INDIRECT(Graph!$C$2&\"!$1:$99999\",TRUE),MATCH(AL$2,INDIRECT(Graph!$C$2&\"!$A:$A\",TRUE),0),MATCH($A3,INDIRECT(Graph!$C$2&\"!$4:$4\",TRUE),0))))),NA(),IF(Graph!$C$4=\"Trend\",IF(IF(OR(COLUMN()<7,COLUMN()>60),NA(),AVERAGE(AI3:AO3))=\"\",NA(),IF(OR(COLUMN()<7,COLUMN()>60),NA(),AVERAGE(AI3:AO3))),IF(INDEX(INDIRECT(Graph!$C$2&\"!$1:$99999\",TRUE),MATCH(AL$2,INDIRECT(Graph!$C$2&\"!$A:$A\",TRUE),0),MATCH($A3,INDIRECT(Graph!$C$2&\"!$4:$4\",TRUE),0))=0,31,INDEX(INDIRECT(Graph!$C$2&\"!$1:$99999\",TRUE),MATCH(AL$2,INDIRECT(Graph!$C$2&\"!$A:$A\",TRUE),0),MATCH($A3,INDIRECT(Graph!$C$2&\"!$4:$4\",TRUE),0)))))","v":25},{"$f":"IF(ISERR(IF(Graph!$C$4=\"Trend\",IF(IF(OR(COLUMN()<7,COLUMN()>60),NA(),AVERAGE(AJ3:AP3))=\"\",NA(),IF(OR(COLUMN()<7,COLUMN()>60),NA(),AVERAGE(AJ3:AP3))),IF(INDEX(INDIRECT(Graph!$C$2&\"!$1:$99999\",TRUE),MATCH(AM$2,INDIRECT(Graph!$C$2&\"!$A:$A\",TRUE),0),MATCH($A3,INDIRECT(Graph!$C$2&\"!$4:$4\",TRUE),0))=0,31,INDEX(INDIRECT(Graph!$C$2&\"!$1:$99999\",TRUE),MATCH(AM$2,INDIRECT(Graph!$C$2&\"!$A:$A\",TRUE),0),MATCH($A3,INDIRECT(Graph!$C$2&\"!$4:$4\",TRUE),0))))),NA(),IF(Graph!$C$4=\"Trend\",IF(IF(OR(COLUMN()<7,COLUMN()>60),NA(),AVERAGE(AJ3:AP3))=\"\",NA(),IF(OR(COLUMN()<7,COLUMN()>60),NA(),AVERAGE(AJ3:AP3))),IF(INDEX(INDIRECT(Graph!$C$2&\"!$1:$99999\",TRUE),MATCH(AM$2,INDIRECT(Graph!$C$2&\"!$A:$A\",TRUE),0),MATCH($A3,INDIRECT(Graph!$C$2&\"!$4:$4\",TRUE),0))=0,31,INDEX(INDIRECT(Graph!$C$2&\"!$1:$99999\",TRUE),MATCH(AM$2,INDIRECT(Graph!$C$2&\"!$A:$A\",TRUE),0),MATCH($A3,INDIRECT(Graph!$C$2&\"!$4:$4\",TRUE),0)))))","v":25},{"$f":"IF(ISERR(IF(Graph!$C$4=\"Trend\",IF(IF(OR(COLUMN()<7,COLUMN()>60),NA(),AVERAGE(AK3:AQ3))=\"\",NA(),IF(OR(COLUMN()<7,COLUMN()>60),NA(),AVERAGE(AK3:AQ3))),IF(INDEX(INDIRECT(Graph!$C$2&\"!$1:$99999\",TRUE),MATCH(AN$2,INDIRECT(Graph!$C$2&\"!$A:$A\",TRUE),0),MATCH($A3,INDIRECT(Graph!$C$2&\"!$4:$4\",TRUE),0))=0,31,INDEX(INDIRECT(Graph!$C$2&\"!$1:$99999\",TRUE),MATCH(AN$2,INDIRECT(Graph!$C$2&\"!$A:$A\",TRUE),0),MATCH($A3,INDIRECT(Graph!$C$2&\"!$4:$4\",TRUE),0))))),NA(),IF(Graph!$C$4=\"Trend\",IF(IF(OR(COLUMN()<7,COLUMN()>60),NA(),AVERAGE(AK3:AQ3))=\"\",NA(),IF(OR(COLUMN()<7,COLUMN()>60),NA(),AVERAGE(AK3:AQ3))),IF(INDEX(INDIRECT(Graph!$C$2&\"!$1:$99999\",TRUE),MATCH(AN$2,INDIRECT(Graph!$C$2&\"!$A:$A\",TRUE),0),MATCH($A3,INDIRECT(Graph!$C$2&\"!$4:$4\",TRUE),0))=0,31,INDEX(INDIRECT(Graph!$C$2&\"!$1:$99999\",TRUE),MATCH(AN$2,INDIRECT(Graph!$C$2&\"!$A:$A\",TRUE),0),MATCH($A3,INDIRECT(Graph!$C$2&\"!$4:$4\",TRUE),0)))))","v":12},{"$f":"IF(ISERR(IF(Graph!$C$4=\"Trend\",IF(IF(OR(COLUMN()<7,COLUMN()>60),NA(),AVERAGE(AL3:AR3))=\"\",NA(),IF(OR(COLUMN()<7,COLUMN()>60),NA(),AVERAGE(AL3:AR3))),IF(INDEX(INDIRECT(Graph!$C$2&\"!$1:$99999\",TRUE),MATCH(AO$2,INDIRECT(Graph!$C$2&\"!$A:$A\",TRUE),0),MATCH($A3,INDIRECT(Graph!$C$2&\"!$4:$4\",TRUE),0))=0,31,INDEX(INDIRECT(Graph!$C$2&\"!$1:$99999\",TRUE),MATCH(AO$2,INDIRECT(Graph!$C$2&\"!$A:$A\",TRUE),0),MATCH($A3,INDIRECT(Graph!$C$2&\"!$4:$4\",TRUE),0))))),NA(),IF(Graph!$C$4=\"Trend\",IF(IF(OR(COLUMN()<7,COLUMN()>60),NA(),AVERAGE(AL3:AR3))=\"\",NA(),IF(OR(COLUMN()<7,COLUMN()>60),NA(),AVERAGE(AL3:AR3))),IF(INDEX(INDIRECT(Graph!$C$2&\"!$1:$99999\",TRUE),MATCH(AO$2,INDIRECT(Graph!$C$2&\"!$A:$A\",TRUE),0),MATCH($A3,INDIRECT(Graph!$C$2&\"!$4:$4\",TRUE),0))=0,31,INDEX(INDIRECT(Graph!$C$2&\"!$1:$99999\",TRUE),MATCH(AO$2,INDIRECT(Graph!$C$2&\"!$A:$A\",TRUE),0),MATCH($A3,INDIRECT(Graph!$C$2&\"!$4:$4\",TRUE),0)))))","v":12},{"$f":"IF(ISERR(IF(Graph!$C$4=\"Trend\",IF(IF(OR(COLUMN()<7,COLUMN()>60),NA(),AVERAGE(AM3:AS3))=\"\",NA(),IF(OR(COLUMN()<7,COLUMN()>60),NA(),AVERAGE(AM3:AS3))),IF(INDEX(INDIRECT(Graph!$C$2&\"!$1:$99999\",TRUE),MATCH(AP$2,INDIRECT(Graph!$C$2&\"!$A:$A\",TRUE),0),MATCH($A3,INDIRECT(Graph!$C$2&\"!$4:$4\",TRUE),0))=0,31,INDEX(INDIRECT(Graph!$C$2&\"!$1:$99999\",TRUE),MATCH(AP$2,INDIRECT(Graph!$C$2&\"!$A:$A\",TRUE),0),MATCH($A3,INDIRECT(Graph!$C$2&\"!$4:$4\",TRUE),0))))),NA(),IF(Graph!$C$4=\"Trend\",IF(IF(OR(COLUMN()<7,COLUMN()>60),NA(),AVERAGE(AM3:AS3))=\"\",NA(),IF(OR(COLUMN()<7,COLUMN()>60),NA(),AVERAGE(AM3:AS3))),IF(INDEX(INDIRECT(Graph!$C$2&\"!$1:$99999\",TRUE),MATCH(AP$2,INDIRECT(Graph!$C$2&\"!$A:$A\",TRUE),0),MATCH($A3,INDIRECT(Graph!$C$2&\"!$4:$4\",TRUE),0))=0,31,INDEX(INDIRECT(Graph!$C$2&\"!$1:$99999\",TRUE),MATCH(AP$2,INDIRECT(Graph!$C$2&\"!$A:$A\",TRUE),0),MATCH($A3,INDIRECT(Graph!$C$2&\"!$4:$4\",TRUE),0)))))","v":12},{"$f":"IF(ISERR(IF(Graph!$C$4=\"Trend\",IF(IF(OR(COLUMN()<7,COLUMN()>60),NA(),AVERAGE(AN3:AT3))=\"\",NA(),IF(OR(COLUMN()<7,COLUMN()>60),NA(),AVERAGE(AN3:AT3))),IF(INDEX(INDIRECT(Graph!$C$2&\"!$1:$99999\",TRUE),MATCH(AQ$2,INDIRECT(Graph!$C$2&\"!$A:$A\",TRUE),0),MATCH($A3,INDIRECT(Graph!$C$2&\"!$4:$4\",TRUE),0))=0,31,INDEX(INDIRECT(Graph!$C$2&\"!$1:$99999\",TRUE),MATCH(AQ$2,INDIRECT(Graph!$C$2&\"!$A:$A\",TRUE),0),MATCH($A3,INDIRECT(Graph!$C$2&\"!$4:$4\",TRUE),0))))),NA(),IF(Graph!$C$4=\"Trend\",IF(IF(OR(COLUMN()<7,COLUMN()>60),NA(),AVERAGE(AN3:AT3))=\"\",NA(),IF(OR(COLUMN()<7,COLUMN()>60),NA(),AVERAGE(AN3:AT3))),IF(INDEX(INDIRECT(Graph!$C$2&\"!$1:$99999\",TRUE),MATCH(AQ$2,INDIRECT(Graph!$C$2&\"!$A:$A\",TRUE),0),MATCH($A3,INDIRECT(Graph!$C$2&\"!$4:$4\",TRUE),0))=0,31,INDEX(INDIRECT(Graph!$C$2&\"!$1:$99999\",TRUE),MATCH(AQ$2,INDIRECT(Graph!$C$2&\"!$A:$A\",TRUE),0),MATCH($A3,INDIRECT(Graph!$C$2&\"!$4:$4\",TRUE),0)))))","v":12},{"$f":"IF(ISERR(IF(Graph!$C$4=\"Trend\",IF(IF(OR(COLUMN()<7,COLUMN()>60),NA(),AVERAGE(AO3:AU3))=\"\",NA(),IF(OR(COLUMN()<7,COLUMN()>60),NA(),AVERAGE(AO3:AU3))),IF(INDEX(INDIRECT(Graph!$C$2&\"!$1:$99999\",TRUE),MATCH(AR$2,INDIRECT(Graph!$C$2&\"!$A:$A\",TRUE),0),MATCH($A3,INDIRECT(Graph!$C$2&\"!$4:$4\",TRUE),0))=0,31,INDEX(INDIRECT(Graph!$C$2&\"!$1:$99999\",TRUE),MATCH(AR$2,INDIRECT(Graph!$C$2&\"!$A:$A\",TRUE),0),MATCH($A3,INDIRECT(Graph!$C$2&\"!$4:$4\",TRUE),0))))),NA(),IF(Graph!$C$4=\"Trend\",IF(IF(OR(COLUMN()<7,COLUMN()>60),NA(),AVERAGE(AO3:AU3))=\"\",NA(),IF(OR(COLUMN()<7,COLUMN()>60),NA(),AVERAGE(AO3:AU3))),IF(INDEX(INDIRECT(Graph!$C$2&\"!$1:$99999\",TRUE),MATCH(AR$2,INDIRECT(Graph!$C$2&\"!$A:$A\",TRUE),0),MATCH($A3,INDIRECT(Graph!$C$2&\"!$4:$4\",TRUE),0))=0,31,INDEX(INDIRECT(Graph!$C$2&\"!$1:$99999\",TRUE),MATCH(AR$2,INDIRECT(Graph!$C$2&\"!$A:$A\",TRUE),0),MATCH($A3,INDIRECT(Graph!$C$2&\"!$4:$4\",TRUE),0)))))","v":12},{"$f":"IF(ISERR(IF(Graph!$C$4=\"Trend\",IF(IF(OR(COLUMN()<7,COLUMN()>60),NA(),AVERAGE(AP3:AV3))=\"\",NA(),IF(OR(COLUMN()<7,COLUMN()>60),NA(),AVERAGE(AP3:AV3))),IF(INDEX(INDIRECT(Graph!$C$2&\"!$1:$99999\",TRUE),MATCH(AS$2,INDIRECT(Graph!$C$2&\"!$A:$A\",TRUE),0),MATCH($A3,INDIRECT(Graph!$C$2&\"!$4:$4\",TRUE),0))=0,31,INDEX(INDIRECT(Graph!$C$2&\"!$1:$99999\",TRUE),MATCH(AS$2,INDIRECT(Graph!$C$2&\"!$A:$A\",TRUE),0),MATCH($A3,INDIRECT(Graph!$C$2&\"!$4:$4\",TRUE),0))))),NA(),IF(Graph!$C$4=\"Trend\",IF(IF(OR(COLUMN()<7,COLUMN()>60),NA(),AVERAGE(AP3:AV3))=\"\",NA(),IF(OR(COLUMN()<7,COLUMN()>60),NA(),AVERAGE(AP3:AV3))),IF(INDEX(INDIRECT(Graph!$C$2&\"!$1:$99999\",TRUE),MATCH(AS$2,INDIRECT(Graph!$C$2&\"!$A:$A\",TRUE),0),MATCH($A3,INDIRECT(Graph!$C$2&\"!$4:$4\",TRUE),0))=0,31,INDEX(INDIRECT(Graph!$C$2&\"!$1:$99999\",TRUE),MATCH(AS$2,INDIRECT(Graph!$C$2&\"!$A:$A\",TRUE),0),MATCH($A3,INDIRECT(Graph!$C$2&\"!$4:$4\",TRUE),0)))))","v":12},{"$f":"IF(ISERR(IF(Graph!$C$4=\"Trend\",IF(IF(OR(COLUMN()<7,COLUMN()>60),NA(),AVERAGE(AQ3:AW3))=\"\",NA(),IF(OR(COLUMN()<7,COLUMN()>60),NA(),AVERAGE(AQ3:AW3))),IF(INDEX(INDIRECT(Graph!$C$2&\"!$1:$99999\",TRUE),MATCH(AT$2,INDIRECT(Graph!$C$2&\"!$A:$A\",TRUE),0),MATCH($A3,INDIRECT(Graph!$C$2&\"!$4:$4\",TRUE),0))=0,31,INDEX(INDIRECT(Graph!$C$2&\"!$1:$99999\",TRUE),MATCH(AT$2,INDIRECT(Graph!$C$2&\"!$A:$A\",TRUE),0),MATCH($A3,INDIRECT(Graph!$C$2&\"!$4:$4\",TRUE),0))))),NA(),IF(Graph!$C$4=\"Trend\",IF(IF(OR(COLUMN()<7,COLUMN()>60),NA(),AVERAGE(AQ3:AW3))=\"\",NA(),IF(OR(COLUMN()<7,COLUMN()>60),NA(),AVERAGE(AQ3:AW3))),IF(INDEX(INDIRECT(Graph!$C$2&\"!$1:$99999\",TRUE),MATCH(AT$2,INDIRECT(Graph!$C$2&\"!$A:$A\",TRUE),0),MATCH($A3,INDIRECT(Graph!$C$2&\"!$4:$4\",TRUE),0))=0,31,INDEX(INDIRECT(Graph!$C$2&\"!$1:$99999\",TRUE),MATCH(AT$2,INDIRECT(Graph!$C$2&\"!$A:$A\",TRUE),0),MATCH($A3,INDIRECT(Graph!$C$2&\"!$4:$4\",TRUE),0)))))","v":12},{"$f":"IF(ISERR(IF(Graph!$C$4=\"Trend\",IF(IF(OR(COLUMN()<7,COLUMN()>60),NA(),AVERAGE(AR3:AX3))=\"\",NA(),IF(OR(COLUMN()<7,COLUMN()>60),NA(),AVERAGE(AR3:AX3))),IF(INDEX(INDIRECT(Graph!$C$2&\"!$1:$99999\",TRUE),MATCH(AU$2,INDIRECT(Graph!$C$2&\"!$A:$A\",TRUE),0),MATCH($A3,INDIRECT(Graph!$C$2&\"!$4:$4\",TRUE),0))=0,31,INDEX(INDIRECT(Graph!$C$2&\"!$1:$99999\",TRUE),MATCH(AU$2,INDIRECT(Graph!$C$2&\"!$A:$A\",TRUE),0),MATCH($A3,INDIRECT(Graph!$C$2&\"!$4:$4\",TRUE),0))))),NA(),IF(Graph!$C$4=\"Trend\",IF(IF(OR(COLUMN()<7,COLUMN()>60),NA(),AVERAGE(AR3:AX3))=\"\",NA(),IF(OR(COLUMN()<7,COLUMN()>60),NA(),AVERAGE(AR3:AX3))),IF(INDEX(INDIRECT(Graph!$C$2&\"!$1:$99999\",TRUE),MATCH(AU$2,INDIRECT(Graph!$C$2&\"!$A:$A\",TRUE),0),MATCH($A3,INDIRECT(Graph!$C$2&\"!$4:$4\",TRUE),0))=0,31,INDEX(INDIRECT(Graph!$C$2&\"!$1:$99999\",TRUE),MATCH(AU$2,INDIRECT(Graph!$C$2&\"!$A:$A\",TRUE),0),MATCH($A3,INDIRECT(Graph!$C$2&\"!$4:$4\",TRUE),0)))))","v":12},{"$f":"IF(ISERR(IF(Graph!$C$4=\"Trend\",IF(IF(OR(COLUMN()<7,COLUMN()>60),NA(),AVERAGE(AS3:AY3))=\"\",NA(),IF(OR(COLUMN()<7,COLUMN()>60),NA(),AVERAGE(AS3:AY3))),IF(INDEX(INDIRECT(Graph!$C$2&\"!$1:$99999\",TRUE),MATCH(AV$2,INDIRECT(Graph!$C$2&\"!$A:$A\",TRUE),0),MATCH($A3,INDIRECT(Graph!$C$2&\"!$4:$4\",TRUE),0))=0,31,INDEX(INDIRECT(Graph!$C$2&\"!$1:$99999\",TRUE),MATCH(AV$2,INDIRECT(Graph!$C$2&\"!$A:$A\",TRUE),0),MATCH($A3,INDIRECT(Graph!$C$2&\"!$4:$4\",TRUE),0))))),NA(),IF(Graph!$C$4=\"Trend\",IF(IF(OR(COLUMN()<7,COLUMN()>60),NA(),AVERAGE(AS3:AY3))=\"\",NA(),IF(OR(COLUMN()<7,COLUMN()>60),NA(),AVERAGE(AS3:AY3))),IF(INDEX(INDIRECT(Graph!$C$2&\"!$1:$99999\",TRUE),MATCH(AV$2,INDIRECT(Graph!$C$2&\"!$A:$A\",TRUE),0),MATCH($A3,INDIRECT(Graph!$C$2&\"!$4:$4\",TRUE),0))=0,31,INDEX(INDIRECT(Graph!$C$2&\"!$1:$99999\",TRUE),MATCH(AV$2,INDIRECT(Graph!$C$2&\"!$A:$A\",TRUE),0),MATCH($A3,INDIRECT(Graph!$C$2&\"!$4:$4\",TRUE),0)))))","v":12},{"$f":"IF(ISERR(IF(Graph!$C$4=\"Trend\",IF(IF(OR(COLUMN()<7,COLUMN()>60),NA(),AVERAGE(AT3:AZ3))=\"\",NA(),IF(OR(COLUMN()<7,COLUMN()>60),NA(),AVERAGE(AT3:AZ3))),IF(INDEX(INDIRECT(Graph!$C$2&\"!$1:$99999\",TRUE),MATCH(AW$2,INDIRECT(Graph!$C$2&\"!$A:$A\",TRUE),0),MATCH($A3,INDIRECT(Graph!$C$2&\"!$4:$4\",TRUE),0))=0,31,INDEX(INDIRECT(Graph!$C$2&\"!$1:$99999\",TRUE),MATCH(AW$2,INDIRECT(Graph!$C$2&\"!$A:$A\",TRUE),0),MATCH($A3,INDIRECT(Graph!$C$2&\"!$4:$4\",TRUE),0))))),NA(),IF(Graph!$C$4=\"Trend\",IF(IF(OR(COLUMN()<7,COLUMN()>60),NA(),AVERAGE(AT3:AZ3))=\"\",NA(),IF(OR(COLUMN()<7,COLUMN()>60),NA(),AVERAGE(AT3:AZ3))),IF(INDEX(INDIRECT(Graph!$C$2&\"!$1:$99999\",TRUE),MATCH(AW$2,INDIRECT(Graph!$C$2&\"!$A:$A\",TRUE),0),MATCH($A3,INDIRECT(Graph!$C$2&\"!$4:$4\",TRUE),0))=0,31,INDEX(INDIRECT(Graph!$C$2&\"!$1:$99999\",TRUE),MATCH(AW$2,INDIRECT(Graph!$C$2&\"!$A:$A\",TRUE),0),MATCH($A3,INDIRECT(Graph!$C$2&\"!$4:$4\",TRUE),0)))))","v":11},{"$f":"IF(ISERR(IF(Graph!$C$4=\"Trend\",IF(IF(OR(COLUMN()<7,COLUMN()>60),NA(),AVERAGE(AU3:BA3))=\"\",NA(),IF(OR(COLUMN()<7,COLUMN()>60),NA(),AVERAGE(AU3:BA3))),IF(INDEX(INDIRECT(Graph!$C$2&\"!$1:$99999\",TRUE),MATCH(AX$2,INDIRECT(Graph!$C$2&\"!$A:$A\",TRUE),0),MATCH($A3,INDIRECT(Graph!$C$2&\"!$4:$4\",TRUE),0))=0,31,INDEX(INDIRECT(Graph!$C$2&\"!$1:$99999\",TRUE),MATCH(AX$2,INDIRECT(Graph!$C$2&\"!$A:$A\",TRUE),0),MATCH($A3,INDIRECT(Graph!$C$2&\"!$4:$4\",TRUE),0))))),NA(),IF(Graph!$C$4=\"Trend\",IF(IF(OR(COLUMN()<7,COLUMN()>60),NA(),AVERAGE(AU3:BA3))=\"\",NA(),IF(OR(COLUMN()<7,COLUMN()>60),NA(),AVERAGE(AU3:BA3))),IF(INDEX(INDIRECT(Graph!$C$2&\"!$1:$99999\",TRUE),MATCH(AX$2,INDIRECT(Graph!$C$2&\"!$A:$A\",TRUE),0),MATCH($A3,INDIRECT(Graph!$C$2&\"!$4:$4\",TRUE),0))=0,31,INDEX(INDIRECT(Graph!$C$2&\"!$1:$99999\",TRUE),MATCH(AX$2,INDIRECT(Graph!$C$2&\"!$A:$A\",TRUE),0),MATCH($A3,INDIRECT(Graph!$C$2&\"!$4:$4\",TRUE),0)))))","v":10},{"$f":"IF(ISERR(IF(Graph!$C$4=\"Trend\",IF(IF(OR(COLUMN()<7,COLUMN()>60),NA(),AVERAGE(AV3:BB3))=\"\",NA(),IF(OR(COLUMN()<7,COLUMN()>60),NA(),AVERAGE(AV3:BB3))),IF(INDEX(INDIRECT(Graph!$C$2&\"!$1:$99999\",TRUE),MATCH(AY$2,INDIRECT(Graph!$C$2&\"!$A:$A\",TRUE),0),MATCH($A3,INDIRECT(Graph!$C$2&\"!$4:$4\",TRUE),0))=0,31,INDEX(INDIRECT(Graph!$C$2&\"!$1:$99999\",TRUE),MATCH(AY$2,INDIRECT(Graph!$C$2&\"!$A:$A\",TRUE),0),MATCH($A3,INDIRECT(Graph!$C$2&\"!$4:$4\",TRUE),0))))),NA(),IF(Graph!$C$4=\"Trend\",IF(IF(OR(COLUMN()<7,COLUMN()>60),NA(),AVERAGE(AV3:BB3))=\"\",NA(),IF(OR(COLUMN()<7,COLUMN()>60),NA(),AVERAGE(AV3:BB3))),IF(INDEX(INDIRECT(Graph!$C$2&\"!$1:$99999\",TRUE),MATCH(AY$2,INDIRECT(Graph!$C$2&\"!$A:$A\",TRUE),0),MATCH($A3,INDIRECT(Graph!$C$2&\"!$4:$4\",TRUE),0))=0,31,INDEX(INDIRECT(Graph!$C$2&\"!$1:$99999\",TRUE),MATCH(AY$2,INDIRECT(Graph!$C$2&\"!$A:$A\",TRUE),0),MATCH($A3,INDIRECT(Graph!$C$2&\"!$4:$4\",TRUE),0)))))","v":10},{"$f":"IF(ISERR(IF(Graph!$C$4=\"Trend\",IF(IF(OR(COLUMN()<7,COLUMN()>60),NA(),AVERAGE(AW3:BC3))=\"\",NA(),IF(OR(COLUMN()<7,COLUMN()>60),NA(),AVERAGE(AW3:BC3))),IF(INDEX(INDIRECT(Graph!$C$2&\"!$1:$99999\",TRUE),MATCH(AZ$2,INDIRECT(Graph!$C$2&\"!$A:$A\",TRUE),0),MATCH($A3,INDIRECT(Graph!$C$2&\"!$4:$4\",TRUE),0))=0,31,INDEX(INDIRECT(Graph!$C$2&\"!$1:$99999\",TRUE),MATCH(AZ$2,INDIRECT(Graph!$C$2&\"!$A:$A\",TRUE),0),MATCH($A3,INDIRECT(Graph!$C$2&\"!$4:$4\",TRUE),0))))),NA(),IF(Graph!$C$4=\"Trend\",IF(IF(OR(COLUMN()<7,COLUMN()>60),NA(),AVERAGE(AW3:BC3))=\"\",NA(),IF(OR(COLUMN()<7,COLUMN()>60),NA(),AVERAGE(AW3:BC3))),IF(INDEX(INDIRECT(Graph!$C$2&\"!$1:$99999\",TRUE),MATCH(AZ$2,INDIRECT(Graph!$C$2&\"!$A:$A\",TRUE),0),MATCH($A3,INDIRECT(Graph!$C$2&\"!$4:$4\",TRUE),0))=0,31,INDEX(INDIRECT(Graph!$C$2&\"!$1:$99999\",TRUE),MATCH(AZ$2,INDIRECT(Graph!$C$2&\"!$A:$A\",TRUE),0),MATCH($A3,INDIRECT(Graph!$C$2&\"!$4:$4\",TRUE),0)))))","v":10},{"$f":"IF(ISERR(IF(Graph!$C$4=\"Trend\",IF(IF(OR(COLUMN()<7,COLUMN()>60),NA(),AVERAGE(AX3:BD3))=\"\",NA(),IF(OR(COLUMN()<7,COLUMN()>60),NA(),AVERAGE(AX3:BD3))),IF(INDEX(INDIRECT(Graph!$C$2&\"!$1:$99999\",TRUE),MATCH(BA$2,INDIRECT(Graph!$C$2&\"!$A:$A\",TRUE),0),MATCH($A3,INDIRECT(Graph!$C$2&\"!$4:$4\",TRUE),0))=0,31,INDEX(INDIRECT(Graph!$C$2&\"!$1:$99999\",TRUE),MATCH(BA$2,INDIRECT(Graph!$C$2&\"!$A:$A\",TRUE),0),MATCH($A3,INDIRECT(Graph!$C$2&\"!$4:$4\",TRUE),0))))),NA(),IF(Graph!$C$4=\"Trend\",IF(IF(OR(COLUMN()<7,COLUMN()>60),NA(),AVERAGE(AX3:BD3))=\"\",NA(),IF(OR(COLUMN()<7,COLUMN()>60),NA(),AVERAGE(AX3:BD3))),IF(INDEX(INDIRECT(Graph!$C$2&\"!$1:$99999\",TRUE),MATCH(BA$2,INDIRECT(Graph!$C$2&\"!$A:$A\",TRUE),0),MATCH($A3,INDIRECT(Graph!$C$2&\"!$4:$4\",TRUE),0))=0,31,INDEX(INDIRECT(Graph!$C$2&\"!$1:$99999\",TRUE),MATCH(BA$2,INDIRECT(Graph!$C$2&\"!$A:$A\",TRUE),0),MATCH($A3,INDIRECT(Graph!$C$2&\"!$4:$4\",TRUE),0)))))","v":9},{"$f":"IF(ISERR(IF(Graph!$C$4=\"Trend\",IF(IF(OR(COLUMN()<7,COLUMN()>60),NA(),AVERAGE(AY3:BE3))=\"\",NA(),IF(OR(COLUMN()<7,COLUMN()>60),NA(),AVERAGE(AY3:BE3))),IF(INDEX(INDIRECT(Graph!$C$2&\"!$1:$99999\",TRUE),MATCH(BB$2,INDIRECT(Graph!$C$2&\"!$A:$A\",TRUE),0),MATCH($A3,INDIRECT(Graph!$C$2&\"!$4:$4\",TRUE),0))=0,31,INDEX(INDIRECT(Graph!$C$2&\"!$1:$99999\",TRUE),MATCH(BB$2,INDIRECT(Graph!$C$2&\"!$A:$A\",TRUE),0),MATCH($A3,INDIRECT(Graph!$C$2&\"!$4:$4\",TRUE),0))))),NA(),IF(Graph!$C$4=\"Trend\",IF(IF(OR(COLUMN()<7,COLUMN()>60),NA(),AVERAGE(AY3:BE3))=\"\",NA(),IF(OR(COLUMN()<7,COLUMN()>60),NA(),AVERAGE(AY3:BE3))),IF(INDEX(INDIRECT(Graph!$C$2&\"!$1:$99999\",TRUE),MATCH(BB$2,INDIRECT(Graph!$C$2&\"!$A:$A\",TRUE),0),MATCH($A3,INDIRECT(Graph!$C$2&\"!$4:$4\",TRUE),0))=0,31,INDEX(INDIRECT(Graph!$C$2&\"!$1:$99999\",TRUE),MATCH(BB$2,INDIRECT(Graph!$C$2&\"!$A:$A\",TRUE),0),MATCH($A3,INDIRECT(Graph!$C$2&\"!$4:$4\",TRUE),0)))))","v":9},{"$f":"IF(ISERR(IF(Graph!$C$4=\"Trend\",IF(IF(OR(COLUMN()<7,COLUMN()>60),NA(),AVERAGE(AZ3:BF3))=\"\",NA(),IF(OR(COLUMN()<7,COLUMN()>60),NA(),AVERAGE(AZ3:BF3))),IF(INDEX(INDIRECT(Graph!$C$2&\"!$1:$99999\",TRUE),MATCH(BC$2,INDIRECT(Graph!$C$2&\"!$A:$A\",TRUE),0),MATCH($A3,INDIRECT(Graph!$C$2&\"!$4:$4\",TRUE),0))=0,31,INDEX(INDIRECT(Graph!$C$2&\"!$1:$99999\",TRUE),MATCH(BC$2,INDIRECT(Graph!$C$2&\"!$A:$A\",TRUE),0),MATCH($A3,INDIRECT(Graph!$C$2&\"!$4:$4\",TRUE),0))))),NA(),IF(Graph!$C$4=\"Trend\",IF(IF(OR(COLUMN()<7,COLUMN()>60),NA(),AVERAGE(AZ3:BF3))=\"\",NA(),IF(OR(COLUMN()<7,COLUMN()>60),NA(),AVERAGE(AZ3:BF3))),IF(INDEX(INDIRECT(Graph!$C$2&\"!$1:$99999\",TRUE),MATCH(BC$2,INDIRECT(Graph!$C$2&\"!$A:$A\",TRUE),0),MATCH($A3,INDIRECT(Graph!$C$2&\"!$4:$4\",TRUE),0))=0,31,INDEX(INDIRECT(Graph!$C$2&\"!$1:$99999\",TRUE),MATCH(BC$2,INDIRECT(Graph!$C$2&\"!$A:$A\",TRUE),0),MATCH($A3,INDIRECT(Graph!$C$2&\"!$4:$4\",TRUE),0)))))","v":2},{"$f":"IF(ISERR(IF(Graph!$C$4=\"Trend\",IF(IF(OR(COLUMN()<7,COLUMN()>60),NA(),AVERAGE(BA3:BG3))=\"\",NA(),IF(OR(COLUMN()<7,COLUMN()>60),NA(),AVERAGE(BA3:BG3))),IF(INDEX(INDIRECT(Graph!$C$2&\"!$1:$99999\",TRUE),MATCH(BD$2,INDIRECT(Graph!$C$2&\"!$A:$A\",TRUE),0),MATCH($A3,INDIRECT(Graph!$C$2&\"!$4:$4\",TRUE),0))=0,31,INDEX(INDIRECT(Graph!$C$2&\"!$1:$99999\",TRUE),MATCH(BD$2,INDIRECT(Graph!$C$2&\"!$A:$A\",TRUE),0),MATCH($A3,INDIRECT(Graph!$C$2&\"!$4:$4\",TRUE),0))))),NA(),IF(Graph!$C$4=\"Trend\",IF(IF(OR(COLUMN()<7,COLUMN()>60),NA(),AVERAGE(BA3:BG3))=\"\",NA(),IF(OR(COLUMN()<7,COLUMN()>60),NA(),AVERAGE(BA3:BG3))),IF(INDEX(INDIRECT(Graph!$C$2&\"!$1:$99999\",TRUE),MATCH(BD$2,INDIRECT(Graph!$C$2&\"!$A:$A\",TRUE),0),MATCH($A3,INDIRECT(Graph!$C$2&\"!$4:$4\",TRUE),0))=0,31,INDEX(INDIRECT(Graph!$C$2&\"!$1:$99999\",TRUE),MATCH(BD$2,INDIRECT(Graph!$C$2&\"!$A:$A\",TRUE),0),MATCH($A3,INDIRECT(Graph!$C$2&\"!$4:$4\",TRUE),0)))))","v":2},{"$f":"IF(ISERR(IF(Graph!$C$4=\"Trend\",IF(IF(OR(COLUMN()<7,COLUMN()>60),NA(),AVERAGE(BB3:BH3))=\"\",NA(),IF(OR(COLUMN()<7,COLUMN()>60),NA(),AVERAGE(BB3:BH3))),IF(INDEX(INDIRECT(Graph!$C$2&\"!$1:$99999\",TRUE),MATCH(BE$2,INDIRECT(Graph!$C$2&\"!$A:$A\",TRUE),0),MATCH($A3,INDIRECT(Graph!$C$2&\"!$4:$4\",TRUE),0))=0,31,INDEX(INDIRECT(Graph!$C$2&\"!$1:$99999\",TRUE),MATCH(BE$2,INDIRECT(Graph!$C$2&\"!$A:$A\",TRUE),0),MATCH($A3,INDIRECT(Graph!$C$2&\"!$4:$4\",TRUE),0))))),NA(),IF(Graph!$C$4=\"Trend\",IF(IF(OR(COLUMN()<7,COLUMN()>60),NA(),AVERAGE(BB3:BH3))=\"\",NA(),IF(OR(COLUMN()<7,COLUMN()>60),NA(),AVERAGE(BB3:BH3))),IF(INDEX(INDIRECT(Graph!$C$2&\"!$1:$99999\",TRUE),MATCH(BE$2,INDIRECT(Graph!$C$2&\"!$A:$A\",TRUE),0),MATCH($A3,INDIRECT(Graph!$C$2&\"!$4:$4\",TRUE),0))=0,31,INDEX(INDIRECT(Graph!$C$2&\"!$1:$99999\",TRUE),MATCH(BE$2,INDIRECT(Graph!$C$2&\"!$A:$A\",TRUE),0),MATCH($A3,INDIRECT(Graph!$C$2&\"!$4:$4\",TRUE),0)))))","v":2},{"$f":"IF(ISERR(IF(Graph!$C$4=\"Trend\",IF(IF(OR(COLUMN()<7,COLUMN()>60),NA(),AVERAGE(BC3:BI3))=\"\",NA(),IF(OR(COLUMN()<7,COLUMN()>60),NA(),AVERAGE(BC3:BI3))),IF(INDEX(INDIRECT(Graph!$C$2&\"!$1:$99999\",TRUE),MATCH(BF$2,INDIRECT(Graph!$C$2&\"!$A:$A\",TRUE),0),MATCH($A3,INDIRECT(Graph!$C$2&\"!$4:$4\",TRUE),0))=0,31,INDEX(INDIRECT(Graph!$C$2&\"!$1:$99999\",TRUE),MATCH(BF$2,INDIRECT(Graph!$C$2&\"!$A:$A\",TRUE),0),MATCH($A3,INDIRECT(Graph!$C$2&\"!$4:$4\",TRUE),0))))),NA(),IF(Graph!$C$4=\"Trend\",IF(IF(OR(COLUMN()<7,COLUMN()>60),NA(),AVERAGE(BC3:BI3))=\"\",NA(),IF(OR(COLUMN()<7,COLUMN()>60),NA(),AVERAGE(BC3:BI3))),IF(INDEX(INDIRECT(Graph!$C$2&\"!$1:$99999\",TRUE),MATCH(BF$2,INDIRECT(Graph!$C$2&\"!$A:$A\",TRUE),0),MATCH($A3,INDIRECT(Graph!$C$2&\"!$4:$4\",TRUE),0))=0,31,INDEX(INDIRECT(Graph!$C$2&\"!$1:$99999\",TRUE),MATCH(BF$2,INDIRECT(Graph!$C$2&\"!$A:$A\",TRUE),0),MATCH($A3,INDIRECT(Graph!$C$2&\"!$4:$4\",TRUE),0)))))","v":2},{"$f":"IF(ISERR(IF(Graph!$C$4=\"Trend\",IF(IF(OR(COLUMN()<7,COLUMN()>60),NA(),AVERAGE(BD3:BJ3))=\"\",NA(),IF(OR(COLUMN()<7,COLUMN()>60),NA(),AVERAGE(BD3:BJ3))),IF(INDEX(INDIRECT(Graph!$C$2&\"!$1:$99999\",TRUE),MATCH(BG$2,INDIRECT(Graph!$C$2&\"!$A:$A\",TRUE),0),MATCH($A3,INDIRECT(Graph!$C$2&\"!$4:$4\",TRUE),0))=0,31,INDEX(INDIRECT(Graph!$C$2&\"!$1:$99999\",TRUE),MATCH(BG$2,INDIRECT(Graph!$C$2&\"!$A:$A\",TRUE),0),MATCH($A3,INDIRECT(Graph!$C$2&\"!$4:$4\",TRUE),0))))),NA(),IF(Graph!$C$4=\"Trend\",IF(IF(OR(COLUMN()<7,COLUMN()>60),NA(),AVERAGE(BD3:BJ3))=\"\",NA(),IF(OR(COLUMN()<7,COLUMN()>60),NA(),AVERAGE(BD3:BJ3))),IF(INDEX(INDIRECT(Graph!$C$2&\"!$1:$99999\",TRUE),MATCH(BG$2,INDIRECT(Graph!$C$2&\"!$A:$A\",TRUE),0),MATCH($A3,INDIRECT(Graph!$C$2&\"!$4:$4\",TRUE),0))=0,31,INDEX(INDIRECT(Graph!$C$2&\"!$1:$99999\",TRUE),MATCH(BG$2,INDIRECT(Graph!$C$2&\"!$A:$A\",TRUE),0),MATCH($A3,INDIRECT(Graph!$C$2&\"!$4:$4\",TRUE),0)))))","v":2},{"$f":"IF(ISERR(IF(Graph!$C$4=\"Trend\",IF(IF(OR(COLUMN()<7,COLUMN()>60),NA(),AVERAGE(BE3:BK3))=\"\",NA(),IF(OR(COLUMN()<7,COLUMN()>60),NA(),AVERAGE(BE3:BK3))),IF(INDEX(INDIRECT(Graph!$C$2&\"!$1:$99999\",TRUE),MATCH(BH$2,INDIRECT(Graph!$C$2&\"!$A:$A\",TRUE),0),MATCH($A3,INDIRECT(Graph!$C$2&\"!$4:$4\",TRUE),0))=0,31,INDEX(INDIRECT(Graph!$C$2&\"!$1:$99999\",TRUE),MATCH(BH$2,INDIRECT(Graph!$C$2&\"!$A:$A\",TRUE),0),MATCH($A3,INDIRECT(Graph!$C$2&\"!$4:$4\",TRUE),0))))),NA(),IF(Graph!$C$4=\"Trend\",IF(IF(OR(COLUMN()<7,COLUMN()>60),NA(),AVERAGE(BE3:BK3))=\"\",NA(),IF(OR(COLUMN()<7,COLUMN()>60),NA(),AVERAGE(BE3:BK3))),IF(INDEX(INDIRECT(Graph!$C$2&\"!$1:$99999\",TRUE),MATCH(BH$2,INDIRECT(Graph!$C$2&\"!$A:$A\",TRUE),0),MATCH($A3,INDIRECT(Graph!$C$2&\"!$4:$4\",TRUE),0))=0,31,INDEX(INDIRECT(Graph!$C$2&\"!$1:$99999\",TRUE),MATCH(BH$2,INDIRECT(Graph!$C$2&\"!$A:$A\",TRUE),0),MATCH($A3,INDIRECT(Graph!$C$2&\"!$4:$4\",TRUE),0)))))","v":2},{"$f":"IF(ISERR(IF(Graph!$C$4=\"Trend\",IF(IF(OR(COLUMN()<7,COLUMN()>60),NA(),AVERAGE(BF3:BL3))=\"\",NA(),IF(OR(COLUMN()<7,COLUMN()>60),NA(),AVERAGE(BF3:BL3))),IF(INDEX(INDIRECT(Graph!$C$2&\"!$1:$99999\",TRUE),MATCH(BI$2,INDIRECT(Graph!$C$2&\"!$A:$A\",TRUE),0),MATCH($A3,INDIRECT(Graph!$C$2&\"!$4:$4\",TRUE),0))=0,31,INDEX(INDIRECT(Graph!$C$2&\"!$1:$99999\",TRUE),MATCH(BI$2,INDIRECT(Graph!$C$2&\"!$A:$A\",TRUE),0),MATCH($A3,INDIRECT(Graph!$C$2&\"!$4:$4\",TRUE),0))))),NA(),IF(Graph!$C$4=\"Trend\",IF(IF(OR(COLUMN()<7,COLUMN()>60),NA(),AVERAGE(BF3:BL3))=\"\",NA(),IF(OR(COLUMN()<7,COLUMN()>60),NA(),AVERAGE(BF3:BL3))),IF(INDEX(INDIRECT(Graph!$C$2&\"!$1:$99999\",TRUE),MATCH(BI$2,INDIRECT(Graph!$C$2&\"!$A:$A\",TRUE),0),MATCH($A3,INDIRECT(Graph!$C$2&\"!$4:$4\",TRUE),0))=0,31,INDEX(INDIRECT(Graph!$C$2&\"!$1:$99999\",TRUE),MATCH(BI$2,INDIRECT(Graph!$C$2&\"!$A:$A\",TRUE),0),MATCH($A3,INDIRECT(Graph!$C$2&\"!$4:$4\",TRUE),0)))))","v":1}]
[]
[]
[]
["Positions",{"$f":"C10-1","v":"2014-03-31"},"2014-04-01","2014-04-02","2014-04-03","2014-04-04","2014-04-05","2014-04-06","2014-04-07","2014-04-08","2014-04-09","2014-04-10","2014-04-11","2014-04-12","2014-04-13","2014-04-14","2014-04-15","2014-04-16","2014-04-17","2014-04-18","2014-04-19","2014-04-20","2014-04-21","2014-04-22","2014-04-23","2014-04-24","2014-04-25","2014-04-26","2014-04-27","2014-04-28","2014-04-29","2014-04-30","2014-05-01",{"$f":"AI10-1","v":"2014-05-02"},"2014-05-03","2014-05-04","2014-05-05","2014-05-06","2014-05-07","2014-05-08","2014-05-09","2014-05-10","2014-05-11","2014-05-12","2014-05-13","2014-05-14","2014-05-15","2014-05-16","2014-05-17","2014-05-18","2014-05-19","2014-05-20","2014-05-21","2014-05-22","2014-05-23","2014-05-24","2014-05-25","2014-05-26","2014-05-27","2014-05-28","2014-05-29","2014-05-30","2014-05-31","2014-06-01","2014-06-02",{"$f":"BO10-1","v":"2014-06-03"},"2014-06-04","2014-06-05","2014-06-06","2014-06-07","2014-06-08","2014-06-09","2014-06-10","2014-06-11","2014-06-12","2014-06-13","2014-06-14","2014-06-15","2014-06-16","2014-06-17","2014-06-18","2014-06-19","2014-06-20","2014-06-21","2014-06-22","2014-06-23","2014-06-24","2014-06-25","2014-06-26","2014-06-27","2014-06-28","2014-06-29","2014-06-30","2014-07-01","2014-07-02","2014-07-03","2014-07-04",{"$f":"CU10-1","v":"2014-07-05"},"2014-07-06","2014-07-07","2014-07-08","2014-07-09","2014-07-10","2014-07-11","2014-07-12","2014-07-13","2014-07-14","2014-07-15","2014-07-16","2014-07-17","2014-07-18","2014-07-19","2014-07-20","2014-07-21","2014-07-22","2014-07-23","2014-07-24","2014-07-25","2014-07-26","2014-07-27","2014-07-28","2014-07-29","2014-07-30","2014-07-31","2014-08-01","2014-08-02","2014-08-03","2014-08-04","2014-08-05",{"$f":"EA10-1","v":"2014-08-06"},"2014-08-07","2014-08-08","2014-08-09","2014-08-10","2014-08-11","2014-08-12","2014-08-13","2014-08-14","2014-08-15","2014-08-16","2014-08-17","2014-08-18","2014-08-19","2014-08-20","2014-08-21","2014-08-22","2014-08-23","2014-08-24","2014-08-25","2014-08-26","2014-08-27","2014-08-28","2014-08-29","2014-08-30","2014-08-31","2014-09-01","2014-09-02","2014-09-03","2014-09-04","2014-09-05","2014-09-06",{"$f":"FG10-1","v":"2014-09-07"},"2014-09-08","2014-09-09","2014-09-10","2014-09-11","2014-09-12","2014-09-13","2014-09-14","2014-09-15","2014-09-16","2014-09-17","2014-09-18","2014-09-19","2014-09-20","2014-09-21","2014-09-22","2014-09-23","2014-09-24","2014-09-25","2014-09-26","2014-09-27","2014-09-28","2014-09-29",{"$f":"TODAY()","v":"2014-09-30"}]
[{"$f":"Graph!C3","v":"apéro SEO Rennes"},{"$f":"IF(INDEX(INDIRECT(Graph!$C$2&\"!$1:$99999\",TRUE),MATCH(B$10,INDIRECT(Graph!$C$2&\"!$A:$A\",TRUE),0),MATCH($A11,INDIRECT(Graph!$C$2&\"!$4:$4\",TRUE),0))=0,\"\",INDEX(INDIRECT(Graph!$C$2&\"!$1:$99999\",TRUE),MATCH(B$10,INDIRECT(Graph!$C$2&\"!$A:$A\",TRUE),0),MATCH($A11,INDIRECT(Graph!$C$2&\"!$4:$4\",TRUE),0)))","v":{"$error":"#N/A"}},{"$f":"IF(INDEX(INDIRECT(Graph!$C$2&\"!$1:$99999\",TRUE),MATCH(C$10,INDIRECT(Graph!$C$2&\"!$A:$A\",TRUE),0),MATCH($A11,INDIRECT(Graph!$C$2&\"!$4:$4\",TRUE),0))=0,\"\",INDEX(INDIRECT(Graph!$C$2&\"!$1:$99999\",TRUE),MATCH(C$10,INDIRECT(Graph!$C$2&\"!$A:$A\",TRUE),0),MATCH($A11,INDIRECT(Graph!$C$2&\"!$4:$4\",TRUE),0)))","v":{"$error":"#N/A"}},{"$f":"IF(INDEX(INDIRECT(Graph!$C$2&\"!$1:$99999\",TRUE),MATCH(D$10,INDIRECT(Graph!$C$2&\"!$A:$A\",TRUE),0),MATCH($A11,INDIRECT(Graph!$C$2&\"!$4:$4\",TRUE),0))=0,\"\",INDEX(INDIRECT(Graph!$C$2&\"!$1:$99999\",TRUE),MATCH(D$10,INDIRECT(Graph!$C$2&\"!$A:$A\",TRUE),0),MATCH($A11,INDIRECT(Graph!$C$2&\"!$4:$4\",TRUE),0)))","v":{"$error":"#N/A"}},{"$f":"IF(INDEX(INDIRECT(Graph!$C$2&\"!$1:$99999\",TRUE),MATCH(E$10,INDIRECT(Graph!$C$2&\"!$A:$A\",TRUE),0),MATCH($A11,INDIRECT(Graph!$C$2&\"!$4:$4\",TRUE),0))=0,\"\",INDEX(INDIRECT(Graph!$C$2&\"!$1:$99999\",TRUE),MATCH(E$10,INDIRECT(Graph!$C$2&\"!$A:$A\",TRUE),0),MATCH($A11,INDIRECT(Graph!$C$2&\"!$4:$4\",TRUE),0)))","v":{"$error":"#N/A"}},{"$f":"IF(INDEX(INDIRECT(Graph!$C$2&\"!$1:$99999\",TRUE),MATCH(F$10,INDIRECT(Graph!$C$2&\"!$A:$A\",TRUE),0),MATCH($A11,INDIRECT(Graph!$C$2&\"!$4:$4\",TRUE),0))=0,\"\",INDEX(INDIRECT(Graph!$C$2&\"!$1:$99999\",TRUE),MATCH(F$10,INDIRECT(Graph!$C$2&\"!$A:$A\",TRUE),0),MATCH($A11,INDIRECT(Graph!$C$2&\"!$4:$4\",TRUE),0)))","v":{"$error":"#N/A"}},{"$f":"IF(INDEX(INDIRECT(Graph!$C$2&\"!$1:$99999\",TRUE),MATCH(G$10,INDIRECT(Graph!$C$2&\"!$A:$A\",TRUE),0),MATCH($A11,INDIRECT(Graph!$C$2&\"!$4:$4\",TRUE),0))=0,\"\",INDEX(INDIRECT(Graph!$C$2&\"!$1:$99999\",TRUE),MATCH(G$10,INDIRECT(Graph!$C$2&\"!$A:$A\",TRUE),0),MATCH($A11,INDIRECT(Graph!$C$2&\"!$4:$4\",TRUE),0)))","v":{"$error":"#N/A"}},{"$f":"IF(INDEX(INDIRECT(Graph!$C$2&\"!$1:$99999\",TRUE),MATCH(H$10,INDIRECT(Graph!$C$2&\"!$A:$A\",TRUE),0),MATCH($A11,INDIRECT(Graph!$C$2&\"!$4:$4\",TRUE),0))=0,\"\",INDEX(INDIRECT(Graph!$C$2&\"!$1:$99999\",TRUE),MATCH(H$10,INDIRECT(Graph!$C$2&\"!$A:$A\",TRUE),0),MATCH($A11,INDIRECT(Graph!$C$2&\"!$4:$4\",TRUE),0)))","v":{"$error":"#N/A"}},{"$f":"IF(INDEX(INDIRECT(Graph!$C$2&\"!$1:$99999\",TRUE),MATCH(I$10,INDIRECT(Graph!$C$2&\"!$A:$A\",TRUE),0),MATCH($A11,INDIRECT(Graph!$C$2&\"!$4:$4\",TRUE),0))=0,\"\",INDEX(INDIRECT(Graph!$C$2&\"!$1:$99999\",TRUE),MATCH(I$10,INDIRECT(Graph!$C$2&\"!$A:$A\",TRUE),0),MATCH($A11,INDIRECT(Graph!$C$2&\"!$4:$4\",TRUE),0)))","v":{"$error":"#N/A"}},{"$f":"IF(INDEX(INDIRECT(Graph!$C$2&\"!$1:$99999\",TRUE),MATCH(J$10,INDIRECT(Graph!$C$2&\"!$A:$A\",TRUE),0),MATCH($A11,INDIRECT(Graph!$C$2&\"!$4:$4\",TRUE),0))=0,\"\",INDEX(INDIRECT(Graph!$C$2&\"!$1:$99999\",TRUE),MATCH(J$10,INDIRECT(Graph!$C$2&\"!$A:$A\",TRUE),0),MATCH($A11,INDIRECT(Graph!$C$2&\"!$4:$4\",TRUE),0)))","v":{"$error":"#N/A"}},{"$f":"IF(INDEX(INDIRECT(Graph!$C$2&\"!$1:$99999\",TRUE),MATCH(K$10,INDIRECT(Graph!$C$2&\"!$A:$A\",TRUE),0),MATCH($A11,INDIRECT(Graph!$C$2&\"!$4:$4\",TRUE),0))=0,\"\",INDEX(INDIRECT(Graph!$C$2&\"!$1:$99999\",TRUE),MATCH(K$10,INDIRECT(Graph!$C$2&\"!$A:$A\",TRUE),0),MATCH($A11,INDIRECT(Graph!$C$2&\"!$4:$4\",TRUE),0)))","v":{"$error":"#N/A"}},{"$f":"IF(INDEX(INDIRECT(Graph!$C$2&\"!$1:$99999\",TRUE),MATCH(L$10,INDIRECT(Graph!$C$2&\"!$A:$A\",TRUE),0),MATCH($A11,INDIRECT(Graph!$C$2&\"!$4:$4\",TRUE),0))=0,\"\",INDEX(INDIRECT(Graph!$C$2&\"!$1:$99999\",TRUE),MATCH(L$10,INDIRECT(Graph!$C$2&\"!$A:$A\",TRUE),0),MATCH($A11,INDIRECT(Graph!$C$2&\"!$4:$4\",TRUE),0)))","v":{"$error":"#N/A"}},{"$f":"IF(INDEX(INDIRECT(Graph!$C$2&\"!$1:$99999\",TRUE),MATCH(M$10,INDIRECT(Graph!$C$2&\"!$A:$A\",TRUE),0),MATCH($A11,INDIRECT(Graph!$C$2&\"!$4:$4\",TRUE),0))=0,\"\",INDEX(INDIRECT(Graph!$C$2&\"!$1:$99999\",TRUE),MATCH(M$10,INDIRECT(Graph!$C$2&\"!$A:$A\",TRUE),0),MATCH($A11,INDIRECT(Graph!$C$2&\"!$4:$4\",TRUE),0)))","v":{"$error":"#N/A"}},{"$f":"IF(INDEX(INDIRECT(Graph!$C$2&\"!$1:$99999\",TRUE),MATCH(N$10,INDIRECT(Graph!$C$2&\"!$A:$A\",TRUE),0),MATCH($A11,INDIRECT(Graph!$C$2&\"!$4:$4\",TRUE),0))=0,\"\",INDEX(INDIRECT(Graph!$C$2&\"!$1:$99999\",TRUE),MATCH(N$10,INDIRECT(Graph!$C$2&\"!$A:$A\",TRUE),0),MATCH($A11,INDIRECT(Graph!$C$2&\"!$4:$4\",TRUE),0)))","v":{"$error":"#N/A"}},{"$f":"IF(INDEX(INDIRECT(Graph!$C$2&\"!$1:$99999\",TRUE),MATCH(O$10,INDIRECT(Graph!$C$2&\"!$A:$A\",TRUE),0),MATCH($A11,INDIRECT(Graph!$C$2&\"!$4:$4\",TRUE),0))=0,\"\",INDEX(INDIRECT(Graph!$C$2&\"!$1:$99999\",TRUE),MATCH(O$10,INDIRECT(Graph!$C$2&\"!$A:$A\",TRUE),0),MATCH($A11,INDIRECT(Graph!$C$2&\"!$4:$4\",TRUE),0)))","v":{"$error":"#N/A"}},{"$f":"IF(INDEX(INDIRECT(Graph!$C$2&\"!$1:$99999\",TRUE),MATCH(P$10,INDIRECT(Graph!$C$2&\"!$A:$A\",TRUE),0),MATCH($A11,INDIRECT(Graph!$C$2&\"!$4:$4\",TRUE),0))=0,\"\",INDEX(INDIRECT(Graph!$C$2&\"!$1:$99999\",TRUE),MATCH(P$10,INDIRECT(Graph!$C$2&\"!$A:$A\",TRUE),0),MATCH($A11,INDIRECT(Graph!$C$2&\"!$4:$4\",TRUE),0)))","v":{"$error":"#N/A"}},{"$f":"IF(INDEX(INDIRECT(Graph!$C$2&\"!$1:$99999\",TRUE),MATCH(Q$10,INDIRECT(Graph!$C$2&\"!$A:$A\",TRUE),0),MATCH($A11,INDIRECT(Graph!$C$2&\"!$4:$4\",TRUE),0))=0,\"\",INDEX(INDIRECT(Graph!$C$2&\"!$1:$99999\",TRUE),MATCH(Q$10,INDIRECT(Graph!$C$2&\"!$A:$A\",TRUE),0),MATCH($A11,INDIRECT(Graph!$C$2&\"!$4:$4\",TRUE),0)))","v":{"$error":"#N/A"}},{"$f":"IF(INDEX(INDIRECT(Graph!$C$2&\"!$1:$99999\",TRUE),MATCH(R$10,INDIRECT(Graph!$C$2&\"!$A:$A\",TRUE),0),MATCH($A11,INDIRECT(Graph!$C$2&\"!$4:$4\",TRUE),0))=0,\"\",INDEX(INDIRECT(Graph!$C$2&\"!$1:$99999\",TRUE),MATCH(R$10,INDIRECT(Graph!$C$2&\"!$A:$A\",TRUE),0),MATCH($A11,INDIRECT(Graph!$C$2&\"!$4:$4\",TRUE),0)))","v":{"$error":"#N/A"}},{"$f":"IF(INDEX(INDIRECT(Graph!$C$2&\"!$1:$99999\",TRUE),MATCH(S$10,INDIRECT(Graph!$C$2&\"!$A:$A\",TRUE),0),MATCH($A11,INDIRECT(Graph!$C$2&\"!$4:$4\",TRUE),0))=0,\"\",INDEX(INDIRECT(Graph!$C$2&\"!$1:$99999\",TRUE),MATCH(S$10,INDIRECT(Graph!$C$2&\"!$A:$A\",TRUE),0),MATCH($A11,INDIRECT(Graph!$C$2&\"!$4:$4\",TRUE),0)))","v":{"$error":"#N/A"}},{"$f":"IF(INDEX(INDIRECT(Graph!$C$2&\"!$1:$99999\",TRUE),MATCH(T$10,INDIRECT(Graph!$C$2&\"!$A:$A\",TRUE),0),MATCH($A11,INDIRECT(Graph!$C$2&\"!$4:$4\",TRUE),0))=0,\"\",INDEX(INDIRECT(Graph!$C$2&\"!$1:$99999\",TRUE),MATCH(T$10,INDIRECT(Graph!$C$2&\"!$A:$A\",TRUE),0),MATCH($A11,INDIRECT(Graph!$C$2&\"!$4:$4\",TRUE),0)))","v":{"$error":"#N/A"}},{"$f":"IF(INDEX(INDIRECT(Graph!$C$2&\"!$1:$99999\",TRUE),MATCH(U$10,INDIRECT(Graph!$C$2&\"!$A:$A\",TRUE),0),MATCH($A11,INDIRECT(Graph!$C$2&\"!$4:$4\",TRUE),0))=0,\"\",INDEX(INDIRECT(Graph!$C$2&\"!$1:$99999\",TRUE),MATCH(U$10,INDIRECT(Graph!$C$2&\"!$A:$A\",TRUE),0),MATCH($A11,INDIRECT(Graph!$C$2&\"!$4:$4\",TRUE),0)))","v":{"$error":"#N/A"}},{"$f":"IF(INDEX(INDIRECT(Graph!$C$2&\"!$1:$99999\",TRUE),MATCH(V$10,INDIRECT(Graph!$C$2&\"!$A:$A\",TRUE),0),MATCH($A11,INDIRECT(Graph!$C$2&\"!$4:$4\",TRUE),0))=0,\"\",INDEX(INDIRECT(Graph!$C$2&\"!$1:$99999\",TRUE),MATCH(V$10,INDIRECT(Graph!$C$2&\"!$A:$A\",TRUE),0),MATCH($A11,INDIRECT(Graph!$C$2&\"!$4:$4\",TRUE),0)))","v":{"$error":"#N/A"}},{"$f":"IF(INDEX(INDIRECT(Graph!$C$2&\"!$1:$99999\",TRUE),MATCH(W$10,INDIRECT(Graph!$C$2&\"!$A:$A\",TRUE),0),MATCH($A11,INDIRECT(Graph!$C$2&\"!$4:$4\",TRUE),0))=0,\"\",INDEX(INDIRECT(Graph!$C$2&\"!$1:$99999\",TRUE),MATCH(W$10,INDIRECT(Graph!$C$2&\"!$A:$A\",TRUE),0),MATCH($A11,INDIRECT(Graph!$C$2&\"!$4:$4\",TRUE),0)))","v":{"$error":"#N/A"}},{"$f":"IF(INDEX(INDIRECT(Graph!$C$2&\"!$1:$99999\",TRUE),MATCH(X$10,INDIRECT(Graph!$C$2&\"!$A:$A\",TRUE),0),MATCH($A11,INDIRECT(Graph!$C$2&\"!$4:$4\",TRUE),0))=0,\"\",INDEX(INDIRECT(Graph!$C$2&\"!$1:$99999\",TRUE),MATCH(X$10,INDIRECT(Graph!$C$2&\"!$A:$A\",TRUE),0),MATCH($A11,INDIRECT(Graph!$C$2&\"!$4:$4\",TRUE),0)))","v":{"$error":"#N/A"}},{"$f":"IF(INDEX(INDIRECT(Graph!$C$2&\"!$1:$99999\",TRUE),MATCH(Y$10,INDIRECT(Graph!$C$2&\"!$A:$A\",TRUE),0),MATCH($A11,INDIRECT(Graph!$C$2&\"!$4:$4\",TRUE),0))=0,\"\",INDEX(INDIRECT(Graph!$C$2&\"!$1:$99999\",TRUE),MATCH(Y$10,INDIRECT(Graph!$C$2&\"!$A:$A\",TRUE),0),MATCH($A11,INDIRECT(Graph!$C$2&\"!$4:$4\",TRUE),0)))","v":{"$error":"#N/A"}},{"$f":"IF(INDEX(INDIRECT(Graph!$C$2&\"!$1:$99999\",TRUE),MATCH(Z$10,INDIRECT(Graph!$C$2&\"!$A:$A\",TRUE),0),MATCH($A11,INDIRECT(Graph!$C$2&\"!$4:$4\",TRUE),0))=0,\"\",INDEX(INDIRECT(Graph!$C$2&\"!$1:$99999\",TRUE),MATCH(Z$10,INDIRECT(Graph!$C$2&\"!$A:$A\",TRUE),0),MATCH($A11,INDIRECT(Graph!$C$2&\"!$4:$4\",TRUE),0)))","v":{"$error":"#N/A"}},{"$f":"IF(INDEX(INDIRECT(Graph!$C$2&\"!$1:$99999\",TRUE),MATCH(AA$10,INDIRECT(Graph!$C$2&\"!$A:$A\",TRUE),0),MATCH($A11,INDIRECT(Graph!$C$2&\"!$4:$4\",TRUE),0))=0,\"\",INDEX(INDIRECT(Graph!$C$2&\"!$1:$99999\",TRUE),MATCH(AA$10,INDIRECT(Graph!$C$2&\"!$A:$A\",TRUE),0),MATCH($A11,INDIRECT(Graph!$C$2&\"!$4:$4\",TRUE),0)))","v":{"$error":"#N/A"}},{"$f":"IF(INDEX(INDIRECT(Graph!$C$2&\"!$1:$99999\",TRUE),MATCH(AB$10,INDIRECT(Graph!$C$2&\"!$A:$A\",TRUE),0),MATCH($A11,INDIRECT(Graph!$C$2&\"!$4:$4\",TRUE),0))=0,\"\",INDEX(INDIRECT(Graph!$C$2&\"!$1:$99999\",TRUE),MATCH(AB$10,INDIRECT(Graph!$C$2&\"!$A:$A\",TRUE),0),MATCH($A11,INDIRECT(Graph!$C$2&\"!$4:$4\",TRUE),0)))","v":{"$error":"#N/A"}},{"$f":"IF(INDEX(INDIRECT(Graph!$C$2&\"!$1:$99999\",TRUE),MATCH(AC$10,INDIRECT(Graph!$C$2&\"!$A:$A\",TRUE),0),MATCH($A11,INDIRECT(Graph!$C$2&\"!$4:$4\",TRUE),0))=0,\"\",INDEX(INDIRECT(Graph!$C$2&\"!$1:$99999\",TRUE),MATCH(AC$10,INDIRECT(Graph!$C$2&\"!$A:$A\",TRUE),0),MATCH($A11,INDIRECT(Graph!$C$2&\"!$4:$4\",TRUE),0)))","v":{"$error":"#N/A"}},{"$f":"IF(INDEX(INDIRECT(Graph!$C$2&\"!$1:$99999\",TRUE),MATCH(AD$10,INDIRECT(Graph!$C$2&\"!$A:$A\",TRUE),0),MATCH($A11,INDIRECT(Graph!$C$2&\"!$4:$4\",TRUE),0))=0,\"\",INDEX(INDIRECT(Graph!$C$2&\"!$1:$99999\",TRUE),MATCH(AD$10,INDIRECT(Graph!$C$2&\"!$A:$A\",TRUE),0),MATCH($A11,INDIRECT(Graph!$C$2&\"!$4:$4\",TRUE),0)))","v":{"$error":"#N/A"}},{"$f":"IF(INDEX(INDIRECT(Graph!$C$2&\"!$1:$99999\",TRUE),MATCH(AE$10,INDIRECT(Graph!$C$2&\"!$A:$A\",TRUE),0),MATCH($A11,INDIRECT(Graph!$C$2&\"!$4:$4\",TRUE),0))=0,\"\",INDEX(INDIRECT(Graph!$C$2&\"!$1:$99999\",TRUE),MATCH(AE$10,INDIRECT(Graph!$C$2&\"!$A:$A\",TRUE),0),MATCH($A11,INDIRECT(Graph!$C$2&\"!$4:$4\",TRUE),0)))","v":{"$error":"#N/A"}},{"$f":"IF(INDEX(INDIRECT(Graph!$C$2&\"!$1:$99999\",TRUE),MATCH(AF$10,INDIRECT(Graph!$C$2&\"!$A:$A\",TRUE),0),MATCH($A11,INDIRECT(Graph!$C$2&\"!$4:$4\",TRUE),0))=0,\"\",INDEX(INDIRECT(Graph!$C$2&\"!$1:$99999\",TRUE),MATCH(AF$10,INDIRECT(Graph!$C$2&\"!$A:$A\",TRUE),0),MATCH($A11,INDIRECT(Graph!$C$2&\"!$4:$4\",TRUE),0)))","v":{"$error":"#N/A"}},{"$f":"IF(INDEX(INDIRECT(Graph!$C$2&\"!$1:$99999\",TRUE),MATCH(AG$10,INDIRECT(Graph!$C$2&\"!$A:$A\",TRUE),0),MATCH($A11,INDIRECT(Graph!$C$2&\"!$4:$4\",TRUE),0))=0,\"\",INDEX(INDIRECT(Graph!$C$2&\"!$1:$99999\",TRUE),MATCH(AG$10,INDIRECT(Graph!$C$2&\"!$A:$A\",TRUE),0),MATCH($A11,INDIRECT(Graph!$C$2&\"!$4:$4\",TRUE),0)))","v":{"$error":"#N/A"}},{"$f":"IF(INDEX(INDIRECT(Graph!$C$2&\"!$1:$99999\",TRUE),MATCH(AH$10,INDIRECT(Graph!$C$2&\"!$A:$A\",TRUE),0),MATCH($A11,INDIRECT(Graph!$C$2&\"!$4:$4\",TRUE),0))=0,\"\",INDEX(INDIRECT(Graph!$C$2&\"!$1:$99999\",TRUE),MATCH(AH$10,INDIRECT(Graph!$C$2&\"!$A:$A\",TRUE),0),MATCH($A11,INDIRECT(Graph!$C$2&\"!$4:$4\",TRUE),0)))","v":{"$error":"#N/A"}},{"$f":"IF(INDEX(INDIRECT(Graph!$C$2&\"!$1:$99999\",TRUE),MATCH(AI$10,INDIRECT(Graph!$C$2&\"!$A:$A\",TRUE),0),MATCH($A11,INDIRECT(Graph!$C$2&\"!$4:$4\",TRUE),0))=0,\"\",INDEX(INDIRECT(Graph!$C$2&\"!$1:$99999\",TRUE),MATCH(AI$10,INDIRECT(Graph!$C$2&\"!$A:$A\",TRUE),0),MATCH($A11,INDIRECT(Graph!$C$2&\"!$4:$4\",TRUE),0)))","v":{"$error":"#N/A"}},{"$f":"IF(INDEX(INDIRECT(Graph!$C$2&\"!$1:$99999\",TRUE),MATCH(AJ$10,INDIRECT(Graph!$C$2&\"!$A:$A\",TRUE),0),MATCH($A11,INDIRECT(Graph!$C$2&\"!$4:$4\",TRUE),0))=0,\"\",INDEX(INDIRECT(Graph!$C$2&\"!$1:$99999\",TRUE),MATCH(AJ$10,INDIRECT(Graph!$C$2&\"!$A:$A\",TRUE),0),MATCH($A11,INDIRECT(Graph!$C$2&\"!$4:$4\",TRUE),0)))","v":{"$error":"#N/A"}},{"$f":"IF(INDEX(INDIRECT(Graph!$C$2&\"!$1:$99999\",TRUE),MATCH(AK$10,INDIRECT(Graph!$C$2&\"!$A:$A\",TRUE),0),MATCH($A11,INDIRECT(Graph!$C$2&\"!$4:$4\",TRUE),0))=0,\"\",INDEX(INDIRECT(Graph!$C$2&\"!$1:$99999\",TRUE),MATCH(AK$10,INDIRECT(Graph!$C$2&\"!$A:$A\",TRUE),0),MATCH($A11,INDIRECT(Graph!$C$2&\"!$4:$4\",TRUE),0)))","v":{"$error":"#N/A"}},{"$f":"IF(INDEX(INDIRECT(Graph!$C$2&\"!$1:$99999\",TRUE),MATCH(AL$10,INDIRECT(Graph!$C$2&\"!$A:$A\",TRUE),0),MATCH($A11,INDIRECT(Graph!$C$2&\"!$4:$4\",TRUE),0))=0,\"\",INDEX(INDIRECT(Graph!$C$2&\"!$1:$99999\",TRUE),MATCH(AL$10,INDIRECT(Graph!$C$2&\"!$A:$A\",TRUE),0),MATCH($A11,INDIRECT(Graph!$C$2&\"!$4:$4\",TRUE),0)))","v":{"$error":"#N/A"}},{"$f":"IF(INDEX(INDIRECT(Graph!$C$2&\"!$1:$99999\",TRUE),MATCH(AM$10,INDIRECT(Graph!$C$2&\"!$A:$A\",TRUE),0),MATCH($A11,INDIRECT(Graph!$C$2&\"!$4:$4\",TRUE),0))=0,\"\",INDEX(INDIRECT(Graph!$C$2&\"!$1:$99999\",TRUE),MATCH(AM$10,INDIRECT(Graph!$C$2&\"!$A:$A\",TRUE),0),MATCH($A11,INDIRECT(Graph!$C$2&\"!$4:$4\",TRUE),0)))","v":{"$error":"#N/A"}},{"$f":"IF(INDEX(INDIRECT(Graph!$C$2&\"!$1:$99999\",TRUE),MATCH(AN$10,INDIRECT(Graph!$C$2&\"!$A:$A\",TRUE),0),MATCH($A11,INDIRECT(Graph!$C$2&\"!$4:$4\",TRUE),0))=0,\"\",INDEX(INDIRECT(Graph!$C$2&\"!$1:$99999\",TRUE),MATCH(AN$10,INDIRECT(Graph!$C$2&\"!$A:$A\",TRUE),0),MATCH($A11,INDIRECT(Graph!$C$2&\"!$4:$4\",TRUE),0)))","v":{"$error":"#N/A"}},{"$f":"IF(INDEX(INDIRECT(Graph!$C$2&\"!$1:$99999\",TRUE),MATCH(AO$10,INDIRECT(Graph!$C$2&\"!$A:$A\",TRUE),0),MATCH($A11,INDIRECT(Graph!$C$2&\"!$4:$4\",TRUE),0))=0,\"\",INDEX(INDIRECT(Graph!$C$2&\"!$1:$99999\",TRUE),MATCH(AO$10,INDIRECT(Graph!$C$2&\"!$A:$A\",TRUE),0),MATCH($A11,INDIRECT(Graph!$C$2&\"!$4:$4\",TRUE),0)))","v":{"$error":"#N/A"}},{"$f":"IF(INDEX(INDIRECT(Graph!$C$2&\"!$1:$99999\",TRUE),MATCH(AP$10,INDIRECT(Graph!$C$2&\"!$A:$A\",TRUE),0),MATCH($A11,INDIRECT(Graph!$C$2&\"!$4:$4\",TRUE),0))=0,\"\",INDEX(INDIRECT(Graph!$C$2&\"!$1:$99999\",TRUE),MATCH(AP$10,INDIRECT(Graph!$C$2&\"!$A:$A\",TRUE),0),MATCH($A11,INDIRECT(Graph!$C$2&\"!$4:$4\",TRUE),0)))","v":{"$error":"#N/A"}},{"$f":"IF(INDEX(INDIRECT(Graph!$C$2&\"!$1:$99999\",TRUE),MATCH(AQ$10,INDIRECT(Graph!$C$2&\"!$A:$A\",TRUE),0),MATCH($A11,INDIRECT(Graph!$C$2&\"!$4:$4\",TRUE),0))=0,\"\",INDEX(INDIRECT(Graph!$C$2&\"!$1:$99999\",TRUE),MATCH(AQ$10,INDIRECT(Graph!$C$2&\"!$A:$A\",TRUE),0),MATCH($A11,INDIRECT(Graph!$C$2&\"!$4:$4\",TRUE),0)))","v":{"$error":"#N/A"}},{"$f":"IF(INDEX(INDIRECT(Graph!$C$2&\"!$1:$99999\",TRUE),MATCH(AR$10,INDIRECT(Graph!$C$2&\"!$A:$A\",TRUE),0),MATCH($A11,INDIRECT(Graph!$C$2&\"!$4:$4\",TRUE),0))=0,\"\",INDEX(INDIRECT(Graph!$C$2&\"!$1:$99999\",TRUE),MATCH(AR$10,INDIRECT(Graph!$C$2&\"!$A:$A\",TRUE),0),MATCH($A11,INDIRECT(Graph!$C$2&\"!$4:$4\",TRUE),0)))","v":{"$error":"#N/A"}},{"$f":"IF(INDEX(INDIRECT(Graph!$C$2&\"!$1:$99999\",TRUE),MATCH(AS$10,INDIRECT(Graph!$C$2&\"!$A:$A\",TRUE),0),MATCH($A11,INDIRECT(Graph!$C$2&\"!$4:$4\",TRUE),0))=0,\"\",INDEX(INDIRECT(Graph!$C$2&\"!$1:$99999\",TRUE),MATCH(AS$10,INDIRECT(Graph!$C$2&\"!$A:$A\",TRUE),0),MATCH($A11,INDIRECT(Graph!$C$2&\"!$4:$4\",TRUE),0)))","v":{"$error":"#N/A"}},{"$f":"IF(INDEX(INDIRECT(Graph!$C$2&\"!$1:$99999\",TRUE),MATCH(AT$10,INDIRECT(Graph!$C$2&\"!$A:$A\",TRUE),0),MATCH($A11,INDIRECT(Graph!$C$2&\"!$4:$4\",TRUE),0))=0,\"\",INDEX(INDIRECT(Graph!$C$2&\"!$1:$99999\",TRUE),MATCH(AT$10,INDIRECT(Graph!$C$2&\"!$A:$A\",TRUE),0),MATCH($A11,INDIRECT(Graph!$C$2&\"!$4:$4\",TRUE),0)))","v":{"$error":"#N/A"}},{"$f":"IF(INDEX(INDIRECT(Graph!$C$2&\"!$1:$99999\",TRUE),MATCH(AU$10,INDIRECT(Graph!$C$2&\"!$A:$A\",TRUE),0),MATCH($A11,INDIRECT(Graph!$C$2&\"!$4:$4\",TRUE),0))=0,\"\",INDEX(INDIRECT(Graph!$C$2&\"!$1:$99999\",TRUE),MATCH(AU$10,INDIRECT(Graph!$C$2&\"!$A:$A\",TRUE),0),MATCH($A11,INDIRECT(Graph!$C$2&\"!$4:$4\",TRUE),0)))","v":{"$error":"#N/A"}},{"$f":"IF(INDEX(INDIRECT(Graph!$C$2&\"!$1:$99999\",TRUE),MATCH(AV$10,INDIRECT(Graph!$C$2&\"!$A:$A\",TRUE),0),MATCH($A11,INDIRECT(Graph!$C$2&\"!$4:$4\",TRUE),0))=0,\"\",INDEX(INDIRECT(Graph!$C$2&\"!$1:$99999\",TRUE),MATCH(AV$10,INDIRECT(Graph!$C$2&\"!$A:$A\",TRUE),0),MATCH($A11,INDIRECT(Graph!$C$2&\"!$4:$4\",TRUE),0)))","v":{"$error":"#N/A"}},{"$f":"IF(INDEX(INDIRECT(Graph!$C$2&\"!$1:$99999\",TRUE),MATCH(AW$10,INDIRECT(Graph!$C$2&\"!$A:$A\",TRUE),0),MATCH($A11,INDIRECT(Graph!$C$2&\"!$4:$4\",TRUE),0))=0,\"\",INDEX(INDIRECT(Graph!$C$2&\"!$1:$99999\",TRUE),MATCH(AW$10,INDIRECT(Graph!$C$2&\"!$A:$A\",TRUE),0),MATCH($A11,INDIRECT(Graph!$C$2&\"!$4:$4\",TRUE),0)))","v":{"$error":"#N/A"}},{"$f":"IF(INDEX(INDIRECT(Graph!$C$2&\"!$1:$99999\",TRUE),MATCH(AX$10,INDIRECT(Graph!$C$2&\"!$A:$A\",TRUE),0),MATCH($A11,INDIRECT(Graph!$C$2&\"!$4:$4\",TRUE),0))=0,\"\",INDEX(INDIRECT(Graph!$C$2&\"!$1:$99999\",TRUE),MATCH(AX$10,INDIRECT(Graph!$C$2&\"!$A:$A\",TRUE),0),MATCH($A11,INDIRECT(Graph!$C$2&\"!$4:$4\",TRUE),0)))","v":{"$error":"#N/A"}},{"$f":"IF(INDEX(INDIRECT(Graph!$C$2&\"!$1:$99999\",TRUE),MATCH(AY$10,INDIRECT(Graph!$C$2&\"!$A:$A\",TRUE),0),MATCH($A11,INDIRECT(Graph!$C$2&\"!$4:$4\",TRUE),0))=0,\"\",INDEX(INDIRECT(Graph!$C$2&\"!$1:$99999\",TRUE),MATCH(AY$10,INDIRECT(Graph!$C$2&\"!$A:$A\",TRUE),0),MATCH($A11,INDIRECT(Graph!$C$2&\"!$4:$4\",TRUE),0)))","v":{"$error":"#N/A"}},{"$f":"IF(INDEX(INDIRECT(Graph!$C$2&\"!$1:$99999\",TRUE),MATCH(AZ$10,INDIRECT(Graph!$C$2&\"!$A:$A\",TRUE),0),MATCH($A11,INDIRECT(Graph!$C$2&\"!$4:$4\",TRUE),0))=0,\"\",INDEX(INDIRECT(Graph!$C$2&\"!$1:$99999\",TRUE),MATCH(AZ$10,INDIRECT(Graph!$C$2&\"!$A:$A\",TRUE),0),MATCH($A11,INDIRECT(Graph!$C$2&\"!$4:$4\",TRUE),0)))","v":{"$error":"#N/A"}},{"$f":"IF(INDEX(INDIRECT(Graph!$C$2&\"!$1:$99999\",TRUE),MATCH(BA$10,INDIRECT(Graph!$C$2&\"!$A:$A\",TRUE),0),MATCH($A11,INDIRECT(Graph!$C$2&\"!$4:$4\",TRUE),0))=0,\"\",INDEX(INDIRECT(Graph!$C$2&\"!$1:$99999\",TRUE),MATCH(BA$10,INDIRECT(Graph!$C$2&\"!$A:$A\",TRUE),0),MATCH($A11,INDIRECT(Graph!$C$2&\"!$4:$4\",TRUE),0)))","v":{"$error":"#N/A"}},{"$f":"IF(INDEX(INDIRECT(Graph!$C$2&\"!$1:$99999\",TRUE),MATCH(BB$10,INDIRECT(Graph!$C$2&\"!$A:$A\",TRUE),0),MATCH($A11,INDIRECT(Graph!$C$2&\"!$4:$4\",TRUE),0))=0,\"\",INDEX(INDIRECT(Graph!$C$2&\"!$1:$99999\",TRUE),MATCH(BB$10,INDIRECT(Graph!$C$2&\"!$A:$A\",TRUE),0),MATCH($A11,INDIRECT(Graph!$C$2&\"!$4:$4\",TRUE),0)))","v":{"$error":"#N/A"}},{"$f":"IF(INDEX(INDIRECT(Graph!$C$2&\"!$1:$99999\",TRUE),MATCH(BC$10,INDIRECT(Graph!$C$2&\"!$A:$A\",TRUE),0),MATCH($A11,INDIRECT(Graph!$C$2&\"!$4:$4\",TRUE),0))=0,\"\",INDEX(INDIRECT(Graph!$C$2&\"!$1:$99999\",TRUE),MATCH(BC$10,INDIRECT(Graph!$C$2&\"!$A:$A\",TRUE),0),MATCH($A11,INDIRECT(Graph!$C$2&\"!$4:$4\",TRUE),0)))","v":{"$error":"#N/A"}},{"$f":"IF(INDEX(INDIRECT(Graph!$C$2&\"!$1:$99999\",TRUE),MATCH(BD$10,INDIRECT(Graph!$C$2&\"!$A:$A\",TRUE),0),MATCH($A11,INDIRECT(Graph!$C$2&\"!$4:$4\",TRUE),0))=0,\"\",INDEX(INDIRECT(Graph!$C$2&\"!$1:$99999\",TRUE),MATCH(BD$10,INDIRECT(Graph!$C$2&\"!$A:$A\",TRUE),0),MATCH($A11,INDIRECT(Graph!$C$2&\"!$4:$4\",TRUE),0)))","v":{"$error":"#N/A"}},{"$f":"IF(INDEX(INDIRECT(Graph!$C$2&\"!$1:$99999\",TRUE),MATCH(BE$10,INDIRECT(Graph!$C$2&\"!$A:$A\",TRUE),0),MATCH($A11,INDIRECT(Graph!$C$2&\"!$4:$4\",TRUE),0))=0,\"\",INDEX(INDIRECT(Graph!$C$2&\"!$1:$99999\",TRUE),MATCH(BE$10,INDIRECT(Graph!$C$2&\"!$A:$A\",TRUE),0),MATCH($A11,INDIRECT(Graph!$C$2&\"!$4:$4\",TRUE),0)))","v":{"$error":"#N/A"}},{"$f":"IF(INDEX(INDIRECT(Graph!$C$2&\"!$1:$99999\",TRUE),MATCH(BF$10,INDIRECT(Graph!$C$2&\"!$A:$A\",TRUE),0),MATCH($A11,INDIRECT(Graph!$C$2&\"!$4:$4\",TRUE),0))=0,\"\",INDEX(INDIRECT(Graph!$C$2&\"!$1:$99999\",TRUE),MATCH(BF$10,INDIRECT(Graph!$C$2&\"!$A:$A\",TRUE),0),MATCH($A11,INDIRECT(Graph!$C$2&\"!$4:$4\",TRUE),0)))","v":{"$error":"#N/A"}},{"$f":"IF(INDEX(INDIRECT(Graph!$C$2&\"!$1:$99999\",TRUE),MATCH(BG$10,INDIRECT(Graph!$C$2&\"!$A:$A\",TRUE),0),MATCH($A11,INDIRECT(Graph!$C$2&\"!$4:$4\",TRUE),0))=0,\"\",INDEX(INDIRECT(Graph!$C$2&\"!$1:$99999\",TRUE),MATCH(BG$10,INDIRECT(Graph!$C$2&\"!$A:$A\",TRUE),0),MATCH($A11,INDIRECT(Graph!$C$2&\"!$4:$4\",TRUE),0)))","v":{"$error":"#N/A"}},{"$f":"IF(INDEX(INDIRECT(Graph!$C$2&\"!$1:$99999\",TRUE),MATCH(BH$10,INDIRECT(Graph!$C$2&\"!$A:$A\",TRUE),0),MATCH($A11,INDIRECT(Graph!$C$2&\"!$4:$4\",TRUE),0))=0,\"\",INDEX(INDIRECT(Graph!$C$2&\"!$1:$99999\",TRUE),MATCH(BH$10,INDIRECT(Graph!$C$2&\"!$A:$A\",TRUE),0),MATCH($A11,INDIRECT(Graph!$C$2&\"!$4:$4\",TRUE),0)))","v":{"$error":"#N/A"}},{"$f":"IF(INDEX(INDIRECT(Graph!$C$2&\"!$1:$99999\",TRUE),MATCH(BI$10,INDIRECT(Graph!$C$2&\"!$A:$A\",TRUE),0),MATCH($A11,INDIRECT(Graph!$C$2&\"!$4:$4\",TRUE),0))=0,\"\",INDEX(INDIRECT(Graph!$C$2&\"!$1:$99999\",TRUE),MATCH(BI$10,INDIRECT(Graph!$C$2&\"!$A:$A\",TRUE),0),MATCH($A11,INDIRECT(Graph!$C$2&\"!$4:$4\",TRUE),0)))","v":{"$error":"#N/A"}},{"$f":"IF(INDEX(INDIRECT(Graph!$C$2&\"!$1:$99999\",TRUE),MATCH(BJ$10,INDIRECT(Graph!$C$2&\"!$A:$A\",TRUE),0),MATCH($A11,INDIRECT(Graph!$C$2&\"!$4:$4\",TRUE),0))=0,\"\",INDEX(INDIRECT(Graph!$C$2&\"!$1:$99999\",TRUE),MATCH(BJ$10,INDIRECT(Graph!$C$2&\"!$A:$A\",TRUE),0),MATCH($A11,INDIRECT(Graph!$C$2&\"!$4:$4\",TRUE),0)))","v":{"$error":"#N/A"}},{"$f":"IF(INDEX(INDIRECT(Graph!$C$2&\"!$1:$99999\",TRUE),MATCH(BK$10,INDIRECT(Graph!$C$2&\"!$A:$A\",TRUE),0),MATCH($A11,INDIRECT(Graph!$C$2&\"!$4:$4\",TRUE),0))=0,\"\",INDEX(INDIRECT(Graph!$C$2&\"!$1:$99999\",TRUE),MATCH(BK$10,INDIRECT(Graph!$C$2&\"!$A:$A\",TRUE),0),MATCH($A11,INDIRECT(Graph!$C$2&\"!$4:$4\",TRUE),0)))","v":{"$error":"#N/A"}},{"$f":"IF(INDEX(INDIRECT(Graph!$C$2&\"!$1:$99999\",TRUE),MATCH(BL$10,INDIRECT(Graph!$C$2&\"!$A:$A\",TRUE),0),MATCH($A11,INDIRECT(Graph!$C$2&\"!$4:$4\",TRUE),0))=0,\"\",INDEX(INDIRECT(Graph!$C$2&\"!$1:$99999\",TRUE),MATCH(BL$10,INDIRECT(Graph!$C$2&\"!$A:$A\",TRUE),0),MATCH($A11,INDIRECT(Graph!$C$2&\"!$4:$4\",TRUE),0)))","v":{"$error":"#N/A"}},{"$f":"IF(INDEX(INDIRECT(Graph!$C$2&\"!$1:$99999\",TRUE),MATCH(BM$10,INDIRECT(Graph!$C$2&\"!$A:$A\",TRUE),0),MATCH($A11,INDIRECT(Graph!$C$2&\"!$4:$4\",TRUE),0))=0,\"\",INDEX(INDIRECT(Graph!$C$2&\"!$1:$99999\",TRUE),MATCH(BM$10,INDIRECT(Graph!$C$2&\"!$A:$A\",TRUE),0),MATCH($A11,INDIRECT(Graph!$C$2&\"!$4:$4\",TRUE),0)))","v":{"$error":"#N/A"}},{"$f":"IF(INDEX(INDIRECT(Graph!$C$2&\"!$1:$99999\",TRUE),MATCH(BN$10,INDIRECT(Graph!$C$2&\"!$A:$A\",TRUE),0),MATCH($A11,INDIRECT(Graph!$C$2&\"!$4:$4\",TRUE),0))=0,\"\",INDEX(INDIRECT(Graph!$C$2&\"!$1:$99999\",TRUE),MATCH(BN$10,INDIRECT(Graph!$C$2&\"!$A:$A\",TRUE),0),MATCH($A11,INDIRECT(Graph!$C$2&\"!$4:$4\",TRUE),0)))","v":{"$error":"#N/A"}},{"$f":"IF(INDEX(INDIRECT(Graph!$C$2&\"!$1:$99999\",TRUE),MATCH(BO$10,INDIRECT(Graph!$C$2&\"!$A:$A\",TRUE),0),MATCH($A11,INDIRECT(Graph!$C$2&\"!$4:$4\",TRUE),0))=0,\"\",INDEX(INDIRECT(Graph!$C$2&\"!$1:$99999\",TRUE),MATCH(BO$10,INDIRECT(Graph!$C$2&\"!$A:$A\",TRUE),0),MATCH($A11,INDIRECT(Graph!$C$2&\"!$4:$4\",TRUE),0)))","v":{"$error":"#N/A"}},{"$f":"IF(INDEX(INDIRECT(Graph!$C$2&\"!$1:$99999\",TRUE),MATCH(BP$10,INDIRECT(Graph!$C$2&\"!$A:$A\",TRUE),0),MATCH($A11,INDIRECT(Graph!$C$2&\"!$4:$4\",TRUE),0))=0,\"\",INDEX(INDIRECT(Graph!$C$2&\"!$1:$99999\",TRUE),MATCH(BP$10,INDIRECT(Graph!$C$2&\"!$A:$A\",TRUE),0),MATCH($A11,INDIRECT(Graph!$C$2&\"!$4:$4\",TRUE),0)))","v":{"$error":"#N/A"}},{"$f":"IF(INDEX(INDIRECT(Graph!$C$2&\"!$1:$99999\",TRUE),MATCH(BQ$10,INDIRECT(Graph!$C$2&\"!$A:$A\",TRUE),0),MATCH($A11,INDIRECT(Graph!$C$2&\"!$4:$4\",TRUE),0))=0,\"\",INDEX(INDIRECT(Graph!$C$2&\"!$1:$99999\",TRUE),MATCH(BQ$10,INDIRECT(Graph!$C$2&\"!$A:$A\",TRUE),0),MATCH($A11,INDIRECT(Graph!$C$2&\"!$4:$4\",TRUE),0)))","v":{"$error":"#N/A"}},{"$f":"IF(INDEX(INDIRECT(Graph!$C$2&\"!$1:$99999\",TRUE),MATCH(BR$10,INDIRECT(Graph!$C$2&\"!$A:$A\",TRUE),0),MATCH($A11,INDIRECT(Graph!$C$2&\"!$4:$4\",TRUE),0))=0,\"\",INDEX(INDIRECT(Graph!$C$2&\"!$1:$99999\",TRUE),MATCH(BR$10,INDIRECT(Graph!$C$2&\"!$A:$A\",TRUE),0),MATCH($A11,INDIRECT(Graph!$C$2&\"!$4:$4\",TRUE),0)))","v":{"$error":"#N/A"}},{"$f":"IF(INDEX(INDIRECT(Graph!$C$2&\"!$1:$99999\",TRUE),MATCH(BS$10,INDIRECT(Graph!$C$2&\"!$A:$A\",TRUE),0),MATCH($A11,INDIRECT(Graph!$C$2&\"!$4:$4\",TRUE),0))=0,\"\",INDEX(INDIRECT(Graph!$C$2&\"!$1:$99999\",TRUE),MATCH(BS$10,INDIRECT(Graph!$C$2&\"!$A:$A\",TRUE),0),MATCH($A11,INDIRECT(Graph!$C$2&\"!$4:$4\",TRUE),0)))","v":{"$error":"#N/A"}},{"$f":"IF(INDEX(INDIRECT(Graph!$C$2&\"!$1:$99999\",TRUE),MATCH(BT$10,INDIRECT(Graph!$C$2&\"!$A:$A\",TRUE),0),MATCH($A11,INDIRECT(Graph!$C$2&\"!$4:$4\",TRUE),0))=0,\"\",INDEX(INDIRECT(Graph!$C$2&\"!$1:$99999\",TRUE),MATCH(BT$10,INDIRECT(Graph!$C$2&\"!$A:$A\",TRUE),0),MATCH($A11,INDIRECT(Graph!$C$2&\"!$4:$4\",TRUE),0)))","v":{"$error":"#N/A"}},{"$f":"IF(INDEX(INDIRECT(Graph!$C$2&\"!$1:$99999\",TRUE),MATCH(BU$10,INDIRECT(Graph!$C$2&\"!$A:$A\",TRUE),0),MATCH($A11,INDIRECT(Graph!$C$2&\"!$4:$4\",TRUE),0))=0,\"\",INDEX(INDIRECT(Graph!$C$2&\"!$1:$99999\",TRUE),MATCH(BU$10,INDIRECT(Graph!$C$2&\"!$A:$A\",TRUE),0),MATCH($A11,INDIRECT(Graph!$C$2&\"!$4:$4\",TRUE),0)))","v":{"$error":"#N/A"}},{"$f":"IF(INDEX(INDIRECT(Graph!$C$2&\"!$1:$99999\",TRUE),MATCH(BV$10,INDIRECT(Graph!$C$2&\"!$A:$A\",TRUE),0),MATCH($A11,INDIRECT(Graph!$C$2&\"!$4:$4\",TRUE),0))=0,\"\",INDEX(INDIRECT(Graph!$C$2&\"!$1:$99999\",TRUE),MATCH(BV$10,INDIRECT(Graph!$C$2&\"!$A:$A\",TRUE),0),MATCH($A11,INDIRECT(Graph!$C$2&\"!$4:$4\",TRUE),0)))","v":{"$error":"#N/A"}},{"$f":"IF(INDEX(INDIRECT(Graph!$C$2&\"!$1:$99999\",TRUE),MATCH(BW$10,INDIRECT(Graph!$C$2&\"!$A:$A\",TRUE),0),MATCH($A11,INDIRECT(Graph!$C$2&\"!$4:$4\",TRUE),0))=0,\"\",INDEX(INDIRECT(Graph!$C$2&\"!$1:$99999\",TRUE),MATCH(BW$10,INDIRECT(Graph!$C$2&\"!$A:$A\",TRUE),0),MATCH($A11,INDIRECT(Graph!$C$2&\"!$4:$4\",TRUE),0)))","v":{"$error":"#N/A"}},{"$f":"IF(INDEX(INDIRECT(Graph!$C$2&\"!$1:$99999\",TRUE),MATCH(BX$10,INDIRECT(Graph!$C$2&\"!$A:$A\",TRUE),0),MATCH($A11,INDIRECT(Graph!$C$2&\"!$4:$4\",TRUE),0))=0,\"\",INDEX(INDIRECT(Graph!$C$2&\"!$1:$99999\",TRUE),MATCH(BX$10,INDIRECT(Graph!$C$2&\"!$A:$A\",TRUE),0),MATCH($A11,INDIRECT(Graph!$C$2&\"!$4:$4\",TRUE),0)))","v":{"$error":"#N/A"}},{"$f":"IF(INDEX(INDIRECT(Graph!$C$2&\"!$1:$99999\",TRUE),MATCH(BY$10,INDIRECT(Graph!$C$2&\"!$A:$A\",TRUE),0),MATCH($A11,INDIRECT(Graph!$C$2&\"!$4:$4\",TRUE),0))=0,\"\",INDEX(INDIRECT(Graph!$C$2&\"!$1:$99999\",TRUE),MATCH(BY$10,INDIRECT(Graph!$C$2&\"!$A:$A\",TRUE),0),MATCH($A11,INDIRECT(Graph!$C$2&\"!$4:$4\",TRUE),0)))","v":{"$error":"#N/A"}},{"$f":"IF(INDEX(INDIRECT(Graph!$C$2&\"!$1:$99999\",TRUE),MATCH(BZ$10,INDIRECT(Graph!$C$2&\"!$A:$A\",TRUE),0),MATCH($A11,INDIRECT(Graph!$C$2&\"!$4:$4\",TRUE),0))=0,\"\",INDEX(INDIRECT(Graph!$C$2&\"!$1:$99999\",TRUE),MATCH(BZ$10,INDIRECT(Graph!$C$2&\"!$A:$A\",TRUE),0),MATCH($A11,INDIRECT(Graph!$C$2&\"!$4:$4\",TRUE),0)))","v":{"$error":"#N/A"}},{"$f":"IF(INDEX(INDIRECT(Graph!$C$2&\"!$1:$99999\",TRUE),MATCH(CA$10,INDIRECT(Graph!$C$2&\"!$A:$A\",TRUE),0),MATCH($A11,INDIRECT(Graph!$C$2&\"!$4:$4\",TRUE),0))=0,\"\",INDEX(INDIRECT(Graph!$C$2&\"!$1:$99999\",TRUE),MATCH(CA$10,INDIRECT(Graph!$C$2&\"!$A:$A\",TRUE),0),MATCH($A11,INDIRECT(Graph!$C$2&\"!$4:$4\",TRUE),0)))","v":{"$error":"#N/A"}},{"$f":"IF(INDEX(INDIRECT(Graph!$C$2&\"!$1:$99999\",TRUE),MATCH(CB$10,INDIRECT(Graph!$C$2&\"!$A:$A\",TRUE),0),MATCH($A11,INDIRECT(Graph!$C$2&\"!$4:$4\",TRUE),0))=0,\"\",INDEX(INDIRECT(Graph!$C$2&\"!$1:$99999\",TRUE),MATCH(CB$10,INDIRECT(Graph!$C$2&\"!$A:$A\",TRUE),0),MATCH($A11,INDIRECT(Graph!$C$2&\"!$4:$4\",TRUE),0)))","v":{"$error":"#N/A"}},{"$f":"IF(INDEX(INDIRECT(Graph!$C$2&\"!$1:$99999\",TRUE),MATCH(CC$10,INDIRECT(Graph!$C$2&\"!$A:$A\",TRUE),0),MATCH($A11,INDIRECT(Graph!$C$2&\"!$4:$4\",TRUE),0))=0,\"\",INDEX(INDIRECT(Graph!$C$2&\"!$1:$99999\",TRUE),MATCH(CC$10,INDIRECT(Graph!$C$2&\"!$A:$A\",TRUE),0),MATCH($A11,INDIRECT(Graph!$C$2&\"!$4:$4\",TRUE),0)))","v":{"$error":"#N/A"}},{"$f":"IF(INDEX(INDIRECT(Graph!$C$2&\"!$1:$99999\",TRUE),MATCH(CD$10,INDIRECT(Graph!$C$2&\"!$A:$A\",TRUE),0),MATCH($A11,INDIRECT(Graph!$C$2&\"!$4:$4\",TRUE),0))=0,\"\",INDEX(INDIRECT(Graph!$C$2&\"!$1:$99999\",TRUE),MATCH(CD$10,INDIRECT(Graph!$C$2&\"!$A:$A\",TRUE),0),MATCH($A11,INDIRECT(Graph!$C$2&\"!$4:$4\",TRUE),0)))","v":{"$error":"#N/A"}},{"$f":"IF(INDEX(INDIRECT(Graph!$C$2&\"!$1:$99999\",TRUE),MATCH(CE$10,INDIRECT(Graph!$C$2&\"!$A:$A\",TRUE),0),MATCH($A11,INDIRECT(Graph!$C$2&\"!$4:$4\",TRUE),0))=0,\"\",INDEX(INDIRECT(Graph!$C$2&\"!$1:$99999\",TRUE),MATCH(CE$10,INDIRECT(Graph!$C$2&\"!$A:$A\",TRUE),0),MATCH($A11,INDIRECT(Graph!$C$2&\"!$4:$4\",TRUE),0)))","v":{"$error":"#N/A"}},{"$f":"IF(INDEX(INDIRECT(Graph!$C$2&\"!$1:$99999\",TRUE),MATCH(CF$10,INDIRECT(Graph!$C$2&\"!$A:$A\",TRUE),0),MATCH($A11,INDIRECT(Graph!$C$2&\"!$4:$4\",TRUE),0))=0,\"\",INDEX(INDIRECT(Graph!$C$2&\"!$1:$99999\",TRUE),MATCH(CF$10,INDIRECT(Graph!$C$2&\"!$A:$A\",TRUE),0),MATCH($A11,INDIRECT(Graph!$C$2&\"!$4:$4\",TRUE),0)))","v":{"$error":"#N/A"}},{"$f":"IF(INDEX(INDIRECT(Graph!$C$2&\"!$1:$99999\",TRUE),MATCH(CG$10,INDIRECT(Graph!$C$2&\"!$A:$A\",TRUE),0),MATCH($A11,INDIRECT(Graph!$C$2&\"!$4:$4\",TRUE),0))=0,\"\",INDEX(INDIRECT(Graph!$C$2&\"!$1:$99999\",TRUE),MATCH(CG$10,INDIRECT(Graph!$C$2&\"!$A:$A\",TRUE),0),MATCH($A11,INDIRECT(Graph!$C$2&\"!$4:$4\",TRUE),0)))","v":{"$error":"#N/A"}},{"$f":"IF(INDEX(INDIRECT(Graph!$C$2&\"!$1:$99999\",TRUE),MATCH(CH$10,INDIRECT(Graph!$C$2&\"!$A:$A\",TRUE),0),MATCH($A11,INDIRECT(Graph!$C$2&\"!$4:$4\",TRUE),0))=0,\"\",INDEX(INDIRECT(Graph!$C$2&\"!$1:$99999\",TRUE),MATCH(CH$10,INDIRECT(Graph!$C$2&\"!$A:$A\",TRUE),0),MATCH($A11,INDIRECT(Graph!$C$2&\"!$4:$4\",TRUE),0)))","v":{"$error":"#N/A"}},{"$f":"IF(INDEX(INDIRECT(Graph!$C$2&\"!$1:$99999\",TRUE),MATCH(CI$10,INDIRECT(Graph!$C$2&\"!$A:$A\",TRUE),0),MATCH($A11,INDIRECT(Graph!$C$2&\"!$4:$4\",TRUE),0))=0,\"\",INDEX(INDIRECT(Graph!$C$2&\"!$1:$99999\",TRUE),MATCH(CI$10,INDIRECT(Graph!$C$2&\"!$A:$A\",TRUE),0),MATCH($A11,INDIRECT(Graph!$C$2&\"!$4:$4\",TRUE),0)))","v":{"$error":"#N/A"}},{"$f":"IF(INDEX(INDIRECT(Graph!$C$2&\"!$1:$99999\",TRUE),MATCH(CJ$10,INDIRECT(Graph!$C$2&\"!$A:$A\",TRUE),0),MATCH($A11,INDIRECT(Graph!$C$2&\"!$4:$4\",TRUE),0))=0,\"\",INDEX(INDIRECT(Graph!$C$2&\"!$1:$99999\",TRUE),MATCH(CJ$10,INDIRECT(Graph!$C$2&\"!$A:$A\",TRUE),0),MATCH($A11,INDIRECT(Graph!$C$2&\"!$4:$4\",TRUE),0)))","v":{"$error":"#N/A"}},{"$f":"IF(INDEX(INDIRECT(Graph!$C$2&\"!$1:$99999\",TRUE),MATCH(CK$10,INDIRECT(Graph!$C$2&\"!$A:$A\",TRUE),0),MATCH($A11,INDIRECT(Graph!$C$2&\"!$4:$4\",TRUE),0))=0,\"\",INDEX(INDIRECT(Graph!$C$2&\"!$1:$99999\",TRUE),MATCH(CK$10,INDIRECT(Graph!$C$2&\"!$A:$A\",TRUE),0),MATCH($A11,INDIRECT(Graph!$C$2&\"!$4:$4\",TRUE),0)))","v":{"$error":"#N/A"}},{"$f":"IF(INDEX(INDIRECT(Graph!$C$2&\"!$1:$99999\",TRUE),MATCH(CL$10,INDIRECT(Graph!$C$2&\"!$A:$A\",TRUE),0),MATCH($A11,INDIRECT(Graph!$C$2&\"!$4:$4\",TRUE),0))=0,\"\",INDEX(INDIRECT(Graph!$C$2&\"!$1:$99999\",TRUE),MATCH(CL$10,INDIRECT(Graph!$C$2&\"!$A:$A\",TRUE),0),MATCH($A11,INDIRECT(Graph!$C$2&\"!$4:$4\",TRUE),0)))","v":{"$error":"#N/A"}},{"$f":"IF(INDEX(INDIRECT(Graph!$C$2&\"!$1:$99999\",TRUE),MATCH(CM$10,INDIRECT(Graph!$C$2&\"!$A:$A\",TRUE),0),MATCH($A11,INDIRECT(Graph!$C$2&\"!$4:$4\",TRUE),0))=0,\"\",INDEX(INDIRECT(Graph!$C$2&\"!$1:$99999\",TRUE),MATCH(CM$10,INDIRECT(Graph!$C$2&\"!$A:$A\",TRUE),0),MATCH($A11,INDIRECT(Graph!$C$2&\"!$4:$4\",TRUE),0)))","v":{"$error":"#N/A"}},{"$f":"IF(INDEX(INDIRECT(Graph!$C$2&\"!$1:$99999\",TRUE),MATCH(CN$10,INDIRECT(Graph!$C$2&\"!$A:$A\",TRUE),0),MATCH($A11,INDIRECT(Graph!$C$2&\"!$4:$4\",TRUE),0))=0,\"\",INDEX(INDIRECT(Graph!$C$2&\"!$1:$99999\",TRUE),MATCH(CN$10,INDIRECT(Graph!$C$2&\"!$A:$A\",TRUE),0),MATCH($A11,INDIRECT(Graph!$C$2&\"!$4:$4\",TRUE),0)))","v":{"$error":"#N/A"}},{"$f":"IF(INDEX(INDIRECT(Graph!$C$2&\"!$1:$99999\",TRUE),MATCH(CO$10,INDIRECT(Graph!$C$2&\"!$A:$A\",TRUE),0),MATCH($A11,INDIRECT(Graph!$C$2&\"!$4:$4\",TRUE),0))=0,\"\",INDEX(INDIRECT(Graph!$C$2&\"!$1:$99999\",TRUE),MATCH(CO$10,INDIRECT(Graph!$C$2&\"!$A:$A\",TRUE),0),MATCH($A11,INDIRECT(Graph!$C$2&\"!$4:$4\",TRUE),0)))","v":{"$error":"#N/A"}},{"$f":"IF(INDEX(INDIRECT(Graph!$C$2&\"!$1:$99999\",TRUE),MATCH(CP$10,INDIRECT(Graph!$C$2&\"!$A:$A\",TRUE),0),MATCH($A11,INDIRECT(Graph!$C$2&\"!$4:$4\",TRUE),0))=0,\"\",INDEX(INDIRECT(Graph!$C$2&\"!$1:$99999\",TRUE),MATCH(CP$10,INDIRECT(Graph!$C$2&\"!$A:$A\",TRUE),0),MATCH($A11,INDIRECT(Graph!$C$2&\"!$4:$4\",TRUE),0)))","v":{"$error":"#N/A"}},{"$f":"IF(INDEX(INDIRECT(Graph!$C$2&\"!$1:$99999\",TRUE),MATCH(CQ$10,INDIRECT(Graph!$C$2&\"!$A:$A\",TRUE),0),MATCH($A11,INDIRECT(Graph!$C$2&\"!$4:$4\",TRUE),0))=0,\"\",INDEX(INDIRECT(Graph!$C$2&\"!$1:$99999\",TRUE),MATCH(CQ$10,INDIRECT(Graph!$C$2&\"!$A:$A\",TRUE),0),MATCH($A11,INDIRECT(Graph!$C$2&\"!$4:$4\",TRUE),0)))","v":{"$error":"#N/A"}},{"$f":"IF(INDEX(INDIRECT(Graph!$C$2&\"!$1:$99999\",TRUE),MATCH(CR$10,INDIRECT(Graph!$C$2&\"!$A:$A\",TRUE),0),MATCH($A11,INDIRECT(Graph!$C$2&\"!$4:$4\",TRUE),0))=0,\"\",INDEX(INDIRECT(Graph!$C$2&\"!$1:$99999\",TRUE),MATCH(CR$10,INDIRECT(Graph!$C$2&\"!$A:$A\",TRUE),0),MATCH($A11,INDIRECT(Graph!$C$2&\"!$4:$4\",TRUE),0)))","v":{"$error":"#N/A"}},{"$f":"IF(INDEX(INDIRECT(Graph!$C$2&\"!$1:$99999\",TRUE),MATCH(CS$10,INDIRECT(Graph!$C$2&\"!$A:$A\",TRUE),0),MATCH($A11,INDIRECT(Graph!$C$2&\"!$4:$4\",TRUE),0))=0,\"\",INDEX(INDIRECT(Graph!$C$2&\"!$1:$99999\",TRUE),MATCH(CS$10,INDIRECT(Graph!$C$2&\"!$A:$A\",TRUE),0),MATCH($A11,INDIRECT(Graph!$C$2&\"!$4:$4\",TRUE),0)))","v":{"$error":"#N/A"}},{"$f":"IF(INDEX(INDIRECT(Graph!$C$2&\"!$1:$99999\",TRUE),MATCH(CT$10,INDIRECT(Graph!$C$2&\"!$A:$A\",TRUE),0),MATCH($A11,INDIRECT(Graph!$C$2&\"!$4:$4\",TRUE),0))=0,\"\",INDEX(INDIRECT(Graph!$C$2&\"!$1:$99999\",TRUE),MATCH(CT$10,INDIRECT(Graph!$C$2&\"!$A:$A\",TRUE),0),MATCH($A11,INDIRECT(Graph!$C$2&\"!$4:$4\",TRUE),0)))","v":{"$error":"#N/A"}},{"$f":"IF(INDEX(INDIRECT(Graph!$C$2&\"!$1:$99999\",TRUE),MATCH(CU$10,INDIRECT(Graph!$C$2&\"!$A:$A\",TRUE),0),MATCH($A11,INDIRECT(Graph!$C$2&\"!$4:$4\",TRUE),0))=0,\"\",INDEX(INDIRECT(Graph!$C$2&\"!$1:$99999\",TRUE),MATCH(CU$10,INDIRECT(Graph!$C$2&\"!$A:$A\",TRUE),0),MATCH($A11,INDIRECT(Graph!$C$2&\"!$4:$4\",TRUE),0)))","v":{"$error":"#N/A"}},{"$f":"IF(INDEX(INDIRECT(Graph!$C$2&\"!$1:$99999\",TRUE),MATCH(CV$10,INDIRECT(Graph!$C$2&\"!$A:$A\",TRUE),0),MATCH($A11,INDIRECT(Graph!$C$2&\"!$4:$4\",TRUE),0))=0,\"\",INDEX(INDIRECT(Graph!$C$2&\"!$1:$99999\",TRUE),MATCH(CV$10,INDIRECT(Graph!$C$2&\"!$A:$A\",TRUE),0),MATCH($A11,INDIRECT(Graph!$C$2&\"!$4:$4\",TRUE),0)))","v":{"$error":"#N/A"}},{"$f":"IF(INDEX(INDIRECT(Graph!$C$2&\"!$1:$99999\",TRUE),MATCH(CW$10,INDIRECT(Graph!$C$2&\"!$A:$A\",TRUE),0),MATCH($A11,INDIRECT(Graph!$C$2&\"!$4:$4\",TRUE),0))=0,\"\",INDEX(INDIRECT(Graph!$C$2&\"!$1:$99999\",TRUE),MATCH(CW$10,INDIRECT(Graph!$C$2&\"!$A:$A\",TRUE),0),MATCH($A11,INDIRECT(Graph!$C$2&\"!$4:$4\",TRUE),0)))","v":{"$error":"#N/A"}},{"$f":"IF(INDEX(INDIRECT(Graph!$C$2&\"!$1:$99999\",TRUE),MATCH(CX$10,INDIRECT(Graph!$C$2&\"!$A:$A\",TRUE),0),MATCH($A11,INDIRECT(Graph!$C$2&\"!$4:$4\",TRUE),0))=0,\"\",INDEX(INDIRECT(Graph!$C$2&\"!$1:$99999\",TRUE),MATCH(CX$10,INDIRECT(Graph!$C$2&\"!$A:$A\",TRUE),0),MATCH($A11,INDIRECT(Graph!$C$2&\"!$4:$4\",TRUE),0)))","v":{"$error":"#N/A"}},{"$f":"IF(INDEX(INDIRECT(Graph!$C$2&\"!$1:$99999\",TRUE),MATCH(CY$10,INDIRECT(Graph!$C$2&\"!$A:$A\",TRUE),0),MATCH($A11,INDIRECT(Graph!$C$2&\"!$4:$4\",TRUE),0))=0,\"\",INDEX(INDIRECT(Graph!$C$2&\"!$1:$99999\",TRUE),MATCH(CY$10,INDIRECT(Graph!$C$2&\"!$A:$A\",TRUE),0),MATCH($A11,INDIRECT(Graph!$C$2&\"!$4:$4\",TRUE),0)))","v":{"$error":"#N/A"}},{"$f":"IF(INDEX(INDIRECT(Graph!$C$2&\"!$1:$99999\",TRUE),MATCH(CZ$10,INDIRECT(Graph!$C$2&\"!$A:$A\",TRUE),0),MATCH($A11,INDIRECT(Graph!$C$2&\"!$4:$4\",TRUE),0))=0,\"\",INDEX(INDIRECT(Graph!$C$2&\"!$1:$99999\",TRUE),MATCH(CZ$10,INDIRECT(Graph!$C$2&\"!$A:$A\",TRUE),0),MATCH($A11,INDIRECT(Graph!$C$2&\"!$4:$4\",TRUE),0)))","v":{"$error":"#N/A"}},{"$f":"IF(INDEX(INDIRECT(Graph!$C$2&\"!$1:$99999\",TRUE),MATCH(DA$10,INDIRECT(Graph!$C$2&\"!$A:$A\",TRUE),0),MATCH($A11,INDIRECT(Graph!$C$2&\"!$4:$4\",TRUE),0))=0,\"\",INDEX(INDIRECT(Graph!$C$2&\"!$1:$99999\",TRUE),MATCH(DA$10,INDIRECT(Graph!$C$2&\"!$A:$A\",TRUE),0),MATCH($A11,INDIRECT(Graph!$C$2&\"!$4:$4\",TRUE),0)))","v":{"$error":"#N/A"}},{"$f":"IF(INDEX(INDIRECT(Graph!$C$2&\"!$1:$99999\",TRUE),MATCH(DB$10,INDIRECT(Graph!$C$2&\"!$A:$A\",TRUE),0),MATCH($A11,INDIRECT(Graph!$C$2&\"!$4:$4\",TRUE),0))=0,\"\",INDEX(INDIRECT(Graph!$C$2&\"!$1:$99999\",TRUE),MATCH(DB$10,INDIRECT(Graph!$C$2&\"!$A:$A\",TRUE),0),MATCH($A11,INDIRECT(Graph!$C$2&\"!$4:$4\",TRUE),0)))","v":{"$error":"#N/A"}},{"$f":"IF(INDEX(INDIRECT(Graph!$C$2&\"!$1:$99999\",TRUE),MATCH(DC$10,INDIRECT(Graph!$C$2&\"!$A:$A\",TRUE),0),MATCH($A11,INDIRECT(Graph!$C$2&\"!$4:$4\",TRUE),0))=0,\"\",INDEX(INDIRECT(Graph!$C$2&\"!$1:$99999\",TRUE),MATCH(DC$10,INDIRECT(Graph!$C$2&\"!$A:$A\",TRUE),0),MATCH($A11,INDIRECT(Graph!$C$2&\"!$4:$4\",TRUE),0)))","v":{"$error":"#N/A"}},{"$f":"IF(INDEX(INDIRECT(Graph!$C$2&\"!$1:$99999\",TRUE),MATCH(DD$10,INDIRECT(Graph!$C$2&\"!$A:$A\",TRUE),0),MATCH($A11,INDIRECT(Graph!$C$2&\"!$4:$4\",TRUE),0))=0,\"\",INDEX(INDIRECT(Graph!$C$2&\"!$1:$99999\",TRUE),MATCH(DD$10,INDIRECT(Graph!$C$2&\"!$A:$A\",TRUE),0),MATCH($A11,INDIRECT(Graph!$C$2&\"!$4:$4\",TRUE),0)))","v":{"$error":"#N/A"}},{"$f":"IF(INDEX(INDIRECT(Graph!$C$2&\"!$1:$99999\",TRUE),MATCH(DE$10,INDIRECT(Graph!$C$2&\"!$A:$A\",TRUE),0),MATCH($A11,INDIRECT(Graph!$C$2&\"!$4:$4\",TRUE),0))=0,\"\",INDEX(INDIRECT(Graph!$C$2&\"!$1:$99999\",TRUE),MATCH(DE$10,INDIRECT(Graph!$C$2&\"!$A:$A\",TRUE),0),MATCH($A11,INDIRECT(Graph!$C$2&\"!$4:$4\",TRUE),0)))","v":{"$error":"#N/A"}},{"$f":"IF(INDEX(INDIRECT(Graph!$C$2&\"!$1:$99999\",TRUE),MATCH(DF$10,INDIRECT(Graph!$C$2&\"!$A:$A\",TRUE),0),MATCH($A11,INDIRECT(Graph!$C$2&\"!$4:$4\",TRUE),0))=0,\"\",INDEX(INDIRECT(Graph!$C$2&\"!$1:$99999\",TRUE),MATCH(DF$10,INDIRECT(Graph!$C$2&\"!$A:$A\",TRUE),0),MATCH($A11,INDIRECT(Graph!$C$2&\"!$4:$4\",TRUE),0)))","v":{"$error":"#N/A"}},{"$f":"IF(INDEX(INDIRECT(Graph!$C$2&\"!$1:$99999\",TRUE),MATCH(DG$10,INDIRECT(Graph!$C$2&\"!$A:$A\",TRUE),0),MATCH($A11,INDIRECT(Graph!$C$2&\"!$4:$4\",TRUE),0))=0,\"\",INDEX(INDIRECT(Graph!$C$2&\"!$1:$99999\",TRUE),MATCH(DG$10,INDIRECT(Graph!$C$2&\"!$A:$A\",TRUE),0),MATCH($A11,INDIRECT(Graph!$C$2&\"!$4:$4\",TRUE),0)))","v":{"$error":"#N/A"}},{"$f":"IF(INDEX(INDIRECT(Graph!$C$2&\"!$1:$99999\",TRUE),MATCH(DH$10,INDIRECT(Graph!$C$2&\"!$A:$A\",TRUE),0),MATCH($A11,INDIRECT(Graph!$C$2&\"!$4:$4\",TRUE),0))=0,\"\",INDEX(INDIRECT(Graph!$C$2&\"!$1:$99999\",TRUE),MATCH(DH$10,INDIRECT(Graph!$C$2&\"!$A:$A\",TRUE),0),MATCH($A11,INDIRECT(Graph!$C$2&\"!$4:$4\",TRUE),0)))","v":{"$error":"#N/A"}},{"$f":"IF(INDEX(INDIRECT(Graph!$C$2&\"!$1:$99999\",TRUE),MATCH(DI$10,INDIRECT(Graph!$C$2&\"!$A:$A\",TRUE),0),MATCH($A11,INDIRECT(Graph!$C$2&\"!$4:$4\",TRUE),0))=0,\"\",INDEX(INDIRECT(Graph!$C$2&\"!$1:$99999\",TRUE),MATCH(DI$10,INDIRECT(Graph!$C$2&\"!$A:$A\",TRUE),0),MATCH($A11,INDIRECT(Graph!$C$2&\"!$4:$4\",TRUE),0)))","v":{"$error":"#N/A"}},{"$f":"IF(INDEX(INDIRECT(Graph!$C$2&\"!$1:$99999\",TRUE),MATCH(DJ$10,INDIRECT(Graph!$C$2&\"!$A:$A\",TRUE),0),MATCH($A11,INDIRECT(Graph!$C$2&\"!$4:$4\",TRUE),0))=0,\"\",INDEX(INDIRECT(Graph!$C$2&\"!$1:$99999\",TRUE),MATCH(DJ$10,INDIRECT(Graph!$C$2&\"!$A:$A\",TRUE),0),MATCH($A11,INDIRECT(Graph!$C$2&\"!$4:$4\",TRUE),0)))","v":{"$error":"#N/A"}},{"$f":"IF(INDEX(INDIRECT(Graph!$C$2&\"!$1:$99999\",TRUE),MATCH(DK$10,INDIRECT(Graph!$C$2&\"!$A:$A\",TRUE),0),MATCH($A11,INDIRECT(Graph!$C$2&\"!$4:$4\",TRUE),0))=0,\"\",INDEX(INDIRECT(Graph!$C$2&\"!$1:$99999\",TRUE),MATCH(DK$10,INDIRECT(Graph!$C$2&\"!$A:$A\",TRUE),0),MATCH($A11,INDIRECT(Graph!$C$2&\"!$4:$4\",TRUE),0)))","v":{"$error":"#N/A"}},{"$f":"IF(INDEX(INDIRECT(Graph!$C$2&\"!$1:$99999\",TRUE),MATCH(DL$10,INDIRECT(Graph!$C$2&\"!$A:$A\",TRUE),0),MATCH($A11,INDIRECT(Graph!$C$2&\"!$4:$4\",TRUE),0))=0,\"\",INDEX(INDIRECT(Graph!$C$2&\"!$1:$99999\",TRUE),MATCH(DL$10,INDIRECT(Graph!$C$2&\"!$A:$A\",TRUE),0),MATCH($A11,INDIRECT(Graph!$C$2&\"!$4:$4\",TRUE),0)))","v":{"$error":"#N/A"}},{"$f":"IF(INDEX(INDIRECT(Graph!$C$2&\"!$1:$99999\",TRUE),MATCH(DM$10,INDIRECT(Graph!$C$2&\"!$A:$A\",TRUE),0),MATCH($A11,INDIRECT(Graph!$C$2&\"!$4:$4\",TRUE),0))=0,\"\",INDEX(INDIRECT(Graph!$C$2&\"!$1:$99999\",TRUE),MATCH(DM$10,INDIRECT(Graph!$C$2&\"!$A:$A\",TRUE),0),MATCH($A11,INDIRECT(Graph!$C$2&\"!$4:$4\",TRUE),0)))","v":{"$error":"#N/A"}},{"$f":"IF(INDEX(INDIRECT(Graph!$C$2&\"!$1:$99999\",TRUE),MATCH(DN$10,INDIRECT(Graph!$C$2&\"!$A:$A\",TRUE),0),MATCH($A11,INDIRECT(Graph!$C$2&\"!$4:$4\",TRUE),0))=0,\"\",INDEX(INDIRECT(Graph!$C$2&\"!$1:$99999\",TRUE),MATCH(DN$10,INDIRECT(Graph!$C$2&\"!$A:$A\",TRUE),0),MATCH($A11,INDIRECT(Graph!$C$2&\"!$4:$4\",TRUE),0)))","v":{"$error":"#N/A"}},{"$f":"IF(INDEX(INDIRECT(Graph!$C$2&\"!$1:$99999\",TRUE),MATCH(DO$10,INDIRECT(Graph!$C$2&\"!$A:$A\",TRUE),0),MATCH($A11,INDIRECT(Graph!$C$2&\"!$4:$4\",TRUE),0))=0,\"\",INDEX(INDIRECT(Graph!$C$2&\"!$1:$99999\",TRUE),MATCH(DO$10,INDIRECT(Graph!$C$2&\"!$A:$A\",TRUE),0),MATCH($A11,INDIRECT(Graph!$C$2&\"!$4:$4\",TRUE),0)))","v":{"$error":"#N/A"}},{"$f":"IF(INDEX(INDIRECT(Graph!$C$2&\"!$1:$99999\",TRUE),MATCH(DP$10,INDIRECT(Graph!$C$2&\"!$A:$A\",TRUE),0),MATCH($A11,INDIRECT(Graph!$C$2&\"!$4:$4\",TRUE),0))=0,\"\",INDEX(INDIRECT(Graph!$C$2&\"!$1:$99999\",TRUE),MATCH(DP$10,INDIRECT(Graph!$C$2&\"!$A:$A\",TRUE),0),MATCH($A11,INDIRECT(Graph!$C$2&\"!$4:$4\",TRUE),0)))","v":{"$error":"#N/A"}},{"$f":"IF(INDEX(INDIRECT(Graph!$C$2&\"!$1:$99999\",TRUE),MATCH(DQ$10,INDIRECT(Graph!$C$2&\"!$A:$A\",TRUE),0),MATCH($A11,INDIRECT(Graph!$C$2&\"!$4:$4\",TRUE),0))=0,\"\",INDEX(INDIRECT(Graph!$C$2&\"!$1:$99999\",TRUE),MATCH(DQ$10,INDIRECT(Graph!$C$2&\"!$A:$A\",TRUE),0),MATCH($A11,INDIRECT(Graph!$C$2&\"!$4:$4\",TRUE),0)))","v":{"$error":"#N/A"}},{"$f":"IF(INDEX(INDIRECT(Graph!$C$2&\"!$1:$99999\",TRUE),MATCH(DR$10,INDIRECT(Graph!$C$2&\"!$A:$A\",TRUE),0),MATCH($A11,INDIRECT(Graph!$C$2&\"!$4:$4\",TRUE),0))=0,\"\",INDEX(INDIRECT(Graph!$C$2&\"!$1:$99999\",TRUE),MATCH(DR$10,INDIRECT(Graph!$C$2&\"!$A:$A\",TRUE),0),MATCH($A11,INDIRECT(Graph!$C$2&\"!$4:$4\",TRUE),0)))","v":{"$error":"#N/A"}},{"$f":"IF(INDEX(INDIRECT(Graph!$C$2&\"!$1:$99999\",TRUE),MATCH(DS$10,INDIRECT(Graph!$C$2&\"!$A:$A\",TRUE),0),MATCH($A11,INDIRECT(Graph!$C$2&\"!$4:$4\",TRUE),0))=0,\"\",INDEX(INDIRECT(Graph!$C$2&\"!$1:$99999\",TRUE),MATCH(DS$10,INDIRECT(Graph!$C$2&\"!$A:$A\",TRUE),0),MATCH($A11,INDIRECT(Graph!$C$2&\"!$4:$4\",TRUE),0)))","v":{"$error":"#N/A"}},{"$f":"IF(INDEX(INDIRECT(Graph!$C$2&\"!$1:$99999\",TRUE),MATCH(DT$10,INDIRECT(Graph!$C$2&\"!$A:$A\",TRUE),0),MATCH($A11,INDIRECT(Graph!$C$2&\"!$4:$4\",TRUE),0))=0,\"\",INDEX(INDIRECT(Graph!$C$2&\"!$1:$99999\",TRUE),MATCH(DT$10,INDIRECT(Graph!$C$2&\"!$A:$A\",TRUE),0),MATCH($A11,INDIRECT(Graph!$C$2&\"!$4:$4\",TRUE),0)))","v":{"$error":"#N/A"}},{"$f":"IF(INDEX(INDIRECT(Graph!$C$2&\"!$1:$99999\",TRUE),MATCH(DU$10,INDIRECT(Graph!$C$2&\"!$A:$A\",TRUE),0),MATCH($A11,INDIRECT(Graph!$C$2&\"!$4:$4\",TRUE),0))=0,\"\",INDEX(INDIRECT(Graph!$C$2&\"!$1:$99999\",TRUE),MATCH(DU$10,INDIRECT(Graph!$C$2&\"!$A:$A\",TRUE),0),MATCH($A11,INDIRECT(Graph!$C$2&\"!$4:$4\",TRUE),0)))","v":{"$error":"#N/A"}},{"$f":"IF(INDEX(INDIRECT(Graph!$C$2&\"!$1:$99999\",TRUE),MATCH(DV$10,INDIRECT(Graph!$C$2&\"!$A:$A\",TRUE),0),MATCH($A11,INDIRECT(Graph!$C$2&\"!$4:$4\",TRUE),0))=0,\"\",INDEX(INDIRECT(Graph!$C$2&\"!$1:$99999\",TRUE),MATCH(DV$10,INDIRECT(Graph!$C$2&\"!$A:$A\",TRUE),0),MATCH($A11,INDIRECT(Graph!$C$2&\"!$4:$4\",TRUE),0)))","v":{"$error":"#N/A"}},{"$f":"IF(INDEX(INDIRECT(Graph!$C$2&\"!$1:$99999\",TRUE),MATCH(DW$10,INDIRECT(Graph!$C$2&\"!$A:$A\",TRUE),0),MATCH($A11,INDIRECT(Graph!$C$2&\"!$4:$4\",TRUE),0))=0,\"\",INDEX(INDIRECT(Graph!$C$2&\"!$1:$99999\",TRUE),MATCH(DW$10,INDIRECT(Graph!$C$2&\"!$A:$A\",TRUE),0),MATCH($A11,INDIRECT(Graph!$C$2&\"!$4:$4\",TRUE),0)))","v":{"$error":"#N/A"}},{"$f":"IF(INDEX(INDIRECT(Graph!$C$2&\"!$1:$99999\",TRUE),MATCH(DX$10,INDIRECT(Graph!$C$2&\"!$A:$A\",TRUE),0),MATCH($A11,INDIRECT(Graph!$C$2&\"!$4:$4\",TRUE),0))=0,\"\",INDEX(INDIRECT(Graph!$C$2&\"!$1:$99999\",TRUE),MATCH(DX$10,INDIRECT(Graph!$C$2&\"!$A:$A\",TRUE),0),MATCH($A11,INDIRECT(Graph!$C$2&\"!$4:$4\",TRUE),0)))","v":{"$error":"#N/A"}},{"$f":"IF(INDEX(INDIRECT(Graph!$C$2&\"!$1:$99999\",TRUE),MATCH(DY$10,INDIRECT(Graph!$C$2&\"!$A:$A\",TRUE),0),MATCH($A11,INDIRECT(Graph!$C$2&\"!$4:$4\",TRUE),0))=0,\"\",INDEX(INDIRECT(Graph!$C$2&\"!$1:$99999\",TRUE),MATCH(DY$10,INDIRECT(Graph!$C$2&\"!$A:$A\",TRUE),0),MATCH($A11,INDIRECT(Graph!$C$2&\"!$4:$4\",TRUE),0)))","v":{"$error":"#N/A"}},{"$f":"IF(INDEX(INDIRECT(Graph!$C$2&\"!$1:$99999\",TRUE),MATCH(DZ$10,INDIRECT(Graph!$C$2&\"!$A:$A\",TRUE),0),MATCH($A11,INDIRECT(Graph!$C$2&\"!$4:$4\",TRUE),0))=0,\"\",INDEX(INDIRECT(Graph!$C$2&\"!$1:$99999\",TRUE),MATCH(DZ$10,INDIRECT(Graph!$C$2&\"!$A:$A\",TRUE),0),MATCH($A11,INDIRECT(Graph!$C$2&\"!$4:$4\",TRUE),0)))","v":{"$error":"#N/A"}},{"$f":"IF(INDEX(INDIRECT(Graph!$C$2&\"!$1:$99999\",TRUE),MATCH(EA$10,INDIRECT(Graph!$C$2&\"!$A:$A\",TRUE),0),MATCH($A11,INDIRECT(Graph!$C$2&\"!$4:$4\",TRUE),0))=0,\"\",INDEX(INDIRECT(Graph!$C$2&\"!$1:$99999\",TRUE),MATCH(EA$10,INDIRECT(Graph!$C$2&\"!$A:$A\",TRUE),0),MATCH($A11,INDIRECT(Graph!$C$2&\"!$4:$4\",TRUE),0)))","v":{"$error":"#N/A"}},{"$f":"IF(INDEX(INDIRECT(Graph!$C$2&\"!$1:$99999\",TRUE),MATCH(EB$10,INDIRECT(Graph!$C$2&\"!$A:$A\",TRUE),0),MATCH($A11,INDIRECT(Graph!$C$2&\"!$4:$4\",TRUE),0))=0,\"\",INDEX(INDIRECT(Graph!$C$2&\"!$1:$99999\",TRUE),MATCH(EB$10,INDIRECT(Graph!$C$2&\"!$A:$A\",TRUE),0),MATCH($A11,INDIRECT(Graph!$C$2&\"!$4:$4\",TRUE),0)))","v":{"$error":"#N/A"}},{"$f":"IF(INDEX(INDIRECT(Graph!$C$2&\"!$1:$99999\",TRUE),MATCH(EC$10,INDIRECT(Graph!$C$2&\"!$A:$A\",TRUE),0),MATCH($A11,INDIRECT(Graph!$C$2&\"!$4:$4\",TRUE),0))=0,\"\",INDEX(INDIRECT(Graph!$C$2&\"!$1:$99999\",TRUE),MATCH(EC$10,INDIRECT(Graph!$C$2&\"!$A:$A\",TRUE),0),MATCH($A11,INDIRECT(Graph!$C$2&\"!$4:$4\",TRUE),0)))","v":{"$error":"#N/A"}},{"$f":"IF(INDEX(INDIRECT(Graph!$C$2&\"!$1:$99999\",TRUE),MATCH(ED$10,INDIRECT(Graph!$C$2&\"!$A:$A\",TRUE),0),MATCH($A11,INDIRECT(Graph!$C$2&\"!$4:$4\",TRUE),0))=0,\"\",INDEX(INDIRECT(Graph!$C$2&\"!$1:$99999\",TRUE),MATCH(ED$10,INDIRECT(Graph!$C$2&\"!$A:$A\",TRUE),0),MATCH($A11,INDIRECT(Graph!$C$2&\"!$4:$4\",TRUE),0)))","v":{"$error":"#N/A"}},{"$f":"IF(INDEX(INDIRECT(Graph!$C$2&\"!$1:$99999\",TRUE),MATCH(EE$10,INDIRECT(Graph!$C$2&\"!$A:$A\",TRUE),0),MATCH($A11,INDIRECT(Graph!$C$2&\"!$4:$4\",TRUE),0))=0,\"\",INDEX(INDIRECT(Graph!$C$2&\"!$1:$99999\",TRUE),MATCH(EE$10,INDIRECT(Graph!$C$2&\"!$A:$A\",TRUE),0),MATCH($A11,INDIRECT(Graph!$C$2&\"!$4:$4\",TRUE),0)))","v":{"$error":"#N/A"}},{"$f":"IF(INDEX(INDIRECT(Graph!$C$2&\"!$1:$99999\",TRUE),MATCH(EF$10,INDIRECT(Graph!$C$2&\"!$A:$A\",TRUE),0),MATCH($A11,INDIRECT(Graph!$C$2&\"!$4:$4\",TRUE),0))=0,\"\",INDEX(INDIRECT(Graph!$C$2&\"!$1:$99999\",TRUE),MATCH(EF$10,INDIRECT(Graph!$C$2&\"!$A:$A\",TRUE),0),MATCH($A11,INDIRECT(Graph!$C$2&\"!$4:$4\",TRUE),0)))","v":{"$error":"#N/A"}},{"$f":"IF(INDEX(INDIRECT(Graph!$C$2&\"!$1:$99999\",TRUE),MATCH(EG$10,INDIRECT(Graph!$C$2&\"!$A:$A\",TRUE),0),MATCH($A11,INDIRECT(Graph!$C$2&\"!$4:$4\",TRUE),0))=0,\"\",INDEX(INDIRECT(Graph!$C$2&\"!$1:$99999\",TRUE),MATCH(EG$10,INDIRECT(Graph!$C$2&\"!$A:$A\",TRUE),0),MATCH($A11,INDIRECT(Graph!$C$2&\"!$4:$4\",TRUE),0)))","v":{"$error":"#N/A"}},{"$f":"IF(INDEX(INDIRECT(Graph!$C$2&\"!$1:$99999\",TRUE),MATCH(EH$10,INDIRECT(Graph!$C$2&\"!$A:$A\",TRUE),0),MATCH($A11,INDIRECT(Graph!$C$2&\"!$4:$4\",TRUE),0))=0,\"\",INDEX(INDIRECT(Graph!$C$2&\"!$1:$99999\",TRUE),MATCH(EH$10,INDIRECT(Graph!$C$2&\"!$A:$A\",TRUE),0),MATCH($A11,INDIRECT(Graph!$C$2&\"!$4:$4\",TRUE),0)))","v":{"$error":"#N/A"}},{"$f":"IF(INDEX(INDIRECT(Graph!$C$2&\"!$1:$99999\",TRUE),MATCH(EI$10,INDIRECT(Graph!$C$2&\"!$A:$A\",TRUE),0),MATCH($A11,INDIRECT(Graph!$C$2&\"!$4:$4\",TRUE),0))=0,\"\",INDEX(INDIRECT(Graph!$C$2&\"!$1:$99999\",TRUE),MATCH(EI$10,INDIRECT(Graph!$C$2&\"!$A:$A\",TRUE),0),MATCH($A11,INDIRECT(Graph!$C$2&\"!$4:$4\",TRUE),0)))","v":{"$error":"#N/A"}},{"$f":"IF(INDEX(INDIRECT(Graph!$C$2&\"!$1:$99999\",TRUE),MATCH(EJ$10,INDIRECT(Graph!$C$2&\"!$A:$A\",TRUE),0),MATCH($A11,INDIRECT(Graph!$C$2&\"!$4:$4\",TRUE),0))=0,\"\",INDEX(INDIRECT(Graph!$C$2&\"!$1:$99999\",TRUE),MATCH(EJ$10,INDIRECT(Graph!$C$2&\"!$A:$A\",TRUE),0),MATCH($A11,INDIRECT(Graph!$C$2&\"!$4:$4\",TRUE),0)))","v":{"$error":"#N/A"}},{"$f":"IF(INDEX(INDIRECT(Graph!$C$2&\"!$1:$99999\",TRUE),MATCH(EK$10,INDIRECT(Graph!$C$2&\"!$A:$A\",TRUE),0),MATCH($A11,INDIRECT(Graph!$C$2&\"!$4:$4\",TRUE),0))=0,\"\",INDEX(INDIRECT(Graph!$C$2&\"!$1:$99999\",TRUE),MATCH(EK$10,INDIRECT(Graph!$C$2&\"!$A:$A\",TRUE),0),MATCH($A11,INDIRECT(Graph!$C$2&\"!$4:$4\",TRUE),0)))","v":{"$error":"#N/A"}},{"$f":"IF(INDEX(INDIRECT(Graph!$C$2&\"!$1:$99999\",TRUE),MATCH(EL$10,INDIRECT(Graph!$C$2&\"!$A:$A\",TRUE),0),MATCH($A11,INDIRECT(Graph!$C$2&\"!$4:$4\",TRUE),0))=0,\"\",INDEX(INDIRECT(Graph!$C$2&\"!$1:$99999\",TRUE),MATCH(EL$10,INDIRECT(Graph!$C$2&\"!$A:$A\",TRUE),0),MATCH($A11,INDIRECT(Graph!$C$2&\"!$4:$4\",TRUE),0)))","v":{"$error":"#N/A"}},{"$f":"IF(INDEX(INDIRECT(Graph!$C$2&\"!$1:$99999\",TRUE),MATCH(EM$10,INDIRECT(Graph!$C$2&\"!$A:$A\",TRUE),0),MATCH($A11,INDIRECT(Graph!$C$2&\"!$4:$4\",TRUE),0))=0,\"\",INDEX(INDIRECT(Graph!$C$2&\"!$1:$99999\",TRUE),MATCH(EM$10,INDIRECT(Graph!$C$2&\"!$A:$A\",TRUE),0),MATCH($A11,INDIRECT(Graph!$C$2&\"!$4:$4\",TRUE),0)))","v":{"$error":"#N/A"}},{"$f":"IF(INDEX(INDIRECT(Graph!$C$2&\"!$1:$99999\",TRUE),MATCH(EN$10,INDIRECT(Graph!$C$2&\"!$A:$A\",TRUE),0),MATCH($A11,INDIRECT(Graph!$C$2&\"!$4:$4\",TRUE),0))=0,\"\",INDEX(INDIRECT(Graph!$C$2&\"!$1:$99999\",TRUE),MATCH(EN$10,INDIRECT(Graph!$C$2&\"!$A:$A\",TRUE),0),MATCH($A11,INDIRECT(Graph!$C$2&\"!$4:$4\",TRUE),0)))","v":{"$error":"#N/A"}},{"$f":"IF(INDEX(INDIRECT(Graph!$C$2&\"!$1:$99999\",TRUE),MATCH(EO$10,INDIRECT(Graph!$C$2&\"!$A:$A\",TRUE),0),MATCH($A11,INDIRECT(Graph!$C$2&\"!$4:$4\",TRUE),0))=0,\"\",INDEX(INDIRECT(Graph!$C$2&\"!$1:$99999\",TRUE),MATCH(EO$10,INDIRECT(Graph!$C$2&\"!$A:$A\",TRUE),0),MATCH($A11,INDIRECT(Graph!$C$2&\"!$4:$4\",TRUE),0)))","v":{"$error":"#N/A"}},{"$f":"IF(INDEX(INDIRECT(Graph!$C$2&\"!$1:$99999\",TRUE),MATCH(EP$10,INDIRECT(Graph!$C$2&\"!$A:$A\",TRUE),0),MATCH($A11,INDIRECT(Graph!$C$2&\"!$4:$4\",TRUE),0))=0,\"\",INDEX(INDIRECT(Graph!$C$2&\"!$1:$99999\",TRUE),MATCH(EP$10,INDIRECT(Graph!$C$2&\"!$A:$A\",TRUE),0),MATCH($A11,INDIRECT(Graph!$C$2&\"!$4:$4\",TRUE),0)))","v":{"$error":"#N/A"}},{"$f":"IF(INDEX(INDIRECT(Graph!$C$2&\"!$1:$99999\",TRUE),MATCH(EQ$10,INDIRECT(Graph!$C$2&\"!$A:$A\",TRUE),0),MATCH($A11,INDIRECT(Graph!$C$2&\"!$4:$4\",TRUE),0))=0,\"\",INDEX(INDIRECT(Graph!$C$2&\"!$1:$99999\",TRUE),MATCH(EQ$10,INDIRECT(Graph!$C$2&\"!$A:$A\",TRUE),0),MATCH($A11,INDIRECT(Graph!$C$2&\"!$4:$4\",TRUE),0)))","v":{"$error":"#N/A"}},{"$f":"IF(INDEX(INDIRECT(Graph!$C$2&\"!$1:$99999\",TRUE),MATCH(ER$10,INDIRECT(Graph!$C$2&\"!$A:$A\",TRUE),0),MATCH($A11,INDIRECT(Graph!$C$2&\"!$4:$4\",TRUE),0))=0,\"\",INDEX(INDIRECT(Graph!$C$2&\"!$1:$99999\",TRUE),MATCH(ER$10,INDIRECT(Graph!$C$2&\"!$A:$A\",TRUE),0),MATCH($A11,INDIRECT(Graph!$C$2&\"!$4:$4\",TRUE),0)))","v":{"$error":"#N/A"}},{"$f":"IF(INDEX(INDIRECT(Graph!$C$2&\"!$1:$99999\",TRUE),MATCH(ES$10,INDIRECT(Graph!$C$2&\"!$A:$A\",TRUE),0),MATCH($A11,INDIRECT(Graph!$C$2&\"!$4:$4\",TRUE),0))=0,\"\",INDEX(INDIRECT(Graph!$C$2&\"!$1:$99999\",TRUE),MATCH(ES$10,INDIRECT(Graph!$C$2&\"!$A:$A\",TRUE),0),MATCH($A11,INDIRECT(Graph!$C$2&\"!$4:$4\",TRUE),0)))","v":{"$error":"#N/A"}},{"$f":"IF(INDEX(INDIRECT(Graph!$C$2&\"!$1:$99999\",TRUE),MATCH(ET$10,INDIRECT(Graph!$C$2&\"!$A:$A\",TRUE),0),MATCH($A11,INDIRECT(Graph!$C$2&\"!$4:$4\",TRUE),0))=0,\"\",INDEX(INDIRECT(Graph!$C$2&\"!$1:$99999\",TRUE),MATCH(ET$10,INDIRECT(Graph!$C$2&\"!$A:$A\",TRUE),0),MATCH($A11,INDIRECT(Graph!$C$2&\"!$4:$4\",TRUE),0)))","v":{"$error":"#N/A"}},{"$f":"IF(INDEX(INDIRECT(Graph!$C$2&\"!$1:$99999\",TRUE),MATCH(EU$10,INDIRECT(Graph!$C$2&\"!$A:$A\",TRUE),0),MATCH($A11,INDIRECT(Graph!$C$2&\"!$4:$4\",TRUE),0))=0,\"\",INDEX(INDIRECT(Graph!$C$2&\"!$1:$99999\",TRUE),MATCH(EU$10,INDIRECT(Graph!$C$2&\"!$A:$A\",TRUE),0),MATCH($A11,INDIRECT(Graph!$C$2&\"!$4:$4\",TRUE),0)))","v":{"$error":"#N/A"}},{"$f":"IF(INDEX(INDIRECT(Graph!$C$2&\"!$1:$99999\",TRUE),MATCH(EV$10,INDIRECT(Graph!$C$2&\"!$A:$A\",TRUE),0),MATCH($A11,INDIRECT(Graph!$C$2&\"!$4:$4\",TRUE),0))=0,\"\",INDEX(INDIRECT(Graph!$C$2&\"!$1:$99999\",TRUE),MATCH(EV$10,INDIRECT(Graph!$C$2&\"!$A:$A\",TRUE),0),MATCH($A11,INDIRECT(Graph!$C$2&\"!$4:$4\",TRUE),0)))","v":{"$error":"#N/A"}},{"$f":"IF(INDEX(INDIRECT(Graph!$C$2&\"!$1:$99999\",TRUE),MATCH(EW$10,INDIRECT(Graph!$C$2&\"!$A:$A\",TRUE),0),MATCH($A11,INDIRECT(Graph!$C$2&\"!$4:$4\",TRUE),0))=0,\"\",INDEX(INDIRECT(Graph!$C$2&\"!$1:$99999\",TRUE),MATCH(EW$10,INDIRECT(Graph!$C$2&\"!$A:$A\",TRUE),0),MATCH($A11,INDIRECT(Graph!$C$2&\"!$4:$4\",TRUE),0)))","v":25},{"$f":"IF(INDEX(INDIRECT(Graph!$C$2&\"!$1:$99999\",TRUE),MATCH(EX$10,INDIRECT(Graph!$C$2&\"!$A:$A\",TRUE),0),MATCH($A11,INDIRECT(Graph!$C$2&\"!$4:$4\",TRUE),0))=0,\"\",INDEX(INDIRECT(Graph!$C$2&\"!$1:$99999\",TRUE),MATCH(EX$10,INDIRECT(Graph!$C$2&\"!$A:$A\",TRUE),0),MATCH($A11,INDIRECT(Graph!$C$2&\"!$4:$4\",TRUE),0)))","v":25},{"$f":"IF(INDEX(INDIRECT(Graph!$C$2&\"!$1:$99999\",TRUE),MATCH(EY$10,INDIRECT(Graph!$C$2&\"!$A:$A\",TRUE),0),MATCH($A11,INDIRECT(Graph!$C$2&\"!$4:$4\",TRUE),0))=0,\"\",INDEX(INDIRECT(Graph!$C$2&\"!$1:$99999\",TRUE),MATCH(EY$10,INDIRECT(Graph!$C$2&\"!$A:$A\",TRUE),0),MATCH($A11,INDIRECT(Graph!$C$2&\"!$4:$4\",TRUE),0)))","v":25},{"$f":"IF(INDEX(INDIRECT(Graph!$C$2&\"!$1:$99999\",TRUE),MATCH(EZ$10,INDIRECT(Graph!$C$2&\"!$A:$A\",TRUE),0),MATCH($A11,INDIRECT(Graph!$C$2&\"!$4:$4\",TRUE),0))=0,\"\",INDEX(INDIRECT(Graph!$C$2&\"!$1:$99999\",TRUE),MATCH(EZ$10,INDIRECT(Graph!$C$2&\"!$A:$A\",TRUE),0),MATCH($A11,INDIRECT(Graph!$C$2&\"!$4:$4\",TRUE),0)))","v":25},{"$f":"IF(INDEX(INDIRECT(Graph!$C$2&\"!$1:$99999\",TRUE),MATCH(FA$10,INDIRECT(Graph!$C$2&\"!$A:$A\",TRUE),0),MATCH($A11,INDIRECT(Graph!$C$2&\"!$4:$4\",TRUE),0))=0,\"\",INDEX(INDIRECT(Graph!$C$2&\"!$1:$99999\",TRUE),MATCH(FA$10,INDIRECT(Graph!$C$2&\"!$A:$A\",TRUE),0),MATCH($A11,INDIRECT(Graph!$C$2&\"!$4:$4\",TRUE),0)))","v":25},{"$f":"IF(INDEX(INDIRECT(Graph!$C$2&\"!$1:$99999\",TRUE),MATCH(FB$10,INDIRECT(Graph!$C$2&\"!$A:$A\",TRUE),0),MATCH($A11,INDIRECT(Graph!$C$2&\"!$4:$4\",TRUE),0))=0,\"\",INDEX(INDIRECT(Graph!$C$2&\"!$1:$99999\",TRUE),MATCH(FB$10,INDIRECT(Graph!$C$2&\"!$A:$A\",TRUE),0),MATCH($A11,INDIRECT(Graph!$C$2&\"!$4:$4\",TRUE),0)))","v":25},{"$f":"IF(INDEX(INDIRECT(Graph!$C$2&\"!$1:$99999\",TRUE),MATCH(FC$10,INDIRECT(Graph!$C$2&\"!$A:$A\",TRUE),0),MATCH($A11,INDIRECT(Graph!$C$2&\"!$4:$4\",TRUE),0))=0,\"\",INDEX(INDIRECT(Graph!$C$2&\"!$1:$99999\",TRUE),MATCH(FC$10,INDIRECT(Graph!$C$2&\"!$A:$A\",TRUE),0),MATCH($A11,INDIRECT(Graph!$C$2&\"!$4:$4\",TRUE),0)))","v":25},{"$f":"IF(INDEX(INDIRECT(Graph!$C$2&\"!$1:$99999\",TRUE),MATCH(FD$10,INDIRECT(Graph!$C$2&\"!$A:$A\",TRUE),0),MATCH($A11,INDIRECT(Graph!$C$2&\"!$4:$4\",TRUE),0))=0,\"\",INDEX(INDIRECT(Graph!$C$2&\"!$1:$99999\",TRUE),MATCH(FD$10,INDIRECT(Graph!$C$2&\"!$A:$A\",TRUE),0),MATCH($A11,INDIRECT(Graph!$C$2&\"!$4:$4\",TRUE),0)))","v":25},{"$f":"IF(INDEX(INDIRECT(Graph!$C$2&\"!$1:$99999\",TRUE),MATCH(FE$10,INDIRECT(Graph!$C$2&\"!$A:$A\",TRUE),0),MATCH($A11,INDIRECT(Graph!$C$2&\"!$4:$4\",TRUE),0))=0,\"\",INDEX(INDIRECT(Graph!$C$2&\"!$1:$99999\",TRUE),MATCH(FE$10,INDIRECT(Graph!$C$2&\"!$A:$A\",TRUE),0),MATCH($A11,INDIRECT(Graph!$C$2&\"!$4:$4\",TRUE),0)))","v":25},{"$f":"IF(INDEX(INDIRECT(Graph!$C$2&\"!$1:$99999\",TRUE),MATCH(FF$10,INDIRECT(Graph!$C$2&\"!$A:$A\",TRUE),0),MATCH($A11,INDIRECT(Graph!$C$2&\"!$4:$4\",TRUE),0))=0,\"\",INDEX(INDIRECT(Graph!$C$2&\"!$1:$99999\",TRUE),MATCH(FF$10,INDIRECT(Graph!$C$2&\"!$A:$A\",TRUE),0),MATCH($A11,INDIRECT(Graph!$C$2&\"!$4:$4\",TRUE),0)))","v":25},{"$f":"IF(INDEX(INDIRECT(Graph!$C$2&\"!$1:$99999\",TRUE),MATCH(FG$10,INDIRECT(Graph!$C$2&\"!$A:$A\",TRUE),0),MATCH($A11,INDIRECT(Graph!$C$2&\"!$4:$4\",TRUE),0))=0,\"\",INDEX(INDIRECT(Graph!$C$2&\"!$1:$99999\",TRUE),MATCH(FG$10,INDIRECT(Graph!$C$2&\"!$A:$A\",TRUE),0),MATCH($A11,INDIRECT(Graph!$C$2&\"!$4:$4\",TRUE),0)))","v":25},{"$f":"IF(INDEX(INDIRECT(Graph!$C$2&\"!$1:$99999\",TRUE),MATCH(FH$10,INDIRECT(Graph!$C$2&\"!$A:$A\",TRUE),0),MATCH($A11,INDIRECT(Graph!$C$2&\"!$4:$4\",TRUE),0))=0,\"\",INDEX(INDIRECT(Graph!$C$2&\"!$1:$99999\",TRUE),MATCH(FH$10,INDIRECT(Graph!$C$2&\"!$A:$A\",TRUE),0),MATCH($A11,INDIRECT(Graph!$C$2&\"!$4:$4\",TRUE),0)))","v":12},{"$f":"IF(INDEX(INDIRECT(Graph!$C$2&\"!$1:$99999\",TRUE),MATCH(FI$10,INDIRECT(Graph!$C$2&\"!$A:$A\",TRUE),0),MATCH($A11,INDIRECT(Graph!$C$2&\"!$4:$4\",TRUE),0))=0,\"\",INDEX(INDIRECT(Graph!$C$2&\"!$1:$99999\",TRUE),MATCH(FI$10,INDIRECT(Graph!$C$2&\"!$A:$A\",TRUE),0),MATCH($A11,INDIRECT(Graph!$C$2&\"!$4:$4\",TRUE),0)))","v":12},{"$f":"IF(INDEX(INDIRECT(Graph!$C$2&\"!$1:$99999\",TRUE),MATCH(FJ$10,INDIRECT(Graph!$C$2&\"!$A:$A\",TRUE),0),MATCH($A11,INDIRECT(Graph!$C$2&\"!$4:$4\",TRUE),0))=0,\"\",INDEX(INDIRECT(Graph!$C$2&\"!$1:$99999\",TRUE),MATCH(FJ$10,INDIRECT(Graph!$C$2&\"!$A:$A\",TRUE),0),MATCH($A11,INDIRECT(Graph!$C$2&\"!$4:$4\",TRUE),0)))","v":12},{"$f":"IF(INDEX(INDIRECT(Graph!$C$2&\"!$1:$99999\",TRUE),MATCH(FK$10,INDIRECT(Graph!$C$2&\"!$A:$A\",TRUE),0),MATCH($A11,INDIRECT(Graph!$C$2&\"!$4:$4\",TRUE),0))=0,\"\",INDEX(INDIRECT(Graph!$C$2&\"!$1:$99999\",TRUE),MATCH(FK$10,INDIRECT(Graph!$C$2&\"!$A:$A\",TRUE),0),MATCH($A11,INDIRECT(Graph!$C$2&\"!$4:$4\",TRUE),0)))","v":12},{"$f":"IF(INDEX(INDIRECT(Graph!$C$2&\"!$1:$99999\",TRUE),MATCH(FL$10,INDIRECT(Graph!$C$2&\"!$A:$A\",TRUE),0),MATCH($A11,INDIRECT(Graph!$C$2&\"!$4:$4\",TRUE),0))=0,\"\",INDEX(INDIRECT(Graph!$C$2&\"!$1:$99999\",TRUE),MATCH(FL$10,INDIRECT(Graph!$C$2&\"!$A:$A\",TRUE),0),MATCH($A11,INDIRECT(Graph!$C$2&\"!$4:$4\",TRUE),0)))","v":12},{"$f":"IF(INDEX(INDIRECT(Graph!$C$2&\"!$1:$99999\",TRUE),MATCH(FM$10,INDIRECT(Graph!$C$2&\"!$A:$A\",TRUE),0),MATCH($A11,INDIRECT(Graph!$C$2&\"!$4:$4\",TRUE),0))=0,\"\",INDEX(INDIRECT(Graph!$C$2&\"!$1:$99999\",TRUE),MATCH(FM$10,INDIRECT(Graph!$C$2&\"!$A:$A\",TRUE),0),MATCH($A11,INDIRECT(Graph!$C$2&\"!$4:$4\",TRUE),0)))","v":12},{"$f":"IF(INDEX(INDIRECT(Graph!$C$2&\"!$1:$99999\",TRUE),MATCH(FN$10,INDIRECT(Graph!$C$2&\"!$A:$A\",TRUE),0),MATCH($A11,INDIRECT(Graph!$C$2&\"!$4:$4\",TRUE),0))=0,\"\",INDEX(INDIRECT(Graph!$C$2&\"!$1:$99999\",TRUE),MATCH(FN$10,INDIRECT(Graph!$C$2&\"!$A:$A\",TRUE),0),MATCH($A11,INDIRECT(Graph!$C$2&\"!$4:$4\",TRUE),0)))","v":12},{"$f":"IF(INDEX(INDIRECT(Graph!$C$2&\"!$1:$99999\",TRUE),MATCH(FO$10,INDIRECT(Graph!$C$2&\"!$A:$A\",TRUE),0),MATCH($A11,INDIRECT(Graph!$C$2&\"!$4:$4\",TRUE),0))=0,\"\",INDEX(INDIRECT(Graph!$C$2&\"!$1:$99999\",TRUE),MATCH(FO$10,INDIRECT(Graph!$C$2&\"!$A:$A\",TRUE),0),MATCH($A11,INDIRECT(Graph!$C$2&\"!$4:$4\",TRUE),0)))","v":12},{"$f":"IF(INDEX(INDIRECT(Graph!$C$2&\"!$1:$99999\",TRUE),MATCH(FP$10,INDIRECT(Graph!$C$2&\"!$A:$A\",TRUE),0),MATCH($A11,INDIRECT(Graph!$C$2&\"!$4:$4\",TRUE),0))=0,\"\",INDEX(INDIRECT(Graph!$C$2&\"!$1:$99999\",TRUE),MATCH(FP$10,INDIRECT(Graph!$C$2&\"!$A:$A\",TRUE),0),MATCH($A11,INDIRECT(Graph!$C$2&\"!$4:$4\",TRUE),0)))","v":12},{"$f":"IF(INDEX(INDIRECT(Graph!$C$2&\"!$1:$99999\",TRUE),MATCH(FQ$10,INDIRECT(Graph!$C$2&\"!$A:$A\",TRUE),0),MATCH($A11,INDIRECT(Graph!$C$2&\"!$4:$4\",TRUE),0))=0,\"\",INDEX(INDIRECT(Graph!$C$2&\"!$1:$99999\",TRUE),MATCH(FQ$10,INDIRECT(Graph!$C$2&\"!$A:$A\",TRUE),0),MATCH($A11,INDIRECT(Graph!$C$2&\"!$4:$4\",TRUE),0)))","v":11},{"$f":"IF(INDEX(INDIRECT(Graph!$C$2&\"!$1:$99999\",TRUE),MATCH(FR$10,INDIRECT(Graph!$C$2&\"!$A:$A\",TRUE),0),MATCH($A11,INDIRECT(Graph!$C$2&\"!$4:$4\",TRUE),0))=0,\"\",INDEX(INDIRECT(Graph!$C$2&\"!$1:$99999\",TRUE),MATCH(FR$10,INDIRECT(Graph!$C$2&\"!$A:$A\",TRUE),0),MATCH($A11,INDIRECT(Graph!$C$2&\"!$4:$4\",TRUE),0)))","v":10},{"$f":"IF(INDEX(INDIRECT(Graph!$C$2&\"!$1:$99999\",TRUE),MATCH(FS$10,INDIRECT(Graph!$C$2&\"!$A:$A\",TRUE),0),MATCH($A11,INDIRECT(Graph!$C$2&\"!$4:$4\",TRUE),0))=0,\"\",INDEX(INDIRECT(Graph!$C$2&\"!$1:$99999\",TRUE),MATCH(FS$10,INDIRECT(Graph!$C$2&\"!$A:$A\",TRUE),0),MATCH($A11,INDIRECT(Graph!$C$2&\"!$4:$4\",TRUE),0)))","v":10},{"$f":"IF(INDEX(INDIRECT(Graph!$C$2&\"!$1:$99999\",TRUE),MATCH(FT$10,INDIRECT(Graph!$C$2&\"!$A:$A\",TRUE),0),MATCH($A11,INDIRECT(Graph!$C$2&\"!$4:$4\",TRUE),0))=0,\"\",INDEX(INDIRECT(Graph!$C$2&\"!$1:$99999\",TRUE),MATCH(FT$10,INDIRECT(Graph!$C$2&\"!$A:$A\",TRUE),0),MATCH($A11,INDIRECT(Graph!$C$2&\"!$4:$4\",TRUE),0)))","v":10},{"$f":"IF(INDEX(INDIRECT(Graph!$C$2&\"!$1:$99999\",TRUE),MATCH(FU$10,INDIRECT(Graph!$C$2&\"!$A:$A\",TRUE),0),MATCH($A11,INDIRECT(Graph!$C$2&\"!$4:$4\",TRUE),0))=0,\"\",INDEX(INDIRECT(Graph!$C$2&\"!$1:$99999\",TRUE),MATCH(FU$10,INDIRECT(Graph!$C$2&\"!$A:$A\",TRUE),0),MATCH($A11,INDIRECT(Graph!$C$2&\"!$4:$4\",TRUE),0)))","v":9},{"$f":"IF(INDEX(INDIRECT(Graph!$C$2&\"!$1:$99999\",TRUE),MATCH(FV$10,INDIRECT(Graph!$C$2&\"!$A:$A\",TRUE),0),MATCH($A11,INDIRECT(Graph!$C$2&\"!$4:$4\",TRUE),0))=0,\"\",INDEX(INDIRECT(Graph!$C$2&\"!$1:$99999\",TRUE),MATCH(FV$10,INDIRECT(Graph!$C$2&\"!$A:$A\",TRUE),0),MATCH($A11,INDIRECT(Graph!$C$2&\"!$4:$4\",TRUE),0)))","v":9},{"$f":"IF(INDEX(INDIRECT(Graph!$C$2&\"!$1:$99999\",TRUE),MATCH(FW$10,INDIRECT(Graph!$C$2&\"!$A:$A\",TRUE),0),MATCH($A11,INDIRECT(Graph!$C$2&\"!$4:$4\",TRUE),0))=0,\"\",INDEX(INDIRECT(Graph!$C$2&\"!$1:$99999\",TRUE),MATCH(FW$10,INDIRECT(Graph!$C$2&\"!$A:$A\",TRUE),0),MATCH($A11,INDIRECT(Graph!$C$2&\"!$4:$4\",TRUE),0)))","v":2},{"$f":"IF(INDEX(INDIRECT(Graph!$C$2&\"!$1:$99999\",TRUE),MATCH(FX$10,INDIRECT(Graph!$C$2&\"!$A:$A\",TRUE),0),MATCH($A11,INDIRECT(Graph!$C$2&\"!$4:$4\",TRUE),0))=0,\"\",INDEX(INDIRECT(Graph!$C$2&\"!$1:$99999\",TRUE),MATCH(FX$10,INDIRECT(Graph!$C$2&\"!$A:$A\",TRUE),0),MATCH($A11,INDIRECT(Graph!$C$2&\"!$4:$4\",TRUE),0)))","v":2},{"$f":"IF(INDEX(INDIRECT(Graph!$C$2&\"!$1:$99999\",TRUE),MATCH(FY$10,INDIRECT(Graph!$C$2&\"!$A:$A\",TRUE),0),MATCH($A11,INDIRECT(Graph!$C$2&\"!$4:$4\",TRUE),0))=0,\"\",INDEX(INDIRECT(Graph!$C$2&\"!$1:$99999\",TRUE),MATCH(FY$10,INDIRECT(Graph!$C$2&\"!$A:$A\",TRUE),0),MATCH($A11,INDIRECT(Graph!$C$2&\"!$4:$4\",TRUE),0)))","v":2},{"$f":"IF(INDEX(INDIRECT(Graph!$C$2&\"!$1:$99999\",TRUE),MATCH(FZ$10,INDIRECT(Graph!$C$2&\"!$A:$A\",TRUE),0),MATCH($A11,INDIRECT(Graph!$C$2&\"!$4:$4\",TRUE),0))=0,\"\",INDEX(INDIRECT(Graph!$C$2&\"!$1:$99999\",TRUE),MATCH(FZ$10,INDIRECT(Graph!$C$2&\"!$A:$A\",TRUE),0),MATCH($A11,INDIRECT(Graph!$C$2&\"!$4:$4\",TRUE),0)))","v":2},{"$f":"IF(INDEX(INDIRECT(Graph!$C$2&\"!$1:$99999\",TRUE),MATCH(GA$10,INDIRECT(Graph!$C$2&\"!$A:$A\",TRUE),0),MATCH($A11,INDIRECT(Graph!$C$2&\"!$4:$4\",TRUE),0))=0,\"\",INDEX(INDIRECT(Graph!$C$2&\"!$1:$99999\",TRUE),MATCH(GA$10,INDIRECT(Graph!$C$2&\"!$A:$A\",TRUE),0),MATCH($A11,INDIRECT(Graph!$C$2&\"!$4:$4\",TRUE),0)))","v":2},{"$f":"IF(INDEX(INDIRECT(Graph!$C$2&\"!$1:$99999\",TRUE),MATCH(GB$10,INDIRECT(Graph!$C$2&\"!$A:$A\",TRUE),0),MATCH($A11,INDIRECT(Graph!$C$2&\"!$4:$4\",TRUE),0))=0,\"\",INDEX(INDIRECT(Graph!$C$2&\"!$1:$99999\",TRUE),MATCH(GB$10,INDIRECT(Graph!$C$2&\"!$A:$A\",TRUE),0),MATCH($A11,INDIRECT(Graph!$C$2&\"!$4:$4\",TRUE),0)))","v":2},{"$f":"IF(INDEX(INDIRECT(Graph!$C$2&\"!$1:$99999\",TRUE),MATCH(GC$10,INDIRECT(Graph!$C$2&\"!$A:$A\",TRUE),0),MATCH($A11,INDIRECT(Graph!$C$2&\"!$4:$4\",TRUE),0))=0,\"\",INDEX(INDIRECT(Graph!$C$2&\"!$1:$99999\",TRUE),MATCH(GC$10,INDIRECT(Graph!$C$2&\"!$A:$A\",TRUE),0),MATCH($A11,INDIRECT(Graph!$C$2&\"!$4:$4\",TRUE),0)))","v":1}]
[]
["Données Graph",{"$f":"B10","v":"2014-03-31"},{"$f":"C10","v":"2014-04-01"},"2014-04-02","2014-04-03","2014-04-04","2014-04-05","2014-04-06","2014-04-07","2014-04-08","2014-04-09","2014-04-10","2014-04-11","2014-04-12","2014-04-13","2014-04-14","2014-04-15","2014-04-16","2014-04-17","2014-04-18","2014-04-19","2014-04-20","2014-04-21","2014-04-22","2014-04-23","2014-04-24","2014-04-25","2014-04-26","2014-04-27","2014-04-28","2014-04-29","2014-04-30","2014-05-01","2014-05-02","2014-05-03","2014-05-04","2014-05-05","2014-05-06","2014-05-07","2014-05-08","2014-05-09","2014-05-10","2014-05-11","2014-05-12","2014-05-13","2014-05-14","2014-05-15","2014-05-16","2014-05-17","2014-05-18","2014-05-19","2014-05-20","2014-05-21","2014-05-22","2014-05-23","2014-05-24","2014-05-25","2014-05-26","2014-05-27","2014-05-28","2014-05-29","2014-05-30","2014-05-31","2014-06-01","2014-06-02","2014-06-03",{"$f":"BO10","v":"2014-06-04"},"2014-06-05","2014-06-06","2014-06-07","2014-06-08","2014-06-09","2014-06-10","2014-06-11","2014-06-12","2014-06-13","2014-06-14","2014-06-15","2014-06-16","2014-06-17","2014-06-18","2014-06-19","2014-06-20","2014-06-21","2014-06-22","2014-06-23","2014-06-24","2014-06-25","2014-06-26","2014-06-27","2014-06-28","2014-06-29","2014-06-30","2014-07-01","2014-07-02","2014-07-03","2014-07-04","2014-07-05","2014-07-06","2014-07-07","2014-07-08","2014-07-09","2014-07-10","2014-07-11","2014-07-12","2014-07-13","2014-07-14","2014-07-15","2014-07-16","2014-07-17","2014-07-18","2014-07-19","2014-07-20","2014-07-21","2014-07-22","2014-07-23","2014-07-24","2014-07-25","2014-07-26","2014-07-27","2014-07-28","2014-07-29","2014-07-30","2014-07-31","2014-08-01","2014-08-02","2014-08-03","2014-08-04","2014-08-05","2014-08-06",{"$f":"EA10","v":"2014-08-07"},"2014-08-08","2014-08-09","2014-08-10","2014-08-11","2014-08-12","2014-08-13","2014-08-14","2014-08-15","2014-08-16","2014-08-17","2014-08-18","2014-08-19","2014-08-20","2014-08-21","2014-08-22","2014-08-23","2014-08-24","2014-08-25","2014-08-26","2014-08-27","2014-08-28","2014-08-29","2014-08-30","2014-08-31","2014-09-01","2014-09-02","2014-09-03","2014-09-04","2014-09-05","2014-09-06","2014-09-07","2014-09-08","2014-09-09","2014-09-10","2014-09-11","2014-09-12","2014-09-13","2014-09-14","2014-09-15","2014-09-16","2014-09-17","2014-09-18","2014-09-19","2014-09-20","2014-09-21","2014-09-22","2014-09-23","2014-09-24","2014-09-25","2014-09-26","2014-09-27","2014-09-28","2014-09-29",{"$f":"GC10","v":"2014-09-30"}]
[{"$f":"Graph!C3","v":"apéro SEO Rennes"},{"$f":"IF(ISERR(IF(Graph!$C$4=\"Trend\",IF(IF(OR(COLUMN()<7,COLUMN()>184),NA(),AVERAGE(A11:E11))=\"\",NA(),IF(OR(COLUMN()<7,COLUMN()>184),NA(),AVERAGE(A11:E11))),IF(INDEX(INDIRECT(Graph!$C$2&\"!$1:$99999\",TRUE),MATCH(B$10,INDIRECT(Graph!$C$2&\"!$A:$A\",TRUE),0),MATCH($A11,INDIRECT(Graph!$C$2&\"!$4:$4\",TRUE),0))=0,31,INDEX(INDIRECT(Graph!$C$2&\"!$1:$99999\",TRUE),MATCH(B$10,INDIRECT(Graph!$C$2&\"!$A:$A\",TRUE),0),MATCH($A11,INDIRECT(Graph!$C$2&\"!$4:$4\",TRUE),0))))),NA(),IF(Graph!$C$4=\"Trend\",IF(IF(OR(COLUMN()<7,COLUMN()>184),NA(),AVERAGE(A11:E11))=\"\",NA(),IF(OR(COLUMN()<7,COLUMN()>184),NA(),AVERAGE(A11:E11))),IF(INDEX(INDIRECT(Graph!$C$2&\"!$1:$99999\",TRUE),MATCH(B$10,INDIRECT(Graph!$C$2&\"!$A:$A\",TRUE),0),MATCH($A11,INDIRECT(Graph!$C$2&\"!$4:$4\",TRUE),0))=0,31,INDEX(INDIRECT(Graph!$C$2&\"!$1:$99999\",TRUE),MATCH(B$10,INDIRECT(Graph!$C$2&\"!$A:$A\",TRUE),0),MATCH($A11,INDIRECT(Graph!$C$2&\"!$4:$4\",TRUE),0)))))","v":{"$error":"#N/A"}},{"$f":"IF(ISERR(IF(Graph!$C$4=\"Trend\",IF(IF(OR(COLUMN()<7,COLUMN()>184),NA(),AVERAGE(B11:F11))=\"\",NA(),IF(OR(COLUMN()<7,COLUMN()>184),NA(),AVERAGE(B11:F11))),IF(INDEX(INDIRECT(Graph!$C$2&\"!$1:$99999\",TRUE),MATCH(C$10,INDIRECT(Graph!$C$2&\"!$A:$A\",TRUE),0),MATCH($A11,INDIRECT(Graph!$C$2&\"!$4:$4\",TRUE),0))=0,31,INDEX(INDIRECT(Graph!$C$2&\"!$1:$99999\",TRUE),MATCH(C$10,INDIRECT(Graph!$C$2&\"!$A:$A\",TRUE),0),MATCH($A11,INDIRECT(Graph!$C$2&\"!$4:$4\",TRUE),0))))),NA(),IF(Graph!$C$4=\"Trend\",IF(IF(OR(COLUMN()<7,COLUMN()>184),NA(),AVERAGE(B11:F11))=\"\",NA(),IF(OR(COLUMN()<7,COLUMN()>184),NA(),AVERAGE(B11:F11))),IF(INDEX(INDIRECT(Graph!$C$2&\"!$1:$99999\",TRUE),MATCH(C$10,INDIRECT(Graph!$C$2&\"!$A:$A\",TRUE),0),MATCH($A11,INDIRECT(Graph!$C$2&\"!$4:$4\",TRUE),0))=0,31,INDEX(INDIRECT(Graph!$C$2&\"!$1:$99999\",TRUE),MATCH(C$10,INDIRECT(Graph!$C$2&\"!$A:$A\",TRUE),0),MATCH($A11,INDIRECT(Graph!$C$2&\"!$4:$4\",TRUE),0)))))","v":{"$error":"#N/A"}},{"$f":"IF(ISERR(IF(Graph!$C$4=\"Trend\",IF(IF(OR(COLUMN()<7,COLUMN()>184),NA(),AVERAGE(C11:G11))=\"\",NA(),IF(OR(COLUMN()<7,COLUMN()>184),NA(),AVERAGE(C11:G11))),IF(INDEX(INDIRECT(Graph!$C$2&\"!$1:$99999\",TRUE),MATCH(D$10,INDIRECT(Graph!$C$2&\"!$A:$A\",TRUE),0),MATCH($A11,INDIRECT(Graph!$C$2&\"!$4:$4\",TRUE),0))=0,31,INDEX(INDIRECT(Graph!$C$2&\"!$1:$99999\",TRUE),MATCH(D$10,INDIRECT(Graph!$C$2&\"!$A:$A\",TRUE),0),MATCH($A11,INDIRECT(Graph!$C$2&\"!$4:$4\",TRUE),0))))),NA(),IF(Graph!$C$4=\"Trend\",IF(IF(OR(COLUMN()<7,COLUMN()>184),NA(),AVERAGE(C11:G11))=\"\",NA(),IF(OR(COLUMN()<7,COLUMN()>184),NA(),AVERAGE(C11:G11))),IF(INDEX(INDIRECT(Graph!$C$2&\"!$1:$99999\",TRUE),MATCH(D$10,INDIRECT(Graph!$C$2&\"!$A:$A\",TRUE),0),MATCH($A11,INDIRECT(Graph!$C$2&\"!$4:$4\",TRUE),0))=0,31,INDEX(INDIRECT(Graph!$C$2&\"!$1:$99999\",TRUE),MATCH(D$10,INDIRECT(Graph!$C$2&\"!$A:$A\",TRUE),0),MATCH($A11,INDIRECT(Graph!$C$2&\"!$4:$4\",TRUE),0)))))","v":{"$error":"#N/A"}},{"$f":"IF(ISERR(IF(Graph!$C$4=\"Trend\",IF(IF(OR(COLUMN()<7,COLUMN()>184),NA(),AVERAGE(D11:H11))=\"\",NA(),IF(OR(COLUMN()<7,COLUMN()>184),NA(),AVERAGE(D11:H11))),IF(INDEX(INDIRECT(Graph!$C$2&\"!$1:$99999\",TRUE),MATCH(E$10,INDIRECT(Graph!$C$2&\"!$A:$A\",TRUE),0),MATCH($A11,INDIRECT(Graph!$C$2&\"!$4:$4\",TRUE),0))=0,31,INDEX(INDIRECT(Graph!$C$2&\"!$1:$99999\",TRUE),MATCH(E$10,INDIRECT(Graph!$C$2&\"!$A:$A\",TRUE),0),MATCH($A11,INDIRECT(Graph!$C$2&\"!$4:$4\",TRUE),0))))),NA(),IF(Graph!$C$4=\"Trend\",IF(IF(OR(COLUMN()<7,COLUMN()>184),NA(),AVERAGE(D11:H11))=\"\",NA(),IF(OR(COLUMN()<7,COLUMN()>184),NA(),AVERAGE(D11:H11))),IF(INDEX(INDIRECT(Graph!$C$2&\"!$1:$99999\",TRUE),MATCH(E$10,INDIRECT(Graph!$C$2&\"!$A:$A\",TRUE),0),MATCH($A11,INDIRECT(Graph!$C$2&\"!$4:$4\",TRUE),0))=0,31,INDEX(INDIRECT(Graph!$C$2&\"!$1:$99999\",TRUE),MATCH(E$10,INDIRECT(Graph!$C$2&\"!$A:$A\",TRUE),0),MATCH($A11,INDIRECT(Graph!$C$2&\"!$4:$4\",TRUE),0)))))","v":{"$error":"#N/A"}},{"$f":"IF(ISERR(IF(Graph!$C$4=\"Trend\",IF(IF(OR(COLUMN()<7,COLUMN()>184),NA(),AVERAGE(E11:I11))=\"\",NA(),IF(OR(COLUMN()<7,COLUMN()>184),NA(),AVERAGE(E11:I11))),IF(INDEX(INDIRECT(Graph!$C$2&\"!$1:$99999\",TRUE),MATCH(F$10,INDIRECT(Graph!$C$2&\"!$A:$A\",TRUE),0),MATCH($A11,INDIRECT(Graph!$C$2&\"!$4:$4\",TRUE),0))=0,31,INDEX(INDIRECT(Graph!$C$2&\"!$1:$99999\",TRUE),MATCH(F$10,INDIRECT(Graph!$C$2&\"!$A:$A\",TRUE),0),MATCH($A11,INDIRECT(Graph!$C$2&\"!$4:$4\",TRUE),0))))),NA(),IF(Graph!$C$4=\"Trend\",IF(IF(OR(COLUMN()<7,COLUMN()>184),NA(),AVERAGE(E11:I11))=\"\",NA(),IF(OR(COLUMN()<7,COLUMN()>184),NA(),AVERAGE(E11:I11))),IF(INDEX(INDIRECT(Graph!$C$2&\"!$1:$99999\",TRUE),MATCH(F$10,INDIRECT(Graph!$C$2&\"!$A:$A\",TRUE),0),MATCH($A11,INDIRECT(Graph!$C$2&\"!$4:$4\",TRUE),0))=0,31,INDEX(INDIRECT(Graph!$C$2&\"!$1:$99999\",TRUE),MATCH(F$10,INDIRECT(Graph!$C$2&\"!$A:$A\",TRUE),0),MATCH($A11,INDIRECT(Graph!$C$2&\"!$4:$4\",TRUE),0)))))","v":{"$error":"#N/A"}},{"$f":"IF(ISERR(IF(Graph!$C$4=\"Trend\",IF(IF(OR(COLUMN()<7,COLUMN()>184),NA(),AVERAGE(F11:J11))=\"\",NA(),IF(OR(COLUMN()<7,COLUMN()>184),NA(),AVERAGE(F11:J11))),IF(INDEX(INDIRECT(Graph!$C$2&\"!$1:$99999\",TRUE),MATCH(G$10,INDIRECT(Graph!$C$2&\"!$A:$A\",TRUE),0),MATCH($A11,INDIRECT(Graph!$C$2&\"!$4:$4\",TRUE),0))=0,31,INDEX(INDIRECT(Graph!$C$2&\"!$1:$99999\",TRUE),MATCH(G$10,INDIRECT(Graph!$C$2&\"!$A:$A\",TRUE),0),MATCH($A11,INDIRECT(Graph!$C$2&\"!$4:$4\",TRUE),0))))),NA(),IF(Graph!$C$4=\"Trend\",IF(IF(OR(COLUMN()<7,COLUMN()>184),NA(),AVERAGE(F11:J11))=\"\",NA(),IF(OR(COLUMN()<7,COLUMN()>184),NA(),AVERAGE(F11:J11))),IF(INDEX(INDIRECT(Graph!$C$2&\"!$1:$99999\",TRUE),MATCH(G$10,INDIRECT(Graph!$C$2&\"!$A:$A\",TRUE),0),MATCH($A11,INDIRECT(Graph!$C$2&\"!$4:$4\",TRUE),0))=0,31,INDEX(INDIRECT(Graph!$C$2&\"!$1:$99999\",TRUE),MATCH(G$10,INDIRECT(Graph!$C$2&\"!$A:$A\",TRUE),0),MATCH($A11,INDIRECT(Graph!$C$2&\"!$4:$4\",TRUE),0)))))","v":{"$error":"#N/A"}},{"$f":"IF(ISERR(IF(Graph!$C$4=\"Trend\",IF(IF(OR(COLUMN()<7,COLUMN()>184),NA(),AVERAGE(G11:K11))=\"\",NA(),IF(OR(COLUMN()<7,COLUMN()>184),NA(),AVERAGE(G11:K11))),IF(INDEX(INDIRECT(Graph!$C$2&\"!$1:$99999\",TRUE),MATCH(H$10,INDIRECT(Graph!$C$2&\"!$A:$A\",TRUE),0),MATCH($A11,INDIRECT(Graph!$C$2&\"!$4:$4\",TRUE),0))=0,31,INDEX(INDIRECT(Graph!$C$2&\"!$1:$99999\",TRUE),MATCH(H$10,INDIRECT(Graph!$C$2&\"!$A:$A\",TRUE),0),MATCH($A11,INDIRECT(Graph!$C$2&\"!$4:$4\",TRUE),0))))),NA(),IF(Graph!$C$4=\"Trend\",IF(IF(OR(COLUMN()<7,COLUMN()>184),NA(),AVERAGE(G11:K11))=\"\",NA(),IF(OR(COLUMN()<7,COLUMN()>184),NA(),AVERAGE(G11:K11))),IF(INDEX(INDIRECT(Graph!$C$2&\"!$1:$99999\",TRUE),MATCH(H$10,INDIRECT(Graph!$C$2&\"!$A:$A\",TRUE),0),MATCH($A11,INDIRECT(Graph!$C$2&\"!$4:$4\",TRUE),0))=0,31,INDEX(INDIRECT(Graph!$C$2&\"!$1:$99999\",TRUE),MATCH(H$10,INDIRECT(Graph!$C$2&\"!$A:$A\",TRUE),0),MATCH($A11,INDIRECT(Graph!$C$2&\"!$4:$4\",TRUE),0)))))","v":{"$error":"#N/A"}},{"$f":"IF(ISERR(IF(Graph!$C$4=\"Trend\",IF(IF(OR(COLUMN()<7,COLUMN()>184),NA(),AVERAGE(H11:L11))=\"\",NA(),IF(OR(COLUMN()<7,COLUMN()>184),NA(),AVERAGE(H11:L11))),IF(INDEX(INDIRECT(Graph!$C$2&\"!$1:$99999\",TRUE),MATCH(I$10,INDIRECT(Graph!$C$2&\"!$A:$A\",TRUE),0),MATCH($A11,INDIRECT(Graph!$C$2&\"!$4:$4\",TRUE),0))=0,31,INDEX(INDIRECT(Graph!$C$2&\"!$1:$99999\",TRUE),MATCH(I$10,INDIRECT(Graph!$C$2&\"!$A:$A\",TRUE),0),MATCH($A11,INDIRECT(Graph!$C$2&\"!$4:$4\",TRUE),0))))),NA(),IF(Graph!$C$4=\"Trend\",IF(IF(OR(COLUMN()<7,COLUMN()>184),NA(),AVERAGE(H11:L11))=\"\",NA(),IF(OR(COLUMN()<7,COLUMN()>184),NA(),AVERAGE(H11:L11))),IF(INDEX(INDIRECT(Graph!$C$2&\"!$1:$99999\",TRUE),MATCH(I$10,INDIRECT(Graph!$C$2&\"!$A:$A\",TRUE),0),MATCH($A11,INDIRECT(Graph!$C$2&\"!$4:$4\",TRUE),0))=0,31,INDEX(INDIRECT(Graph!$C$2&\"!$1:$99999\",TRUE),MATCH(I$10,INDIRECT(Graph!$C$2&\"!$A:$A\",TRUE),0),MATCH($A11,INDIRECT(Graph!$C$2&\"!$4:$4\",TRUE),0)))))","v":{"$error":"#N/A"}},{"$f":"IF(ISERR(IF(Graph!$C$4=\"Trend\",IF(IF(OR(COLUMN()<7,COLUMN()>184),NA(),AVERAGE(I11:M11))=\"\",NA(),IF(OR(COLUMN()<7,COLUMN()>184),NA(),AVERAGE(I11:M11))),IF(INDEX(INDIRECT(Graph!$C$2&\"!$1:$99999\",TRUE),MATCH(J$10,INDIRECT(Graph!$C$2&\"!$A:$A\",TRUE),0),MATCH($A11,INDIRECT(Graph!$C$2&\"!$4:$4\",TRUE),0))=0,31,INDEX(INDIRECT(Graph!$C$2&\"!$1:$99999\",TRUE),MATCH(J$10,INDIRECT(Graph!$C$2&\"!$A:$A\",TRUE),0),MATCH($A11,INDIRECT(Graph!$C$2&\"!$4:$4\",TRUE),0))))),NA(),IF(Graph!$C$4=\"Trend\",IF(IF(OR(COLUMN()<7,COLUMN()>184),NA(),AVERAGE(I11:M11))=\"\",NA(),IF(OR(COLUMN()<7,COLUMN()>184),NA(),AVERAGE(I11:M11))),IF(INDEX(INDIRECT(Graph!$C$2&\"!$1:$99999\",TRUE),MATCH(J$10,INDIRECT(Graph!$C$2&\"!$A:$A\",TRUE),0),MATCH($A11,INDIRECT(Graph!$C$2&\"!$4:$4\",TRUE),0))=0,31,INDEX(INDIRECT(Graph!$C$2&\"!$1:$99999\",TRUE),MATCH(J$10,INDIRECT(Graph!$C$2&\"!$A:$A\",TRUE),0),MATCH($A11,INDIRECT(Graph!$C$2&\"!$4:$4\",TRUE),0)))))","v":{"$error":"#N/A"}},{"$f":"IF(ISERR(IF(Graph!$C$4=\"Trend\",IF(IF(OR(COLUMN()<7,COLUMN()>184),NA(),AVERAGE(J11:N11))=\"\",NA(),IF(OR(COLUMN()<7,COLUMN()>184),NA(),AVERAGE(J11:N11))),IF(INDEX(INDIRECT(Graph!$C$2&\"!$1:$99999\",TRUE),MATCH(K$10,INDIRECT(Graph!$C$2&\"!$A:$A\",TRUE),0),MATCH($A11,INDIRECT(Graph!$C$2&\"!$4:$4\",TRUE),0))=0,31,INDEX(INDIRECT(Graph!$C$2&\"!$1:$99999\",TRUE),MATCH(K$10,INDIRECT(Graph!$C$2&\"!$A:$A\",TRUE),0),MATCH($A11,INDIRECT(Graph!$C$2&\"!$4:$4\",TRUE),0))))),NA(),IF(Graph!$C$4=\"Trend\",IF(IF(OR(COLUMN()<7,COLUMN()>184),NA(),AVERAGE(J11:N11))=\"\",NA(),IF(OR(COLUMN()<7,COLUMN()>184),NA(),AVERAGE(J11:N11))),IF(INDEX(INDIRECT(Graph!$C$2&\"!$1:$99999\",TRUE),MATCH(K$10,INDIRECT(Graph!$C$2&\"!$A:$A\",TRUE),0),MATCH($A11,INDIRECT(Graph!$C$2&\"!$4:$4\",TRUE),0))=0,31,INDEX(INDIRECT(Graph!$C$2&\"!$1:$99999\",TRUE),MATCH(K$10,INDIRECT(Graph!$C$2&\"!$A:$A\",TRUE),0),MATCH($A11,INDIRECT(Graph!$C$2&\"!$4:$4\",TRUE),0)))))","v":{"$error":"#N/A"}},{"$f":"IF(ISERR(IF(Graph!$C$4=\"Trend\",IF(IF(OR(COLUMN()<7,COLUMN()>184),NA(),AVERAGE(K11:O11))=\"\",NA(),IF(OR(COLUMN()<7,COLUMN()>184),NA(),AVERAGE(K11:O11))),IF(INDEX(INDIRECT(Graph!$C$2&\"!$1:$99999\",TRUE),MATCH(L$10,INDIRECT(Graph!$C$2&\"!$A:$A\",TRUE),0),MATCH($A11,INDIRECT(Graph!$C$2&\"!$4:$4\",TRUE),0))=0,31,INDEX(INDIRECT(Graph!$C$2&\"!$1:$99999\",TRUE),MATCH(L$10,INDIRECT(Graph!$C$2&\"!$A:$A\",TRUE),0),MATCH($A11,INDIRECT(Graph!$C$2&\"!$4:$4\",TRUE),0))))),NA(),IF(Graph!$C$4=\"Trend\",IF(IF(OR(COLUMN()<7,COLUMN()>184),NA(),AVERAGE(K11:O11))=\"\",NA(),IF(OR(COLUMN()<7,COLUMN()>184),NA(),AVERAGE(K11:O11))),IF(INDEX(INDIRECT(Graph!$C$2&\"!$1:$99999\",TRUE),MATCH(L$10,INDIRECT(Graph!$C$2&\"!$A:$A\",TRUE),0),MATCH($A11,INDIRECT(Graph!$C$2&\"!$4:$4\",TRUE),0))=0,31,INDEX(INDIRECT(Graph!$C$2&\"!$1:$99999\",TRUE),MATCH(L$10,INDIRECT(Graph!$C$2&\"!$A:$A\",TRUE),0),MATCH($A11,INDIRECT(Graph!$C$2&\"!$4:$4\",TRUE),0)))))","v":{"$error":"#N/A"}},{"$f":"IF(ISERR(IF(Graph!$C$4=\"Trend\",IF(IF(OR(COLUMN()<7,COLUMN()>184),NA(),AVERAGE(L11:P11))=\"\",NA(),IF(OR(COLUMN()<7,COLUMN()>184),NA(),AVERAGE(L11:P11))),IF(INDEX(INDIRECT(Graph!$C$2&\"!$1:$99999\",TRUE),MATCH(M$10,INDIRECT(Graph!$C$2&\"!$A:$A\",TRUE),0),MATCH($A11,INDIRECT(Graph!$C$2&\"!$4:$4\",TRUE),0))=0,31,INDEX(INDIRECT(Graph!$C$2&\"!$1:$99999\",TRUE),MATCH(M$10,INDIRECT(Graph!$C$2&\"!$A:$A\",TRUE),0),MATCH($A11,INDIRECT(Graph!$C$2&\"!$4:$4\",TRUE),0))))),NA(),IF(Graph!$C$4=\"Trend\",IF(IF(OR(COLUMN()<7,COLUMN()>184),NA(),AVERAGE(L11:P11))=\"\",NA(),IF(OR(COLUMN()<7,COLUMN()>184),NA(),AVERAGE(L11:P11))),IF(INDEX(INDIRECT(Graph!$C$2&\"!$1:$99999\",TRUE),MATCH(M$10,INDIRECT(Graph!$C$2&\"!$A:$A\",TRUE),0),MATCH($A11,INDIRECT(Graph!$C$2&\"!$4:$4\",TRUE),0))=0,31,INDEX(INDIRECT(Graph!$C$2&\"!$1:$99999\",TRUE),MATCH(M$10,INDIRECT(Graph!$C$2&\"!$A:$A\",TRUE),0),MATCH($A11,INDIRECT(Graph!$C$2&\"!$4:$4\",TRUE),0)))))","v":{"$error":"#N/A"}},{"$f":"IF(ISERR(IF(Graph!$C$4=\"Trend\",IF(IF(OR(COLUMN()<7,COLUMN()>184),NA(),AVERAGE(M11:Q11))=\"\",NA(),IF(OR(COLUMN()<7,COLUMN()>184),NA(),AVERAGE(M11:Q11))),IF(INDEX(INDIRECT(Graph!$C$2&\"!$1:$99999\",TRUE),MATCH(N$10,INDIRECT(Graph!$C$2&\"!$A:$A\",TRUE),0),MATCH($A11,INDIRECT(Graph!$C$2&\"!$4:$4\",TRUE),0))=0,31,INDEX(INDIRECT(Graph!$C$2&\"!$1:$99999\",TRUE),MATCH(N$10,INDIRECT(Graph!$C$2&\"!$A:$A\",TRUE),0),MATCH($A11,INDIRECT(Graph!$C$2&\"!$4:$4\",TRUE),0))))),NA(),IF(Graph!$C$4=\"Trend\",IF(IF(OR(COLUMN()<7,COLUMN()>184),NA(),AVERAGE(M11:Q11))=\"\",NA(),IF(OR(COLUMN()<7,COLUMN()>184),NA(),AVERAGE(M11:Q11))),IF(INDEX(INDIRECT(Graph!$C$2&\"!$1:$99999\",TRUE),MATCH(N$10,INDIRECT(Graph!$C$2&\"!$A:$A\",TRUE),0),MATCH($A11,INDIRECT(Graph!$C$2&\"!$4:$4\",TRUE),0))=0,31,INDEX(INDIRECT(Graph!$C$2&\"!$1:$99999\",TRUE),MATCH(N$10,INDIRECT(Graph!$C$2&\"!$A:$A\",TRUE),0),MATCH($A11,INDIRECT(Graph!$C$2&\"!$4:$4\",TRUE),0)))))","v":{"$error":"#N/A"}},{"$f":"IF(ISERR(IF(Graph!$C$4=\"Trend\",IF(IF(OR(COLUMN()<7,COLUMN()>184),NA(),AVERAGE(N11:R11))=\"\",NA(),IF(OR(COLUMN()<7,COLUMN()>184),NA(),AVERAGE(N11:R11))),IF(INDEX(INDIRECT(Graph!$C$2&\"!$1:$99999\",TRUE),MATCH(O$10,INDIRECT(Graph!$C$2&\"!$A:$A\",TRUE),0),MATCH($A11,INDIRECT(Graph!$C$2&\"!$4:$4\",TRUE),0))=0,31,INDEX(INDIRECT(Graph!$C$2&\"!$1:$99999\",TRUE),MATCH(O$10,INDIRECT(Graph!$C$2&\"!$A:$A\",TRUE),0),MATCH($A11,INDIRECT(Graph!$C$2&\"!$4:$4\",TRUE),0))))),NA(),IF(Graph!$C$4=\"Trend\",IF(IF(OR(COLUMN()<7,COLUMN()>184),NA(),AVERAGE(N11:R11))=\"\",NA(),IF(OR(COLUMN()<7,COLUMN()>184),NA(),AVERAGE(N11:R11))),IF(INDEX(INDIRECT(Graph!$C$2&\"!$1:$99999\",TRUE),MATCH(O$10,INDIRECT(Graph!$C$2&\"!$A:$A\",TRUE),0),MATCH($A11,INDIRECT(Graph!$C$2&\"!$4:$4\",TRUE),0))=0,31,INDEX(INDIRECT(Graph!$C$2&\"!$1:$99999\",TRUE),MATCH(O$10,INDIRECT(Graph!$C$2&\"!$A:$A\",TRUE),0),MATCH($A11,INDIRECT(Graph!$C$2&\"!$4:$4\",TRUE),0)))))","v":{"$error":"#N/A"}},{"$f":"IF(ISERR(IF(Graph!$C$4=\"Trend\",IF(IF(OR(COLUMN()<7,COLUMN()>184),NA(),AVERAGE(O11:S11))=\"\",NA(),IF(OR(COLUMN()<7,COLUMN()>184),NA(),AVERAGE(O11:S11))),IF(INDEX(INDIRECT(Graph!$C$2&\"!$1:$99999\",TRUE),MATCH(P$10,INDIRECT(Graph!$C$2&\"!$A:$A\",TRUE),0),MATCH($A11,INDIRECT(Graph!$C$2&\"!$4:$4\",TRUE),0))=0,31,INDEX(INDIRECT(Graph!$C$2&\"!$1:$99999\",TRUE),MATCH(P$10,INDIRECT(Graph!$C$2&\"!$A:$A\",TRUE),0),MATCH($A11,INDIRECT(Graph!$C$2&\"!$4:$4\",TRUE),0))))),NA(),IF(Graph!$C$4=\"Trend\",IF(IF(OR(COLUMN()<7,COLUMN()>184),NA(),AVERAGE(O11:S11))=\"\",NA(),IF(OR(COLUMN()<7,COLUMN()>184),NA(),AVERAGE(O11:S11))),IF(INDEX(INDIRECT(Graph!$C$2&\"!$1:$99999\",TRUE),MATCH(P$10,INDIRECT(Graph!$C$2&\"!$A:$A\",TRUE),0),MATCH($A11,INDIRECT(Graph!$C$2&\"!$4:$4\",TRUE),0))=0,31,INDEX(INDIRECT(Graph!$C$2&\"!$1:$99999\",TRUE),MATCH(P$10,INDIRECT(Graph!$C$2&\"!$A:$A\",TRUE),0),MATCH($A11,INDIRECT(Graph!$C$2&\"!$4:$4\",TRUE),0)))))","v":{"$error":"#N/A"}},{"$f":"IF(ISERR(IF(Graph!$C$4=\"Trend\",IF(IF(OR(COLUMN()<7,COLUMN()>184),NA(),AVERAGE(P11:T11))=\"\",NA(),IF(OR(COLUMN()<7,COLUMN()>184),NA(),AVERAGE(P11:T11))),IF(INDEX(INDIRECT(Graph!$C$2&\"!$1:$99999\",TRUE),MATCH(Q$10,INDIRECT(Graph!$C$2&\"!$A:$A\",TRUE),0),MATCH($A11,INDIRECT(Graph!$C$2&\"!$4:$4\",TRUE),0))=0,31,INDEX(INDIRECT(Graph!$C$2&\"!$1:$99999\",TRUE),MATCH(Q$10,INDIRECT(Graph!$C$2&\"!$A:$A\",TRUE),0),MATCH($A11,INDIRECT(Graph!$C$2&\"!$4:$4\",TRUE),0))))),NA(),IF(Graph!$C$4=\"Trend\",IF(IF(OR(COLUMN()<7,COLUMN()>184),NA(),AVERAGE(P11:T11))=\"\",NA(),IF(OR(COLUMN()<7,COLUMN()>184),NA(),AVERAGE(P11:T11))),IF(INDEX(INDIRECT(Graph!$C$2&\"!$1:$99999\",TRUE),MATCH(Q$10,INDIRECT(Graph!$C$2&\"!$A:$A\",TRUE),0),MATCH($A11,INDIRECT(Graph!$C$2&\"!$4:$4\",TRUE),0))=0,31,INDEX(INDIRECT(Graph!$C$2&\"!$1:$99999\",TRUE),MATCH(Q$10,INDIRECT(Graph!$C$2&\"!$A:$A\",TRUE),0),MATCH($A11,INDIRECT(Graph!$C$2&\"!$4:$4\",TRUE),0)))))","v":{"$error":"#N/A"}},{"$f":"IF(ISERR(IF(Graph!$C$4=\"Trend\",IF(IF(OR(COLUMN()<7,COLUMN()>184),NA(),AVERAGE(Q11:U11))=\"\",NA(),IF(OR(COLUMN()<7,COLUMN()>184),NA(),AVERAGE(Q11:U11))),IF(INDEX(INDIRECT(Graph!$C$2&\"!$1:$99999\",TRUE),MATCH(R$10,INDIRECT(Graph!$C$2&\"!$A:$A\",TRUE),0),MATCH($A11,INDIRECT(Graph!$C$2&\"!$4:$4\",TRUE),0))=0,31,INDEX(INDIRECT(Graph!$C$2&\"!$1:$99999\",TRUE),MATCH(R$10,INDIRECT(Graph!$C$2&\"!$A:$A\",TRUE),0),MATCH($A11,INDIRECT(Graph!$C$2&\"!$4:$4\",TRUE),0))))),NA(),IF(Graph!$C$4=\"Trend\",IF(IF(OR(COLUMN()<7,COLUMN()>184),NA(),AVERAGE(Q11:U11))=\"\",NA(),IF(OR(COLUMN()<7,COLUMN()>184),NA(),AVERAGE(Q11:U11))),IF(INDEX(INDIRECT(Graph!$C$2&\"!$1:$99999\",TRUE),MATCH(R$10,INDIRECT(Graph!$C$2&\"!$A:$A\",TRUE),0),MATCH($A11,INDIRECT(Graph!$C$2&\"!$4:$4\",TRUE),0))=0,31,INDEX(INDIRECT(Graph!$C$2&\"!$1:$99999\",TRUE),MATCH(R$10,INDIRECT(Graph!$C$2&\"!$A:$A\",TRUE),0),MATCH($A11,INDIRECT(Graph!$C$2&\"!$4:$4\",TRUE),0)))))","v":{"$error":"#N/A"}},{"$f":"IF(ISERR(IF(Graph!$C$4=\"Trend\",IF(IF(OR(COLUMN()<7,COLUMN()>184),NA(),AVERAGE(R11:V11))=\"\",NA(),IF(OR(COLUMN()<7,COLUMN()>184),NA(),AVERAGE(R11:V11))),IF(INDEX(INDIRECT(Graph!$C$2&\"!$1:$99999\",TRUE),MATCH(S$10,INDIRECT(Graph!$C$2&\"!$A:$A\",TRUE),0),MATCH($A11,INDIRECT(Graph!$C$2&\"!$4:$4\",TRUE),0))=0,31,INDEX(INDIRECT(Graph!$C$2&\"!$1:$99999\",TRUE),MATCH(S$10,INDIRECT(Graph!$C$2&\"!$A:$A\",TRUE),0),MATCH($A11,INDIRECT(Graph!$C$2&\"!$4:$4\",TRUE),0))))),NA(),IF(Graph!$C$4=\"Trend\",IF(IF(OR(COLUMN()<7,COLUMN()>184),NA(),AVERAGE(R11:V11))=\"\",NA(),IF(OR(COLUMN()<7,COLUMN()>184),NA(),AVERAGE(R11:V11))),IF(INDEX(INDIRECT(Graph!$C$2&\"!$1:$99999\",TRUE),MATCH(S$10,INDIRECT(Graph!$C$2&\"!$A:$A\",TRUE),0),MATCH($A11,INDIRECT(Graph!$C$2&\"!$4:$4\",TRUE),0))=0,31,INDEX(INDIRECT(Graph!$C$2&\"!$1:$99999\",TRUE),MATCH(S$10,INDIRECT(Graph!$C$2&\"!$A:$A\",TRUE),0),MATCH($A11,INDIRECT(Graph!$C$2&\"!$4:$4\",TRUE),0)))))","v":{"$error":"#N/A"}},{"$f":"IF(ISERR(IF(Graph!$C$4=\"Trend\",IF(IF(OR(COLUMN()<7,COLUMN()>184),NA(),AVERAGE(S11:W11))=\"\",NA(),IF(OR(COLUMN()<7,COLUMN()>184),NA(),AVERAGE(S11:W11))),IF(INDEX(INDIRECT(Graph!$C$2&\"!$1:$99999\",TRUE),MATCH(T$10,INDIRECT(Graph!$C$2&\"!$A:$A\",TRUE),0),MATCH($A11,INDIRECT(Graph!$C$2&\"!$4:$4\",TRUE),0))=0,31,INDEX(INDIRECT(Graph!$C$2&\"!$1:$99999\",TRUE),MATCH(T$10,INDIRECT(Graph!$C$2&\"!$A:$A\",TRUE),0),MATCH($A11,INDIRECT(Graph!$C$2&\"!$4:$4\",TRUE),0))))),NA(),IF(Graph!$C$4=\"Trend\",IF(IF(OR(COLUMN()<7,COLUMN()>184),NA(),AVERAGE(S11:W11))=\"\",NA(),IF(OR(COLUMN()<7,COLUMN()>184),NA(),AVERAGE(S11:W11))),IF(INDEX(INDIRECT(Graph!$C$2&\"!$1:$99999\",TRUE),MATCH(T$10,INDIRECT(Graph!$C$2&\"!$A:$A\",TRUE),0),MATCH($A11,INDIRECT(Graph!$C$2&\"!$4:$4\",TRUE),0))=0,31,INDEX(INDIRECT(Graph!$C$2&\"!$1:$99999\",TRUE),MATCH(T$10,INDIRECT(Graph!$C$2&\"!$A:$A\",TRUE),0),MATCH($A11,INDIRECT(Graph!$C$2&\"!$4:$4\",TRUE),0)))))","v":{"$error":"#N/A"}},{"$f":"IF(ISERR(IF(Graph!$C$4=\"Trend\",IF(IF(OR(COLUMN()<7,COLUMN()>184),NA(),AVERAGE(T11:X11))=\"\",NA(),IF(OR(COLUMN()<7,COLUMN()>184),NA(),AVERAGE(T11:X11))),IF(INDEX(INDIRECT(Graph!$C$2&\"!$1:$99999\",TRUE),MATCH(U$10,INDIRECT(Graph!$C$2&\"!$A:$A\",TRUE),0),MATCH($A11,INDIRECT(Graph!$C$2&\"!$4:$4\",TRUE),0))=0,31,INDEX(INDIRECT(Graph!$C$2&\"!$1:$99999\",TRUE),MATCH(U$10,INDIRECT(Graph!$C$2&\"!$A:$A\",TRUE),0),MATCH($A11,INDIRECT(Graph!$C$2&\"!$4:$4\",TRUE),0))))),NA(),IF(Graph!$C$4=\"Trend\",IF(IF(OR(COLUMN()<7,COLUMN()>184),NA(),AVERAGE(T11:X11))=\"\",NA(),IF(OR(COLUMN()<7,COLUMN()>184),NA(),AVERAGE(T11:X11))),IF(INDEX(INDIRECT(Graph!$C$2&\"!$1:$99999\",TRUE),MATCH(U$10,INDIRECT(Graph!$C$2&\"!$A:$A\",TRUE),0),MATCH($A11,INDIRECT(Graph!$C$2&\"!$4:$4\",TRUE),0))=0,31,INDEX(INDIRECT(Graph!$C$2&\"!$1:$99999\",TRUE),MATCH(U$10,INDIRECT(Graph!$C$2&\"!$A:$A\",TRUE),0),MATCH($A11,INDIRECT(Graph!$C$2&\"!$4:$4\",TRUE),0)))))","v":{"$error":"#N/A"}},{"$f":"IF(ISERR(IF(Graph!$C$4=\"Trend\",IF(IF(OR(COLUMN()<7,COLUMN()>184),NA(),AVERAGE(U11:Y11))=\"\",NA(),IF(OR(COLUMN()<7,COLUMN()>184),NA(),AVERAGE(U11:Y11))),IF(INDEX(INDIRECT(Graph!$C$2&\"!$1:$99999\",TRUE),MATCH(V$10,INDIRECT(Graph!$C$2&\"!$A:$A\",TRUE),0),MATCH($A11,INDIRECT(Graph!$C$2&\"!$4:$4\",TRUE),0))=0,31,INDEX(INDIRECT(Graph!$C$2&\"!$1:$99999\",TRUE),MATCH(V$10,INDIRECT(Graph!$C$2&\"!$A:$A\",TRUE),0),MATCH($A11,INDIRECT(Graph!$C$2&\"!$4:$4\",TRUE),0))))),NA(),IF(Graph!$C$4=\"Trend\",IF(IF(OR(COLUMN()<7,COLUMN()>184),NA(),AVERAGE(U11:Y11))=\"\",NA(),IF(OR(COLUMN()<7,COLUMN()>184),NA(),AVERAGE(U11:Y11))),IF(INDEX(INDIRECT(Graph!$C$2&\"!$1:$99999\",TRUE),MATCH(V$10,INDIRECT(Graph!$C$2&\"!$A:$A\",TRUE),0),MATCH($A11,INDIRECT(Graph!$C$2&\"!$4:$4\",TRUE),0))=0,31,INDEX(INDIRECT(Graph!$C$2&\"!$1:$99999\",TRUE),MATCH(V$10,INDIRECT(Graph!$C$2&\"!$A:$A\",TRUE),0),MATCH($A11,INDIRECT(Graph!$C$2&\"!$4:$4\",TRUE),0)))))","v":{"$error":"#N/A"}},{"$f":"IF(ISERR(IF(Graph!$C$4=\"Trend\",IF(IF(OR(COLUMN()<7,COLUMN()>184),NA(),AVERAGE(V11:Z11))=\"\",NA(),IF(OR(COLUMN()<7,COLUMN()>184),NA(),AVERAGE(V11:Z11))),IF(INDEX(INDIRECT(Graph!$C$2&\"!$1:$99999\",TRUE),MATCH(W$10,INDIRECT(Graph!$C$2&\"!$A:$A\",TRUE),0),MATCH($A11,INDIRECT(Graph!$C$2&\"!$4:$4\",TRUE),0))=0,31,INDEX(INDIRECT(Graph!$C$2&\"!$1:$99999\",TRUE),MATCH(W$10,INDIRECT(Graph!$C$2&\"!$A:$A\",TRUE),0),MATCH($A11,INDIRECT(Graph!$C$2&\"!$4:$4\",TRUE),0))))),NA(),IF(Graph!$C$4=\"Trend\",IF(IF(OR(COLUMN()<7,COLUMN()>184),NA(),AVERAGE(V11:Z11))=\"\",NA(),IF(OR(COLUMN()<7,COLUMN()>184),NA(),AVERAGE(V11:Z11))),IF(INDEX(INDIRECT(Graph!$C$2&\"!$1:$99999\",TRUE),MATCH(W$10,INDIRECT(Graph!$C$2&\"!$A:$A\",TRUE),0),MATCH($A11,INDIRECT(Graph!$C$2&\"!$4:$4\",TRUE),0))=0,31,INDEX(INDIRECT(Graph!$C$2&\"!$1:$99999\",TRUE),MATCH(W$10,INDIRECT(Graph!$C$2&\"!$A:$A\",TRUE),0),MATCH($A11,INDIRECT(Graph!$C$2&\"!$4:$4\",TRUE),0)))))","v":{"$error":"#N/A"}},{"$f":"IF(ISERR(IF(Graph!$C$4=\"Trend\",IF(IF(OR(COLUMN()<7,COLUMN()>184),NA(),AVERAGE(W11:AA11))=\"\",NA(),IF(OR(COLUMN()<7,COLUMN()>184),NA(),AVERAGE(W11:AA11))),IF(INDEX(INDIRECT(Graph!$C$2&\"!$1:$99999\",TRUE),MATCH(X$10,INDIRECT(Graph!$C$2&\"!$A:$A\",TRUE),0),MATCH($A11,INDIRECT(Graph!$C$2&\"!$4:$4\",TRUE),0))=0,31,INDEX(INDIRECT(Graph!$C$2&\"!$1:$99999\",TRUE),MATCH(X$10,INDIRECT(Graph!$C$2&\"!$A:$A\",TRUE),0),MATCH($A11,INDIRECT(Graph!$C$2&\"!$4:$4\",TRUE),0))))),NA(),IF(Graph!$C$4=\"Trend\",IF(IF(OR(COLUMN()<7,COLUMN()>184),NA(),AVERAGE(W11:AA11))=\"\",NA(),IF(OR(COLUMN()<7,COLUMN()>184),NA(),AVERAGE(W11:AA11))),IF(INDEX(INDIRECT(Graph!$C$2&\"!$1:$99999\",TRUE),MATCH(X$10,INDIRECT(Graph!$C$2&\"!$A:$A\",TRUE),0),MATCH($A11,INDIRECT(Graph!$C$2&\"!$4:$4\",TRUE),0))=0,31,INDEX(INDIRECT(Graph!$C$2&\"!$1:$99999\",TRUE),MATCH(X$10,INDIRECT(Graph!$C$2&\"!$A:$A\",TRUE),0),MATCH($A11,INDIRECT(Graph!$C$2&\"!$4:$4\",TRUE),0)))))","v":{"$error":"#N/A"}},{"$f":"IF(ISERR(IF(Graph!$C$4=\"Trend\",IF(IF(OR(COLUMN()<7,COLUMN()>184),NA(),AVERAGE(X11:AB11))=\"\",NA(),IF(OR(COLUMN()<7,COLUMN()>184),NA(),AVERAGE(X11:AB11))),IF(INDEX(INDIRECT(Graph!$C$2&\"!$1:$99999\",TRUE),MATCH(Y$10,INDIRECT(Graph!$C$2&\"!$A:$A\",TRUE),0),MATCH($A11,INDIRECT(Graph!$C$2&\"!$4:$4\",TRUE),0))=0,31,INDEX(INDIRECT(Graph!$C$2&\"!$1:$99999\",TRUE),MATCH(Y$10,INDIRECT(Graph!$C$2&\"!$A:$A\",TRUE),0),MATCH($A11,INDIRECT(Graph!$C$2&\"!$4:$4\",TRUE),0))))),NA(),IF(Graph!$C$4=\"Trend\",IF(IF(OR(COLUMN()<7,COLUMN()>184),NA(),AVERAGE(X11:AB11))=\"\",NA(),IF(OR(COLUMN()<7,COLUMN()>184),NA(),AVERAGE(X11:AB11))),IF(INDEX(INDIRECT(Graph!$C$2&\"!$1:$99999\",TRUE),MATCH(Y$10,INDIRECT(Graph!$C$2&\"!$A:$A\",TRUE),0),MATCH($A11,INDIRECT(Graph!$C$2&\"!$4:$4\",TRUE),0))=0,31,INDEX(INDIRECT(Graph!$C$2&\"!$1:$99999\",TRUE),MATCH(Y$10,INDIRECT(Graph!$C$2&\"!$A:$A\",TRUE),0),MATCH($A11,INDIRECT(Graph!$C$2&\"!$4:$4\",TRUE),0)))))","v":{"$error":"#N/A"}},{"$f":"IF(ISERR(IF(Graph!$C$4=\"Trend\",IF(IF(OR(COLUMN()<7,COLUMN()>184),NA(),AVERAGE(Y11:AC11))=\"\",NA(),IF(OR(COLUMN()<7,COLUMN()>184),NA(),AVERAGE(Y11:AC11))),IF(INDEX(INDIRECT(Graph!$C$2&\"!$1:$99999\",TRUE),MATCH(Z$10,INDIRECT(Graph!$C$2&\"!$A:$A\",TRUE),0),MATCH($A11,INDIRECT(Graph!$C$2&\"!$4:$4\",TRUE),0))=0,31,INDEX(INDIRECT(Graph!$C$2&\"!$1:$99999\",TRUE),MATCH(Z$10,INDIRECT(Graph!$C$2&\"!$A:$A\",TRUE),0),MATCH($A11,INDIRECT(Graph!$C$2&\"!$4:$4\",TRUE),0))))),NA(),IF(Graph!$C$4=\"Trend\",IF(IF(OR(COLUMN()<7,COLUMN()>184),NA(),AVERAGE(Y11:AC11))=\"\",NA(),IF(OR(COLUMN()<7,COLUMN()>184),NA(),AVERAGE(Y11:AC11))),IF(INDEX(INDIRECT(Graph!$C$2&\"!$1:$99999\",TRUE),MATCH(Z$10,INDIRECT(Graph!$C$2&\"!$A:$A\",TRUE),0),MATCH($A11,INDIRECT(Graph!$C$2&\"!$4:$4\",TRUE),0))=0,31,INDEX(INDIRECT(Graph!$C$2&\"!$1:$99999\",TRUE),MATCH(Z$10,INDIRECT(Graph!$C$2&\"!$A:$A\",TRUE),0),MATCH($A11,INDIRECT(Graph!$C$2&\"!$4:$4\",TRUE),0)))))","v":{"$error":"#N/A"}},{"$f":"IF(ISERR(IF(Graph!$C$4=\"Trend\",IF(IF(OR(COLUMN()<7,COLUMN()>184),NA(),AVERAGE(Z11:AD11))=\"\",NA(),IF(OR(COLUMN()<7,COLUMN()>184),NA(),AVERAGE(Z11:AD11))),IF(INDEX(INDIRECT(Graph!$C$2&\"!$1:$99999\",TRUE),MATCH(AA$10,INDIRECT(Graph!$C$2&\"!$A:$A\",TRUE),0),MATCH($A11,INDIRECT(Graph!$C$2&\"!$4:$4\",TRUE),0))=0,31,INDEX(INDIRECT(Graph!$C$2&\"!$1:$99999\",TRUE),MATCH(AA$10,INDIRECT(Graph!$C$2&\"!$A:$A\",TRUE),0),MATCH($A11,INDIRECT(Graph!$C$2&\"!$4:$4\",TRUE),0))))),NA(),IF(Graph!$C$4=\"Trend\",IF(IF(OR(COLUMN()<7,COLUMN()>184),NA(),AVERAGE(Z11:AD11))=\"\",NA(),IF(OR(COLUMN()<7,COLUMN()>184),NA(),AVERAGE(Z11:AD11))),IF(INDEX(INDIRECT(Graph!$C$2&\"!$1:$99999\",TRUE),MATCH(AA$10,INDIRECT(Graph!$C$2&\"!$A:$A\",TRUE),0),MATCH($A11,INDIRECT(Graph!$C$2&\"!$4:$4\",TRUE),0))=0,31,INDEX(INDIRECT(Graph!$C$2&\"!$1:$99999\",TRUE),MATCH(AA$10,INDIRECT(Graph!$C$2&\"!$A:$A\",TRUE),0),MATCH($A11,INDIRECT(Graph!$C$2&\"!$4:$4\",TRUE),0)))))","v":{"$error":"#N/A"}},{"$f":"IF(ISERR(IF(Graph!$C$4=\"Trend\",IF(IF(OR(COLUMN()<7,COLUMN()>184),NA(),AVERAGE(AA11:AE11))=\"\",NA(),IF(OR(COLUMN()<7,COLUMN()>184),NA(),AVERAGE(AA11:AE11))),IF(INDEX(INDIRECT(Graph!$C$2&\"!$1:$99999\",TRUE),MATCH(AB$10,INDIRECT(Graph!$C$2&\"!$A:$A\",TRUE),0),MATCH($A11,INDIRECT(Graph!$C$2&\"!$4:$4\",TRUE),0))=0,31,INDEX(INDIRECT(Graph!$C$2&\"!$1:$99999\",TRUE),MATCH(AB$10,INDIRECT(Graph!$C$2&\"!$A:$A\",TRUE),0),MATCH($A11,INDIRECT(Graph!$C$2&\"!$4:$4\",TRUE),0))))),NA(),IF(Graph!$C$4=\"Trend\",IF(IF(OR(COLUMN()<7,COLUMN()>184),NA(),AVERAGE(AA11:AE11))=\"\",NA(),IF(OR(COLUMN()<7,COLUMN()>184),NA(),AVERAGE(AA11:AE11))),IF(INDEX(INDIRECT(Graph!$C$2&\"!$1:$99999\",TRUE),MATCH(AB$10,INDIRECT(Graph!$C$2&\"!$A:$A\",TRUE),0),MATCH($A11,INDIRECT(Graph!$C$2&\"!$4:$4\",TRUE),0))=0,31,INDEX(INDIRECT(Graph!$C$2&\"!$1:$99999\",TRUE),MATCH(AB$10,INDIRECT(Graph!$C$2&\"!$A:$A\",TRUE),0),MATCH($A11,INDIRECT(Graph!$C$2&\"!$4:$4\",TRUE),0)))))","v":{"$error":"#N/A"}},{"$f":"IF(ISERR(IF(Graph!$C$4=\"Trend\",IF(IF(OR(COLUMN()<7,COLUMN()>184),NA(),AVERAGE(AB11:AF11))=\"\",NA(),IF(OR(COLUMN()<7,COLUMN()>184),NA(),AVERAGE(AB11:AF11))),IF(INDEX(INDIRECT(Graph!$C$2&\"!$1:$99999\",TRUE),MATCH(AC$10,INDIRECT(Graph!$C$2&\"!$A:$A\",TRUE),0),MATCH($A11,INDIRECT(Graph!$C$2&\"!$4:$4\",TRUE),0))=0,31,INDEX(INDIRECT(Graph!$C$2&\"!$1:$99999\",TRUE),MATCH(AC$10,INDIRECT(Graph!$C$2&\"!$A:$A\",TRUE),0),MATCH($A11,INDIRECT(Graph!$C$2&\"!$4:$4\",TRUE),0))))),NA(),IF(Graph!$C$4=\"Trend\",IF(IF(OR(COLUMN()<7,COLUMN()>184),NA(),AVERAGE(AB11:AF11))=\"\",NA(),IF(OR(COLUMN()<7,COLUMN()>184),NA(),AVERAGE(AB11:AF11))),IF(INDEX(INDIRECT(Graph!$C$2&\"!$1:$99999\",TRUE),MATCH(AC$10,INDIRECT(Graph!$C$2&\"!$A:$A\",TRUE),0),MATCH($A11,INDIRECT(Graph!$C$2&\"!$4:$4\",TRUE),0))=0,31,INDEX(INDIRECT(Graph!$C$2&\"!$1:$99999\",TRUE),MATCH(AC$10,INDIRECT(Graph!$C$2&\"!$A:$A\",TRUE),0),MATCH($A11,INDIRECT(Graph!$C$2&\"!$4:$4\",TRUE),0)))))","v":{"$error":"#N/A"}},{"$f":"IF(ISERR(IF(Graph!$C$4=\"Trend\",IF(IF(OR(COLUMN()<7,COLUMN()>184),NA(),AVERAGE(AC11:AG11))=\"\",NA(),IF(OR(COLUMN()<7,COLUMN()>184),NA(),AVERAGE(AC11:AG11))),IF(INDEX(INDIRECT(Graph!$C$2&\"!$1:$99999\",TRUE),MATCH(AD$10,INDIRECT(Graph!$C$2&\"!$A:$A\",TRUE),0),MATCH($A11,INDIRECT(Graph!$C$2&\"!$4:$4\",TRUE),0))=0,31,INDEX(INDIRECT(Graph!$C$2&\"!$1:$99999\",TRUE),MATCH(AD$10,INDIRECT(Graph!$C$2&\"!$A:$A\",TRUE),0),MATCH($A11,INDIRECT(Graph!$C$2&\"!$4:$4\",TRUE),0))))),NA(),IF(Graph!$C$4=\"Trend\",IF(IF(OR(COLUMN()<7,COLUMN()>184),NA(),AVERAGE(AC11:AG11))=\"\",NA(),IF(OR(COLUMN()<7,COLUMN()>184),NA(),AVERAGE(AC11:AG11))),IF(INDEX(INDIRECT(Graph!$C$2&\"!$1:$99999\",TRUE),MATCH(AD$10,INDIRECT(Graph!$C$2&\"!$A:$A\",TRUE),0),MATCH($A11,INDIRECT(Graph!$C$2&\"!$4:$4\",TRUE),0))=0,31,INDEX(INDIRECT(Graph!$C$2&\"!$1:$99999\",TRUE),MATCH(AD$10,INDIRECT(Graph!$C$2&\"!$A:$A\",TRUE),0),MATCH($A11,INDIRECT(Graph!$C$2&\"!$4:$4\",TRUE),0)))))","v":{"$error":"#N/A"}},{"$f":"IF(ISERR(IF(Graph!$C$4=\"Trend\",IF(IF(OR(COLUMN()<7,COLUMN()>184),NA(),AVERAGE(AD11:AH11))=\"\",NA(),IF(OR(COLUMN()<7,COLUMN()>184),NA(),AVERAGE(AD11:AH11))),IF(INDEX(INDIRECT(Graph!$C$2&\"!$1:$99999\",TRUE),MATCH(AE$10,INDIRECT(Graph!$C$2&\"!$A:$A\",TRUE),0),MATCH($A11,INDIRECT(Graph!$C$2&\"!$4:$4\",TRUE),0))=0,31,INDEX(INDIRECT(Graph!$C$2&\"!$1:$99999\",TRUE),MATCH(AE$10,INDIRECT(Graph!$C$2&\"!$A:$A\",TRUE),0),MATCH($A11,INDIRECT(Graph!$C$2&\"!$4:$4\",TRUE),0))))),NA(),IF(Graph!$C$4=\"Trend\",IF(IF(OR(COLUMN()<7,COLUMN()>184),NA(),AVERAGE(AD11:AH11))=\"\",NA(),IF(OR(COLUMN()<7,COLUMN()>184),NA(),AVERAGE(AD11:AH11))),IF(INDEX(INDIRECT(Graph!$C$2&\"!$1:$99999\",TRUE),MATCH(AE$10,INDIRECT(Graph!$C$2&\"!$A:$A\",TRUE),0),MATCH($A11,INDIRECT(Graph!$C$2&\"!$4:$4\",TRUE),0))=0,31,INDEX(INDIRECT(Graph!$C$2&\"!$1:$99999\",TRUE),MATCH(AE$10,INDIRECT(Graph!$C$2&\"!$A:$A\",TRUE),0),MATCH($A11,INDIRECT(Graph!$C$2&\"!$4:$4\",TRUE),0)))))","v":{"$error":"#N/A"}},{"$f":"IF(ISERR(IF(Graph!$C$4=\"Trend\",IF(IF(OR(COLUMN()<7,COLUMN()>184),NA(),AVERAGE(AE11:AI11))=\"\",NA(),IF(OR(COLUMN()<7,COLUMN()>184),NA(),AVERAGE(AE11:AI11))),IF(INDEX(INDIRECT(Graph!$C$2&\"!$1:$99999\",TRUE),MATCH(AF$10,INDIRECT(Graph!$C$2&\"!$A:$A\",TRUE),0),MATCH($A11,INDIRECT(Graph!$C$2&\"!$4:$4\",TRUE),0))=0,31,INDEX(INDIRECT(Graph!$C$2&\"!$1:$99999\",TRUE),MATCH(AF$10,INDIRECT(Graph!$C$2&\"!$A:$A\",TRUE),0),MATCH($A11,INDIRECT(Graph!$C$2&\"!$4:$4\",TRUE),0))))),NA(),IF(Graph!$C$4=\"Trend\",IF(IF(OR(COLUMN()<7,COLUMN()>184),NA(),AVERAGE(AE11:AI11))=\"\",NA(),IF(OR(COLUMN()<7,COLUMN()>184),NA(),AVERAGE(AE11:AI11))),IF(INDEX(INDIRECT(Graph!$C$2&\"!$1:$99999\",TRUE),MATCH(AF$10,INDIRECT(Graph!$C$2&\"!$A:$A\",TRUE),0),MATCH($A11,INDIRECT(Graph!$C$2&\"!$4:$4\",TRUE),0))=0,31,INDEX(INDIRECT(Graph!$C$2&\"!$1:$99999\",TRUE),MATCH(AF$10,INDIRECT(Graph!$C$2&\"!$A:$A\",TRUE),0),MATCH($A11,INDIRECT(Graph!$C$2&\"!$4:$4\",TRUE),0)))))","v":{"$error":"#N/A"}},{"$f":"IF(ISERR(IF(Graph!$C$4=\"Trend\",IF(IF(OR(COLUMN()<7,COLUMN()>184),NA(),AVERAGE(AF11:AJ11))=\"\",NA(),IF(OR(COLUMN()<7,COLUMN()>184),NA(),AVERAGE(AF11:AJ11))),IF(INDEX(INDIRECT(Graph!$C$2&\"!$1:$99999\",TRUE),MATCH(AG$10,INDIRECT(Graph!$C$2&\"!$A:$A\",TRUE),0),MATCH($A11,INDIRECT(Graph!$C$2&\"!$4:$4\",TRUE),0))=0,31,INDEX(INDIRECT(Graph!$C$2&\"!$1:$99999\",TRUE),MATCH(AG$10,INDIRECT(Graph!$C$2&\"!$A:$A\",TRUE),0),MATCH($A11,INDIRECT(Graph!$C$2&\"!$4:$4\",TRUE),0))))),NA(),IF(Graph!$C$4=\"Trend\",IF(IF(OR(COLUMN()<7,COLUMN()>184),NA(),AVERAGE(AF11:AJ11))=\"\",NA(),IF(OR(COLUMN()<7,COLUMN()>184),NA(),AVERAGE(AF11:AJ11))),IF(INDEX(INDIRECT(Graph!$C$2&\"!$1:$99999\",TRUE),MATCH(AG$10,INDIRECT(Graph!$C$2&\"!$A:$A\",TRUE),0),MATCH($A11,INDIRECT(Graph!$C$2&\"!$4:$4\",TRUE),0))=0,31,INDEX(INDIRECT(Graph!$C$2&\"!$1:$99999\",TRUE),MATCH(AG$10,INDIRECT(Graph!$C$2&\"!$A:$A\",TRUE),0),MATCH($A11,INDIRECT(Graph!$C$2&\"!$4:$4\",TRUE),0)))))","v":{"$error":"#N/A"}},{"$f":"IF(ISERR(IF(Graph!$C$4=\"Trend\",IF(IF(OR(COLUMN()<7,COLUMN()>184),NA(),AVERAGE(AG11:AK11))=\"\",NA(),IF(OR(COLUMN()<7,COLUMN()>184),NA(),AVERAGE(AG11:AK11))),IF(INDEX(INDIRECT(Graph!$C$2&\"!$1:$99999\",TRUE),MATCH(AH$10,INDIRECT(Graph!$C$2&\"!$A:$A\",TRUE),0),MATCH($A11,INDIRECT(Graph!$C$2&\"!$4:$4\",TRUE),0))=0,31,INDEX(INDIRECT(Graph!$C$2&\"!$1:$99999\",TRUE),MATCH(AH$10,INDIRECT(Graph!$C$2&\"!$A:$A\",TRUE),0),MATCH($A11,INDIRECT(Graph!$C$2&\"!$4:$4\",TRUE),0))))),NA(),IF(Graph!$C$4=\"Trend\",IF(IF(OR(COLUMN()<7,COLUMN()>184),NA(),AVERAGE(AG11:AK11))=\"\",NA(),IF(OR(COLUMN()<7,COLUMN()>184),NA(),AVERAGE(AG11:AK11))),IF(INDEX(INDIRECT(Graph!$C$2&\"!$1:$99999\",TRUE),MATCH(AH$10,INDIRECT(Graph!$C$2&\"!$A:$A\",TRUE),0),MATCH($A11,INDIRECT(Graph!$C$2&\"!$4:$4\",TRUE),0))=0,31,INDEX(INDIRECT(Graph!$C$2&\"!$1:$99999\",TRUE),MATCH(AH$10,INDIRECT(Graph!$C$2&\"!$A:$A\",TRUE),0),MATCH($A11,INDIRECT(Graph!$C$2&\"!$4:$4\",TRUE),0)))))","v":{"$error":"#N/A"}},{"$f":"IF(ISERR(IF(Graph!$C$4=\"Trend\",IF(IF(OR(COLUMN()<7,COLUMN()>184),NA(),AVERAGE(AH11:AL11))=\"\",NA(),IF(OR(COLUMN()<7,COLUMN()>184),NA(),AVERAGE(AH11:AL11))),IF(INDEX(INDIRECT(Graph!$C$2&\"!$1:$99999\",TRUE),MATCH(AI$10,INDIRECT(Graph!$C$2&\"!$A:$A\",TRUE),0),MATCH($A11,INDIRECT(Graph!$C$2&\"!$4:$4\",TRUE),0))=0,31,INDEX(INDIRECT(Graph!$C$2&\"!$1:$99999\",TRUE),MATCH(AI$10,INDIRECT(Graph!$C$2&\"!$A:$A\",TRUE),0),MATCH($A11,INDIRECT(Graph!$C$2&\"!$4:$4\",TRUE),0))))),NA(),IF(Graph!$C$4=\"Trend\",IF(IF(OR(COLUMN()<7,COLUMN()>184),NA(),AVERAGE(AH11:AL11))=\"\",NA(),IF(OR(COLUMN()<7,COLUMN()>184),NA(),AVERAGE(AH11:AL11))),IF(INDEX(INDIRECT(Graph!$C$2&\"!$1:$99999\",TRUE),MATCH(AI$10,INDIRECT(Graph!$C$2&\"!$A:$A\",TRUE),0),MATCH($A11,INDIRECT(Graph!$C$2&\"!$4:$4\",TRUE),0))=0,31,INDEX(INDIRECT(Graph!$C$2&\"!$1:$99999\",TRUE),MATCH(AI$10,INDIRECT(Graph!$C$2&\"!$A:$A\",TRUE),0),MATCH($A11,INDIRECT(Graph!$C$2&\"!$4:$4\",TRUE),0)))))","v":{"$error":"#N/A"}},{"$f":"IF(ISERR(IF(Graph!$C$4=\"Trend\",IF(IF(OR(COLUMN()<7,COLUMN()>184),NA(),AVERAGE(AI11:AM11))=\"\",NA(),IF(OR(COLUMN()<7,COLUMN()>184),NA(),AVERAGE(AI11:AM11))),IF(INDEX(INDIRECT(Graph!$C$2&\"!$1:$99999\",TRUE),MATCH(AJ$10,INDIRECT(Graph!$C$2&\"!$A:$A\",TRUE),0),MATCH($A11,INDIRECT(Graph!$C$2&\"!$4:$4\",TRUE),0))=0,31,INDEX(INDIRECT(Graph!$C$2&\"!$1:$99999\",TRUE),MATCH(AJ$10,INDIRECT(Graph!$C$2&\"!$A:$A\",TRUE),0),MATCH($A11,INDIRECT(Graph!$C$2&\"!$4:$4\",TRUE),0))))),NA(),IF(Graph!$C$4=\"Trend\",IF(IF(OR(COLUMN()<7,COLUMN()>184),NA(),AVERAGE(AI11:AM11))=\"\",NA(),IF(OR(COLUMN()<7,COLUMN()>184),NA(),AVERAGE(AI11:AM11))),IF(INDEX(INDIRECT(Graph!$C$2&\"!$1:$99999\",TRUE),MATCH(AJ$10,INDIRECT(Graph!$C$2&\"!$A:$A\",TRUE),0),MATCH($A11,INDIRECT(Graph!$C$2&\"!$4:$4\",TRUE),0))=0,31,INDEX(INDIRECT(Graph!$C$2&\"!$1:$99999\",TRUE),MATCH(AJ$10,INDIRECT(Graph!$C$2&\"!$A:$A\",TRUE),0),MATCH($A11,INDIRECT(Graph!$C$2&\"!$4:$4\",TRUE),0)))))","v":{"$error":"#N/A"}},{"$f":"IF(ISERR(IF(Graph!$C$4=\"Trend\",IF(IF(OR(COLUMN()<7,COLUMN()>184),NA(),AVERAGE(AJ11:AN11))=\"\",NA(),IF(OR(COLUMN()<7,COLUMN()>184),NA(),AVERAGE(AJ11:AN11))),IF(INDEX(INDIRECT(Graph!$C$2&\"!$1:$99999\",TRUE),MATCH(AK$10,INDIRECT(Graph!$C$2&\"!$A:$A\",TRUE),0),MATCH($A11,INDIRECT(Graph!$C$2&\"!$4:$4\",TRUE),0))=0,31,INDEX(INDIRECT(Graph!$C$2&\"!$1:$99999\",TRUE),MATCH(AK$10,INDIRECT(Graph!$C$2&\"!$A:$A\",TRUE),0),MATCH($A11,INDIRECT(Graph!$C$2&\"!$4:$4\",TRUE),0))))),NA(),IF(Graph!$C$4=\"Trend\",IF(IF(OR(COLUMN()<7,COLUMN()>184),NA(),AVERAGE(AJ11:AN11))=\"\",NA(),IF(OR(COLUMN()<7,COLUMN()>184),NA(),AVERAGE(AJ11:AN11))),IF(INDEX(INDIRECT(Graph!$C$2&\"!$1:$99999\",TRUE),MATCH(AK$10,INDIRECT(Graph!$C$2&\"!$A:$A\",TRUE),0),MATCH($A11,INDIRECT(Graph!$C$2&\"!$4:$4\",TRUE),0))=0,31,INDEX(INDIRECT(Graph!$C$2&\"!$1:$99999\",TRUE),MATCH(AK$10,INDIRECT(Graph!$C$2&\"!$A:$A\",TRUE),0),MATCH($A11,INDIRECT(Graph!$C$2&\"!$4:$4\",TRUE),0)))))","v":{"$error":"#N/A"}},{"$f":"IF(ISERR(IF(Graph!$C$4=\"Trend\",IF(IF(OR(COLUMN()<7,COLUMN()>184),NA(),AVERAGE(AK11:AO11))=\"\",NA(),IF(OR(COLUMN()<7,COLUMN()>184),NA(),AVERAGE(AK11:AO11))),IF(INDEX(INDIRECT(Graph!$C$2&\"!$1:$99999\",TRUE),MATCH(AL$10,INDIRECT(Graph!$C$2&\"!$A:$A\",TRUE),0),MATCH($A11,INDIRECT(Graph!$C$2&\"!$4:$4\",TRUE),0))=0,31,INDEX(INDIRECT(Graph!$C$2&\"!$1:$99999\",TRUE),MATCH(AL$10,INDIRECT(Graph!$C$2&\"!$A:$A\",TRUE),0),MATCH($A11,INDIRECT(Graph!$C$2&\"!$4:$4\",TRUE),0))))),NA(),IF(Graph!$C$4=\"Trend\",IF(IF(OR(COLUMN()<7,COLUMN()>184),NA(),AVERAGE(AK11:AO11))=\"\",NA(),IF(OR(COLUMN()<7,COLUMN()>184),NA(),AVERAGE(AK11:AO11))),IF(INDEX(INDIRECT(Graph!$C$2&\"!$1:$99999\",TRUE),MATCH(AL$10,INDIRECT(Graph!$C$2&\"!$A:$A\",TRUE),0),MATCH($A11,INDIRECT(Graph!$C$2&\"!$4:$4\",TRUE),0))=0,31,INDEX(INDIRECT(Graph!$C$2&\"!$1:$99999\",TRUE),MATCH(AL$10,INDIRECT(Graph!$C$2&\"!$A:$A\",TRUE),0),MATCH($A11,INDIRECT(Graph!$C$2&\"!$4:$4\",TRUE),0)))))","v":{"$error":"#N/A"}},{"$f":"IF(ISERR(IF(Graph!$C$4=\"Trend\",IF(IF(OR(COLUMN()<7,COLUMN()>184),NA(),AVERAGE(AL11:AP11))=\"\",NA(),IF(OR(COLUMN()<7,COLUMN()>184),NA(),AVERAGE(AL11:AP11))),IF(INDEX(INDIRECT(Graph!$C$2&\"!$1:$99999\",TRUE),MATCH(AM$10,INDIRECT(Graph!$C$2&\"!$A:$A\",TRUE),0),MATCH($A11,INDIRECT(Graph!$C$2&\"!$4:$4\",TRUE),0))=0,31,INDEX(INDIRECT(Graph!$C$2&\"!$1:$99999\",TRUE),MATCH(AM$10,INDIRECT(Graph!$C$2&\"!$A:$A\",TRUE),0),MATCH($A11,INDIRECT(Graph!$C$2&\"!$4:$4\",TRUE),0))))),NA(),IF(Graph!$C$4=\"Trend\",IF(IF(OR(COLUMN()<7,COLUMN()>184),NA(),AVERAGE(AL11:AP11))=\"\",NA(),IF(OR(COLUMN()<7,COLUMN()>184),NA(),AVERAGE(AL11:AP11))),IF(INDEX(INDIRECT(Graph!$C$2&\"!$1:$99999\",TRUE),MATCH(AM$10,INDIRECT(Graph!$C$2&\"!$A:$A\",TRUE),0),MATCH($A11,INDIRECT(Graph!$C$2&\"!$4:$4\",TRUE),0))=0,31,INDEX(INDIRECT(Graph!$C$2&\"!$1:$99999\",TRUE),MATCH(AM$10,INDIRECT(Graph!$C$2&\"!$A:$A\",TRUE),0),MATCH($A11,INDIRECT(Graph!$C$2&\"!$4:$4\",TRUE),0)))))","v":{"$error":"#N/A"}},{"$f":"IF(ISERR(IF(Graph!$C$4=\"Trend\",IF(IF(OR(COLUMN()<7,COLUMN()>184),NA(),AVERAGE(AM11:AQ11))=\"\",NA(),IF(OR(COLUMN()<7,COLUMN()>184),NA(),AVERAGE(AM11:AQ11))),IF(INDEX(INDIRECT(Graph!$C$2&\"!$1:$99999\",TRUE),MATCH(AN$10,INDIRECT(Graph!$C$2&\"!$A:$A\",TRUE),0),MATCH($A11,INDIRECT(Graph!$C$2&\"!$4:$4\",TRUE),0))=0,31,INDEX(INDIRECT(Graph!$C$2&\"!$1:$99999\",TRUE),MATCH(AN$10,INDIRECT(Graph!$C$2&\"!$A:$A\",TRUE),0),MATCH($A11,INDIRECT(Graph!$C$2&\"!$4:$4\",TRUE),0))))),NA(),IF(Graph!$C$4=\"Trend\",IF(IF(OR(COLUMN()<7,COLUMN()>184),NA(),AVERAGE(AM11:AQ11))=\"\",NA(),IF(OR(COLUMN()<7,COLUMN()>184),NA(),AVERAGE(AM11:AQ11))),IF(INDEX(INDIRECT(Graph!$C$2&\"!$1:$99999\",TRUE),MATCH(AN$10,INDIRECT(Graph!$C$2&\"!$A:$A\",TRUE),0),MATCH($A11,INDIRECT(Graph!$C$2&\"!$4:$4\",TRUE),0))=0,31,INDEX(INDIRECT(Graph!$C$2&\"!$1:$99999\",TRUE),MATCH(AN$10,INDIRECT(Graph!$C$2&\"!$A:$A\",TRUE),0),MATCH($A11,INDIRECT(Graph!$C$2&\"!$4:$4\",TRUE),0)))))","v":{"$error":"#N/A"}},{"$f":"IF(ISERR(IF(Graph!$C$4=\"Trend\",IF(IF(OR(COLUMN()<7,COLUMN()>184),NA(),AVERAGE(AN11:AR11))=\"\",NA(),IF(OR(COLUMN()<7,COLUMN()>184),NA(),AVERAGE(AN11:AR11))),IF(INDEX(INDIRECT(Graph!$C$2&\"!$1:$99999\",TRUE),MATCH(AO$10,INDIRECT(Graph!$C$2&\"!$A:$A\",TRUE),0),MATCH($A11,INDIRECT(Graph!$C$2&\"!$4:$4\",TRUE),0))=0,31,INDEX(INDIRECT(Graph!$C$2&\"!$1:$99999\",TRUE),MATCH(AO$10,INDIRECT(Graph!$C$2&\"!$A:$A\",TRUE),0),MATCH($A11,INDIRECT(Graph!$C$2&\"!$4:$4\",TRUE),0))))),NA(),IF(Graph!$C$4=\"Trend\",IF(IF(OR(COLUMN()<7,COLUMN()>184),NA(),AVERAGE(AN11:AR11))=\"\",NA(),IF(OR(COLUMN()<7,COLUMN()>184),NA(),AVERAGE(AN11:AR11))),IF(INDEX(INDIRECT(Graph!$C$2&\"!$1:$99999\",TRUE),MATCH(AO$10,INDIRECT(Graph!$C$2&\"!$A:$A\",TRUE),0),MATCH($A11,INDIRECT(Graph!$C$2&\"!$4:$4\",TRUE),0))=0,31,INDEX(INDIRECT(Graph!$C$2&\"!$1:$99999\",TRUE),MATCH(AO$10,INDIRECT(Graph!$C$2&\"!$A:$A\",TRUE),0),MATCH($A11,INDIRECT(Graph!$C$2&\"!$4:$4\",TRUE),0)))))","v":{"$error":"#N/A"}},{"$f":"IF(ISERR(IF(Graph!$C$4=\"Trend\",IF(IF(OR(COLUMN()<7,COLUMN()>184),NA(),AVERAGE(AO11:AS11))=\"\",NA(),IF(OR(COLUMN()<7,COLUMN()>184),NA(),AVERAGE(AO11:AS11))),IF(INDEX(INDIRECT(Graph!$C$2&\"!$1:$99999\",TRUE),MATCH(AP$10,INDIRECT(Graph!$C$2&\"!$A:$A\",TRUE),0),MATCH($A11,INDIRECT(Graph!$C$2&\"!$4:$4\",TRUE),0))=0,31,INDEX(INDIRECT(Graph!$C$2&\"!$1:$99999\",TRUE),MATCH(AP$10,INDIRECT(Graph!$C$2&\"!$A:$A\",TRUE),0),MATCH($A11,INDIRECT(Graph!$C$2&\"!$4:$4\",TRUE),0))))),NA(),IF(Graph!$C$4=\"Trend\",IF(IF(OR(COLUMN()<7,COLUMN()>184),NA(),AVERAGE(AO11:AS11))=\"\",NA(),IF(OR(COLUMN()<7,COLUMN()>184),NA(),AVERAGE(AO11:AS11))),IF(INDEX(INDIRECT(Graph!$C$2&\"!$1:$99999\",TRUE),MATCH(AP$10,INDIRECT(Graph!$C$2&\"!$A:$A\",TRUE),0),MATCH($A11,INDIRECT(Graph!$C$2&\"!$4:$4\",TRUE),0))=0,31,INDEX(INDIRECT(Graph!$C$2&\"!$1:$99999\",TRUE),MATCH(AP$10,INDIRECT(Graph!$C$2&\"!$A:$A\",TRUE),0),MATCH($A11,INDIRECT(Graph!$C$2&\"!$4:$4\",TRUE),0)))))","v":{"$error":"#N/A"}},{"$f":"IF(ISERR(IF(Graph!$C$4=\"Trend\",IF(IF(OR(COLUMN()<7,COLUMN()>184),NA(),AVERAGE(AP11:AT11))=\"\",NA(),IF(OR(COLUMN()<7,COLUMN()>184),NA(),AVERAGE(AP11:AT11))),IF(INDEX(INDIRECT(Graph!$C$2&\"!$1:$99999\",TRUE),MATCH(AQ$10,INDIRECT(Graph!$C$2&\"!$A:$A\",TRUE),0),MATCH($A11,INDIRECT(Graph!$C$2&\"!$4:$4\",TRUE),0))=0,31,INDEX(INDIRECT(Graph!$C$2&\"!$1:$99999\",TRUE),MATCH(AQ$10,INDIRECT(Graph!$C$2&\"!$A:$A\",TRUE),0),MATCH($A11,INDIRECT(Graph!$C$2&\"!$4:$4\",TRUE),0))))),NA(),IF(Graph!$C$4=\"Trend\",IF(IF(OR(COLUMN()<7,COLUMN()>184),NA(),AVERAGE(AP11:AT11))=\"\",NA(),IF(OR(COLUMN()<7,COLUMN()>184),NA(),AVERAGE(AP11:AT11))),IF(INDEX(INDIRECT(Graph!$C$2&\"!$1:$99999\",TRUE),MATCH(AQ$10,INDIRECT(Graph!$C$2&\"!$A:$A\",TRUE),0),MATCH($A11,INDIRECT(Graph!$C$2&\"!$4:$4\",TRUE),0))=0,31,INDEX(INDIRECT(Graph!$C$2&\"!$1:$99999\",TRUE),MATCH(AQ$10,INDIRECT(Graph!$C$2&\"!$A:$A\",TRUE),0),MATCH($A11,INDIRECT(Graph!$C$2&\"!$4:$4\",TRUE),0)))))","v":{"$error":"#N/A"}},{"$f":"IF(ISERR(IF(Graph!$C$4=\"Trend\",IF(IF(OR(COLUMN()<7,COLUMN()>184),NA(),AVERAGE(AQ11:AU11))=\"\",NA(),IF(OR(COLUMN()<7,COLUMN()>184),NA(),AVERAGE(AQ11:AU11))),IF(INDEX(INDIRECT(Graph!$C$2&\"!$1:$99999\",TRUE),MATCH(AR$10,INDIRECT(Graph!$C$2&\"!$A:$A\",TRUE),0),MATCH($A11,INDIRECT(Graph!$C$2&\"!$4:$4\",TRUE),0))=0,31,INDEX(INDIRECT(Graph!$C$2&\"!$1:$99999\",TRUE),MATCH(AR$10,INDIRECT(Graph!$C$2&\"!$A:$A\",TRUE),0),MATCH($A11,INDIRECT(Graph!$C$2&\"!$4:$4\",TRUE),0))))),NA(),IF(Graph!$C$4=\"Trend\",IF(IF(OR(COLUMN()<7,COLUMN()>184),NA(),AVERAGE(AQ11:AU11))=\"\",NA(),IF(OR(COLUMN()<7,COLUMN()>184),NA(),AVERAGE(AQ11:AU11))),IF(INDEX(INDIRECT(Graph!$C$2&\"!$1:$99999\",TRUE),MATCH(AR$10,INDIRECT(Graph!$C$2&\"!$A:$A\",TRUE),0),MATCH($A11,INDIRECT(Graph!$C$2&\"!$4:$4\",TRUE),0))=0,31,INDEX(INDIRECT(Graph!$C$2&\"!$1:$99999\",TRUE),MATCH(AR$10,INDIRECT(Graph!$C$2&\"!$A:$A\",TRUE),0),MATCH($A11,INDIRECT(Graph!$C$2&\"!$4:$4\",TRUE),0)))))","v":{"$error":"#N/A"}},{"$f":"IF(ISERR(IF(Graph!$C$4=\"Trend\",IF(IF(OR(COLUMN()<7,COLUMN()>184),NA(),AVERAGE(AR11:AV11))=\"\",NA(),IF(OR(COLUMN()<7,COLUMN()>184),NA(),AVERAGE(AR11:AV11))),IF(INDEX(INDIRECT(Graph!$C$2&\"!$1:$99999\",TRUE),MATCH(AS$10,INDIRECT(Graph!$C$2&\"!$A:$A\",TRUE),0),MATCH($A11,INDIRECT(Graph!$C$2&\"!$4:$4\",TRUE),0))=0,31,INDEX(INDIRECT(Graph!$C$2&\"!$1:$99999\",TRUE),MATCH(AS$10,INDIRECT(Graph!$C$2&\"!$A:$A\",TRUE),0),MATCH($A11,INDIRECT(Graph!$C$2&\"!$4:$4\",TRUE),0))))),NA(),IF(Graph!$C$4=\"Trend\",IF(IF(OR(COLUMN()<7,COLUMN()>184),NA(),AVERAGE(AR11:AV11))=\"\",NA(),IF(OR(COLUMN()<7,COLUMN()>184),NA(),AVERAGE(AR11:AV11))),IF(INDEX(INDIRECT(Graph!$C$2&\"!$1:$99999\",TRUE),MATCH(AS$10,INDIRECT(Graph!$C$2&\"!$A:$A\",TRUE),0),MATCH($A11,INDIRECT(Graph!$C$2&\"!$4:$4\",TRUE),0))=0,31,INDEX(INDIRECT(Graph!$C$2&\"!$1:$99999\",TRUE),MATCH(AS$10,INDIRECT(Graph!$C$2&\"!$A:$A\",TRUE),0),MATCH($A11,INDIRECT(Graph!$C$2&\"!$4:$4\",TRUE),0)))))","v":{"$error":"#N/A"}},{"$f":"IF(ISERR(IF(Graph!$C$4=\"Trend\",IF(IF(OR(COLUMN()<7,COLUMN()>184),NA(),AVERAGE(AS11:AW11))=\"\",NA(),IF(OR(COLUMN()<7,COLUMN()>184),NA(),AVERAGE(AS11:AW11))),IF(INDEX(INDIRECT(Graph!$C$2&\"!$1:$99999\",TRUE),MATCH(AT$10,INDIRECT(Graph!$C$2&\"!$A:$A\",TRUE),0),MATCH($A11,INDIRECT(Graph!$C$2&\"!$4:$4\",TRUE),0))=0,31,INDEX(INDIRECT(Graph!$C$2&\"!$1:$99999\",TRUE),MATCH(AT$10,INDIRECT(Graph!$C$2&\"!$A:$A\",TRUE),0),MATCH($A11,INDIRECT(Graph!$C$2&\"!$4:$4\",TRUE),0))))),NA(),IF(Graph!$C$4=\"Trend\",IF(IF(OR(COLUMN()<7,COLUMN()>184),NA(),AVERAGE(AS11:AW11))=\"\",NA(),IF(OR(COLUMN()<7,COLUMN()>184),NA(),AVERAGE(AS11:AW11))),IF(INDEX(INDIRECT(Graph!$C$2&\"!$1:$99999\",TRUE),MATCH(AT$10,INDIRECT(Graph!$C$2&\"!$A:$A\",TRUE),0),MATCH($A11,INDIRECT(Graph!$C$2&\"!$4:$4\",TRUE),0))=0,31,INDEX(INDIRECT(Graph!$C$2&\"!$1:$99999\",TRUE),MATCH(AT$10,INDIRECT(Graph!$C$2&\"!$A:$A\",TRUE),0),MATCH($A11,INDIRECT(Graph!$C$2&\"!$4:$4\",TRUE),0)))))","v":{"$error":"#N/A"}},{"$f":"IF(ISERR(IF(Graph!$C$4=\"Trend\",IF(IF(OR(COLUMN()<7,COLUMN()>184),NA(),AVERAGE(AT11:AX11))=\"\",NA(),IF(OR(COLUMN()<7,COLUMN()>184),NA(),AVERAGE(AT11:AX11))),IF(INDEX(INDIRECT(Graph!$C$2&\"!$1:$99999\",TRUE),MATCH(AU$10,INDIRECT(Graph!$C$2&\"!$A:$A\",TRUE),0),MATCH($A11,INDIRECT(Graph!$C$2&\"!$4:$4\",TRUE),0))=0,31,INDEX(INDIRECT(Graph!$C$2&\"!$1:$99999\",TRUE),MATCH(AU$10,INDIRECT(Graph!$C$2&\"!$A:$A\",TRUE),0),MATCH($A11,INDIRECT(Graph!$C$2&\"!$4:$4\",TRUE),0))))),NA(),IF(Graph!$C$4=\"Trend\",IF(IF(OR(COLUMN()<7,COLUMN()>184),NA(),AVERAGE(AT11:AX11))=\"\",NA(),IF(OR(COLUMN()<7,COLUMN()>184),NA(),AVERAGE(AT11:AX11))),IF(INDEX(INDIRECT(Graph!$C$2&\"!$1:$99999\",TRUE),MATCH(AU$10,INDIRECT(Graph!$C$2&\"!$A:$A\",TRUE),0),MATCH($A11,INDIRECT(Graph!$C$2&\"!$4:$4\",TRUE),0))=0,31,INDEX(INDIRECT(Graph!$C$2&\"!$1:$99999\",TRUE),MATCH(AU$10,INDIRECT(Graph!$C$2&\"!$A:$A\",TRUE),0),MATCH($A11,INDIRECT(Graph!$C$2&\"!$4:$4\",TRUE),0)))))","v":{"$error":"#N/A"}},{"$f":"IF(ISERR(IF(Graph!$C$4=\"Trend\",IF(IF(OR(COLUMN()<7,COLUMN()>184),NA(),AVERAGE(AU11:AY11))=\"\",NA(),IF(OR(COLUMN()<7,COLUMN()>184),NA(),AVERAGE(AU11:AY11))),IF(INDEX(INDIRECT(Graph!$C$2&\"!$1:$99999\",TRUE),MATCH(AV$10,INDIRECT(Graph!$C$2&\"!$A:$A\",TRUE),0),MATCH($A11,INDIRECT(Graph!$C$2&\"!$4:$4\",TRUE),0))=0,31,INDEX(INDIRECT(Graph!$C$2&\"!$1:$99999\",TRUE),MATCH(AV$10,INDIRECT(Graph!$C$2&\"!$A:$A\",TRUE),0),MATCH($A11,INDIRECT(Graph!$C$2&\"!$4:$4\",TRUE),0))))),NA(),IF(Graph!$C$4=\"Trend\",IF(IF(OR(COLUMN()<7,COLUMN()>184),NA(),AVERAGE(AU11:AY11))=\"\",NA(),IF(OR(COLUMN()<7,COLUMN()>184),NA(),AVERAGE(AU11:AY11))),IF(INDEX(INDIRECT(Graph!$C$2&\"!$1:$99999\",TRUE),MATCH(AV$10,INDIRECT(Graph!$C$2&\"!$A:$A\",TRUE),0),MATCH($A11,INDIRECT(Graph!$C$2&\"!$4:$4\",TRUE),0))=0,31,INDEX(INDIRECT(Graph!$C$2&\"!$1:$99999\",TRUE),MATCH(AV$10,INDIRECT(Graph!$C$2&\"!$A:$A\",TRUE),0),MATCH($A11,INDIRECT(Graph!$C$2&\"!$4:$4\",TRUE),0)))))","v":{"$error":"#N/A"}},{"$f":"IF(ISERR(IF(Graph!$C$4=\"Trend\",IF(IF(OR(COLUMN()<7,COLUMN()>184),NA(),AVERAGE(AV11:AZ11))=\"\",NA(),IF(OR(COLUMN()<7,COLUMN()>184),NA(),AVERAGE(AV11:AZ11))),IF(INDEX(INDIRECT(Graph!$C$2&\"!$1:$99999\",TRUE),MATCH(AW$10,INDIRECT(Graph!$C$2&\"!$A:$A\",TRUE),0),MATCH($A11,INDIRECT(Graph!$C$2&\"!$4:$4\",TRUE),0))=0,31,INDEX(INDIRECT(Graph!$C$2&\"!$1:$99999\",TRUE),MATCH(AW$10,INDIRECT(Graph!$C$2&\"!$A:$A\",TRUE),0),MATCH($A11,INDIRECT(Graph!$C$2&\"!$4:$4\",TRUE),0))))),NA(),IF(Graph!$C$4=\"Trend\",IF(IF(OR(COLUMN()<7,COLUMN()>184),NA(),AVERAGE(AV11:AZ11))=\"\",NA(),IF(OR(COLUMN()<7,COLUMN()>184),NA(),AVERAGE(AV11:AZ11))),IF(INDEX(INDIRECT(Graph!$C$2&\"!$1:$99999\",TRUE),MATCH(AW$10,INDIRECT(Graph!$C$2&\"!$A:$A\",TRUE),0),MATCH($A11,INDIRECT(Graph!$C$2&\"!$4:$4\",TRUE),0))=0,31,INDEX(INDIRECT(Graph!$C$2&\"!$1:$99999\",TRUE),MATCH(AW$10,INDIRECT(Graph!$C$2&\"!$A:$A\",TRUE),0),MATCH($A11,INDIRECT(Graph!$C$2&\"!$4:$4\",TRUE),0)))))","v":{"$error":"#N/A"}},{"$f":"IF(ISERR(IF(Graph!$C$4=\"Trend\",IF(IF(OR(COLUMN()<7,COLUMN()>184),NA(),AVERAGE(AW11:BA11))=\"\",NA(),IF(OR(COLUMN()<7,COLUMN()>184),NA(),AVERAGE(AW11:BA11))),IF(INDEX(INDIRECT(Graph!$C$2&\"!$1:$99999\",TRUE),MATCH(AX$10,INDIRECT(Graph!$C$2&\"!$A:$A\",TRUE),0),MATCH($A11,INDIRECT(Graph!$C$2&\"!$4:$4\",TRUE),0))=0,31,INDEX(INDIRECT(Graph!$C$2&\"!$1:$99999\",TRUE),MATCH(AX$10,INDIRECT(Graph!$C$2&\"!$A:$A\",TRUE),0),MATCH($A11,INDIRECT(Graph!$C$2&\"!$4:$4\",TRUE),0))))),NA(),IF(Graph!$C$4=\"Trend\",IF(IF(OR(COLUMN()<7,COLUMN()>184),NA(),AVERAGE(AW11:BA11))=\"\",NA(),IF(OR(COLUMN()<7,COLUMN()>184),NA(),AVERAGE(AW11:BA11))),IF(INDEX(INDIRECT(Graph!$C$2&\"!$1:$99999\",TRUE),MATCH(AX$10,INDIRECT(Graph!$C$2&\"!$A:$A\",TRUE),0),MATCH($A11,INDIRECT(Graph!$C$2&\"!$4:$4\",TRUE),0))=0,31,INDEX(INDIRECT(Graph!$C$2&\"!$1:$99999\",TRUE),MATCH(AX$10,INDIRECT(Graph!$C$2&\"!$A:$A\",TRUE),0),MATCH($A11,INDIRECT(Graph!$C$2&\"!$4:$4\",TRUE),0)))))","v":{"$error":"#N/A"}},{"$f":"IF(ISERR(IF(Graph!$C$4=\"Trend\",IF(IF(OR(COLUMN()<7,COLUMN()>184),NA(),AVERAGE(AX11:BB11))=\"\",NA(),IF(OR(COLUMN()<7,COLUMN()>184),NA(),AVERAGE(AX11:BB11))),IF(INDEX(INDIRECT(Graph!$C$2&\"!$1:$99999\",TRUE),MATCH(AY$10,INDIRECT(Graph!$C$2&\"!$A:$A\",TRUE),0),MATCH($A11,INDIRECT(Graph!$C$2&\"!$4:$4\",TRUE),0))=0,31,INDEX(INDIRECT(Graph!$C$2&\"!$1:$99999\",TRUE),MATCH(AY$10,INDIRECT(Graph!$C$2&\"!$A:$A\",TRUE),0),MATCH($A11,INDIRECT(Graph!$C$2&\"!$4:$4\",TRUE),0))))),NA(),IF(Graph!$C$4=\"Trend\",IF(IF(OR(COLUMN()<7,COLUMN()>184),NA(),AVERAGE(AX11:BB11))=\"\",NA(),IF(OR(COLUMN()<7,COLUMN()>184),NA(),AVERAGE(AX11:BB11))),IF(INDEX(INDIRECT(Graph!$C$2&\"!$1:$99999\",TRUE),MATCH(AY$10,INDIRECT(Graph!$C$2&\"!$A:$A\",TRUE),0),MATCH($A11,INDIRECT(Graph!$C$2&\"!$4:$4\",TRUE),0))=0,31,INDEX(INDIRECT(Graph!$C$2&\"!$1:$99999\",TRUE),MATCH(AY$10,INDIRECT(Graph!$C$2&\"!$A:$A\",TRUE),0),MATCH($A11,INDIRECT(Graph!$C$2&\"!$4:$4\",TRUE),0)))))","v":{"$error":"#N/A"}},{"$f":"IF(ISERR(IF(Graph!$C$4=\"Trend\",IF(IF(OR(COLUMN()<7,COLUMN()>184),NA(),AVERAGE(AY11:BC11))=\"\",NA(),IF(OR(COLUMN()<7,COLUMN()>184),NA(),AVERAGE(AY11:BC11))),IF(INDEX(INDIRECT(Graph!$C$2&\"!$1:$99999\",TRUE),MATCH(AZ$10,INDIRECT(Graph!$C$2&\"!$A:$A\",TRUE),0),MATCH($A11,INDIRECT(Graph!$C$2&\"!$4:$4\",TRUE),0))=0,31,INDEX(INDIRECT(Graph!$C$2&\"!$1:$99999\",TRUE),MATCH(AZ$10,INDIRECT(Graph!$C$2&\"!$A:$A\",TRUE),0),MATCH($A11,INDIRECT(Graph!$C$2&\"!$4:$4\",TRUE),0))))),NA(),IF(Graph!$C$4=\"Trend\",IF(IF(OR(COLUMN()<7,COLUMN()>184),NA(),AVERAGE(AY11:BC11))=\"\",NA(),IF(OR(COLUMN()<7,COLUMN()>184),NA(),AVERAGE(AY11:BC11))),IF(INDEX(INDIRECT(Graph!$C$2&\"!$1:$99999\",TRUE),MATCH(AZ$10,INDIRECT(Graph!$C$2&\"!$A:$A\",TRUE),0),MATCH($A11,INDIRECT(Graph!$C$2&\"!$4:$4\",TRUE),0))=0,31,INDEX(INDIRECT(Graph!$C$2&\"!$1:$99999\",TRUE),MATCH(AZ$10,INDIRECT(Graph!$C$2&\"!$A:$A\",TRUE),0),MATCH($A11,INDIRECT(Graph!$C$2&\"!$4:$4\",TRUE),0)))))","v":{"$error":"#N/A"}},{"$f":"IF(ISERR(IF(Graph!$C$4=\"Trend\",IF(IF(OR(COLUMN()<7,COLUMN()>184),NA(),AVERAGE(AZ11:BD11))=\"\",NA(),IF(OR(COLUMN()<7,COLUMN()>184),NA(),AVERAGE(AZ11:BD11))),IF(INDEX(INDIRECT(Graph!$C$2&\"!$1:$99999\",TRUE),MATCH(BA$10,INDIRECT(Graph!$C$2&\"!$A:$A\",TRUE),0),MATCH($A11,INDIRECT(Graph!$C$2&\"!$4:$4\",TRUE),0))=0,31,INDEX(INDIRECT(Graph!$C$2&\"!$1:$99999\",TRUE),MATCH(BA$10,INDIRECT(Graph!$C$2&\"!$A:$A\",TRUE),0),MATCH($A11,INDIRECT(Graph!$C$2&\"!$4:$4\",TRUE),0))))),NA(),IF(Graph!$C$4=\"Trend\",IF(IF(OR(COLUMN()<7,COLUMN()>184),NA(),AVERAGE(AZ11:BD11))=\"\",NA(),IF(OR(COLUMN()<7,COLUMN()>184),NA(),AVERAGE(AZ11:BD11))),IF(INDEX(INDIRECT(Graph!$C$2&\"!$1:$99999\",TRUE),MATCH(BA$10,INDIRECT(Graph!$C$2&\"!$A:$A\",TRUE),0),MATCH($A11,INDIRECT(Graph!$C$2&\"!$4:$4\",TRUE),0))=0,31,INDEX(INDIRECT(Graph!$C$2&\"!$1:$99999\",TRUE),MATCH(BA$10,INDIRECT(Graph!$C$2&\"!$A:$A\",TRUE),0),MATCH($A11,INDIRECT(Graph!$C$2&\"!$4:$4\",TRUE),0)))))","v":{"$error":"#N/A"}},{"$f":"IF(ISERR(IF(Graph!$C$4=\"Trend\",IF(IF(OR(COLUMN()<7,COLUMN()>184),NA(),AVERAGE(BA11:BE11))=\"\",NA(),IF(OR(COLUMN()<7,COLUMN()>184),NA(),AVERAGE(BA11:BE11))),IF(INDEX(INDIRECT(Graph!$C$2&\"!$1:$99999\",TRUE),MATCH(BB$10,INDIRECT(Graph!$C$2&\"!$A:$A\",TRUE),0),MATCH($A11,INDIRECT(Graph!$C$2&\"!$4:$4\",TRUE),0))=0,31,INDEX(INDIRECT(Graph!$C$2&\"!$1:$99999\",TRUE),MATCH(BB$10,INDIRECT(Graph!$C$2&\"!$A:$A\",TRUE),0),MATCH($A11,INDIRECT(Graph!$C$2&\"!$4:$4\",TRUE),0))))),NA(),IF(Graph!$C$4=\"Trend\",IF(IF(OR(COLUMN()<7,COLUMN()>184),NA(),AVERAGE(BA11:BE11))=\"\",NA(),IF(OR(COLUMN()<7,COLUMN()>184),NA(),AVERAGE(BA11:BE11))),IF(INDEX(INDIRECT(Graph!$C$2&\"!$1:$99999\",TRUE),MATCH(BB$10,INDIRECT(Graph!$C$2&\"!$A:$A\",TRUE),0),MATCH($A11,INDIRECT(Graph!$C$2&\"!$4:$4\",TRUE),0))=0,31,INDEX(INDIRECT(Graph!$C$2&\"!$1:$99999\",TRUE),MATCH(BB$10,INDIRECT(Graph!$C$2&\"!$A:$A\",TRUE),0),MATCH($A11,INDIRECT(Graph!$C$2&\"!$4:$4\",TRUE),0)))))","v":{"$error":"#N/A"}},{"$f":"IF(ISERR(IF(Graph!$C$4=\"Trend\",IF(IF(OR(COLUMN()<7,COLUMN()>184),NA(),AVERAGE(BB11:BF11))=\"\",NA(),IF(OR(COLUMN()<7,COLUMN()>184),NA(),AVERAGE(BB11:BF11))),IF(INDEX(INDIRECT(Graph!$C$2&\"!$1:$99999\",TRUE),MATCH(BC$10,INDIRECT(Graph!$C$2&\"!$A:$A\",TRUE),0),MATCH($A11,INDIRECT(Graph!$C$2&\"!$4:$4\",TRUE),0))=0,31,INDEX(INDIRECT(Graph!$C$2&\"!$1:$99999\",TRUE),MATCH(BC$10,INDIRECT(Graph!$C$2&\"!$A:$A\",TRUE),0),MATCH($A11,INDIRECT(Graph!$C$2&\"!$4:$4\",TRUE),0))))),NA(),IF(Graph!$C$4=\"Trend\",IF(IF(OR(COLUMN()<7,COLUMN()>184),NA(),AVERAGE(BB11:BF11))=\"\",NA(),IF(OR(COLUMN()<7,COLUMN()>184),NA(),AVERAGE(BB11:BF11))),IF(INDEX(INDIRECT(Graph!$C$2&\"!$1:$99999\",TRUE),MATCH(BC$10,INDIRECT(Graph!$C$2&\"!$A:$A\",TRUE),0),MATCH($A11,INDIRECT(Graph!$C$2&\"!$4:$4\",TRUE),0))=0,31,INDEX(INDIRECT(Graph!$C$2&\"!$1:$99999\",TRUE),MATCH(BC$10,INDIRECT(Graph!$C$2&\"!$A:$A\",TRUE),0),MATCH($A11,INDIRECT(Graph!$C$2&\"!$4:$4\",TRUE),0)))))","v":{"$error":"#N/A"}},{"$f":"IF(ISERR(IF(Graph!$C$4=\"Trend\",IF(IF(OR(COLUMN()<7,COLUMN()>184),NA(),AVERAGE(BC11:BG11))=\"\",NA(),IF(OR(COLUMN()<7,COLUMN()>184),NA(),AVERAGE(BC11:BG11))),IF(INDEX(INDIRECT(Graph!$C$2&\"!$1:$99999\",TRUE),MATCH(BD$10,INDIRECT(Graph!$C$2&\"!$A:$A\",TRUE),0),MATCH($A11,INDIRECT(Graph!$C$2&\"!$4:$4\",TRUE),0))=0,31,INDEX(INDIRECT(Graph!$C$2&\"!$1:$99999\",TRUE),MATCH(BD$10,INDIRECT(Graph!$C$2&\"!$A:$A\",TRUE),0),MATCH($A11,INDIRECT(Graph!$C$2&\"!$4:$4\",TRUE),0))))),NA(),IF(Graph!$C$4=\"Trend\",IF(IF(OR(COLUMN()<7,COLUMN()>184),NA(),AVERAGE(BC11:BG11))=\"\",NA(),IF(OR(COLUMN()<7,COLUMN()>184),NA(),AVERAGE(BC11:BG11))),IF(INDEX(INDIRECT(Graph!$C$2&\"!$1:$99999\",TRUE),MATCH(BD$10,INDIRECT(Graph!$C$2&\"!$A:$A\",TRUE),0),MATCH($A11,INDIRECT(Graph!$C$2&\"!$4:$4\",TRUE),0))=0,31,INDEX(INDIRECT(Graph!$C$2&\"!$1:$99999\",TRUE),MATCH(BD$10,INDIRECT(Graph!$C$2&\"!$A:$A\",TRUE),0),MATCH($A11,INDIRECT(Graph!$C$2&\"!$4:$4\",TRUE),0)))))","v":{"$error":"#N/A"}},{"$f":"IF(ISERR(IF(Graph!$C$4=\"Trend\",IF(IF(OR(COLUMN()<7,COLUMN()>184),NA(),AVERAGE(BD11:BH11))=\"\",NA(),IF(OR(COLUMN()<7,COLUMN()>184),NA(),AVERAGE(BD11:BH11))),IF(INDEX(INDIRECT(Graph!$C$2&\"!$1:$99999\",TRUE),MATCH(BE$10,INDIRECT(Graph!$C$2&\"!$A:$A\",TRUE),0),MATCH($A11,INDIRECT(Graph!$C$2&\"!$4:$4\",TRUE),0))=0,31,INDEX(INDIRECT(Graph!$C$2&\"!$1:$99999\",TRUE),MATCH(BE$10,INDIRECT(Graph!$C$2&\"!$A:$A\",TRUE),0),MATCH($A11,INDIRECT(Graph!$C$2&\"!$4:$4\",TRUE),0))))),NA(),IF(Graph!$C$4=\"Trend\",IF(IF(OR(COLUMN()<7,COLUMN()>184),NA(),AVERAGE(BD11:BH11))=\"\",NA(),IF(OR(COLUMN()<7,COLUMN()>184),NA(),AVERAGE(BD11:BH11))),IF(INDEX(INDIRECT(Graph!$C$2&\"!$1:$99999\",TRUE),MATCH(BE$10,INDIRECT(Graph!$C$2&\"!$A:$A\",TRUE),0),MATCH($A11,INDIRECT(Graph!$C$2&\"!$4:$4\",TRUE),0))=0,31,INDEX(INDIRECT(Graph!$C$2&\"!$1:$99999\",TRUE),MATCH(BE$10,INDIRECT(Graph!$C$2&\"!$A:$A\",TRUE),0),MATCH($A11,INDIRECT(Graph!$C$2&\"!$4:$4\",TRUE),0)))))","v":{"$error":"#N/A"}},{"$f":"IF(ISERR(IF(Graph!$C$4=\"Trend\",IF(IF(OR(COLUMN()<7,COLUMN()>184),NA(),AVERAGE(BE11:BI11))=\"\",NA(),IF(OR(COLUMN()<7,COLUMN()>184),NA(),AVERAGE(BE11:BI11))),IF(INDEX(INDIRECT(Graph!$C$2&\"!$1:$99999\",TRUE),MATCH(BF$10,INDIRECT(Graph!$C$2&\"!$A:$A\",TRUE),0),MATCH($A11,INDIRECT(Graph!$C$2&\"!$4:$4\",TRUE),0))=0,31,INDEX(INDIRECT(Graph!$C$2&\"!$1:$99999\",TRUE),MATCH(BF$10,INDIRECT(Graph!$C$2&\"!$A:$A\",TRUE),0),MATCH($A11,INDIRECT(Graph!$C$2&\"!$4:$4\",TRUE),0))))),NA(),IF(Graph!$C$4=\"Trend\",IF(IF(OR(COLUMN()<7,COLUMN()>184),NA(),AVERAGE(BE11:BI11))=\"\",NA(),IF(OR(COLUMN()<7,COLUMN()>184),NA(),AVERAGE(BE11:BI11))),IF(INDEX(INDIRECT(Graph!$C$2&\"!$1:$99999\",TRUE),MATCH(BF$10,INDIRECT(Graph!$C$2&\"!$A:$A\",TRUE),0),MATCH($A11,INDIRECT(Graph!$C$2&\"!$4:$4\",TRUE),0))=0,31,INDEX(INDIRECT(Graph!$C$2&\"!$1:$99999\",TRUE),MATCH(BF$10,INDIRECT(Graph!$C$2&\"!$A:$A\",TRUE),0),MATCH($A11,INDIRECT(Graph!$C$2&\"!$4:$4\",TRUE),0)))))","v":{"$error":"#N/A"}},{"$f":"IF(ISERR(IF(Graph!$C$4=\"Trend\",IF(IF(OR(COLUMN()<7,COLUMN()>184),NA(),AVERAGE(BF11:BJ11))=\"\",NA(),IF(OR(COLUMN()<7,COLUMN()>184),NA(),AVERAGE(BF11:BJ11))),IF(INDEX(INDIRECT(Graph!$C$2&\"!$1:$99999\",TRUE),MATCH(BG$10,INDIRECT(Graph!$C$2&\"!$A:$A\",TRUE),0),MATCH($A11,INDIRECT(Graph!$C$2&\"!$4:$4\",TRUE),0))=0,31,INDEX(INDIRECT(Graph!$C$2&\"!$1:$99999\",TRUE),MATCH(BG$10,INDIRECT(Graph!$C$2&\"!$A:$A\",TRUE),0),MATCH($A11,INDIRECT(Graph!$C$2&\"!$4:$4\",TRUE),0))))),NA(),IF(Graph!$C$4=\"Trend\",IF(IF(OR(COLUMN()<7,COLUMN()>184),NA(),AVERAGE(BF11:BJ11))=\"\",NA(),IF(OR(COLUMN()<7,COLUMN()>184),NA(),AVERAGE(BF11:BJ11))),IF(INDEX(INDIRECT(Graph!$C$2&\"!$1:$99999\",TRUE),MATCH(BG$10,INDIRECT(Graph!$C$2&\"!$A:$A\",TRUE),0),MATCH($A11,INDIRECT(Graph!$C$2&\"!$4:$4\",TRUE),0))=0,31,INDEX(INDIRECT(Graph!$C$2&\"!$1:$99999\",TRUE),MATCH(BG$10,INDIRECT(Graph!$C$2&\"!$A:$A\",TRUE),0),MATCH($A11,INDIRECT(Graph!$C$2&\"!$4:$4\",TRUE),0)))))","v":{"$error":"#N/A"}},{"$f":"IF(ISERR(IF(Graph!$C$4=\"Trend\",IF(IF(OR(COLUMN()<7,COLUMN()>184),NA(),AVERAGE(BG11:BK11))=\"\",NA(),IF(OR(COLUMN()<7,COLUMN()>184),NA(),AVERAGE(BG11:BK11))),IF(INDEX(INDIRECT(Graph!$C$2&\"!$1:$99999\",TRUE),MATCH(BH$10,INDIRECT(Graph!$C$2&\"!$A:$A\",TRUE),0),MATCH($A11,INDIRECT(Graph!$C$2&\"!$4:$4\",TRUE),0))=0,31,INDEX(INDIRECT(Graph!$C$2&\"!$1:$99999\",TRUE),MATCH(BH$10,INDIRECT(Graph!$C$2&\"!$A:$A\",TRUE),0),MATCH($A11,INDIRECT(Graph!$C$2&\"!$4:$4\",TRUE),0))))),NA(),IF(Graph!$C$4=\"Trend\",IF(IF(OR(COLUMN()<7,COLUMN()>184),NA(),AVERAGE(BG11:BK11))=\"\",NA(),IF(OR(COLUMN()<7,COLUMN()>184),NA(),AVERAGE(BG11:BK11))),IF(INDEX(INDIRECT(Graph!$C$2&\"!$1:$99999\",TRUE),MATCH(BH$10,INDIRECT(Graph!$C$2&\"!$A:$A\",TRUE),0),MATCH($A11,INDIRECT(Graph!$C$2&\"!$4:$4\",TRUE),0))=0,31,INDEX(INDIRECT(Graph!$C$2&\"!$1:$99999\",TRUE),MATCH(BH$10,INDIRECT(Graph!$C$2&\"!$A:$A\",TRUE),0),MATCH($A11,INDIRECT(Graph!$C$2&\"!$4:$4\",TRUE),0)))))","v":{"$error":"#N/A"}},{"$f":"IF(ISERR(IF(Graph!$C$4=\"Trend\",IF(IF(OR(COLUMN()<7,COLUMN()>184),NA(),AVERAGE(BH11:BL11))=\"\",NA(),IF(OR(COLUMN()<7,COLUMN()>184),NA(),AVERAGE(BH11:BL11))),IF(INDEX(INDIRECT(Graph!$C$2&\"!$1:$99999\",TRUE),MATCH(BI$10,INDIRECT(Graph!$C$2&\"!$A:$A\",TRUE),0),MATCH($A11,INDIRECT(Graph!$C$2&\"!$4:$4\",TRUE),0))=0,31,INDEX(INDIRECT(Graph!$C$2&\"!$1:$99999\",TRUE),MATCH(BI$10,INDIRECT(Graph!$C$2&\"!$A:$A\",TRUE),0),MATCH($A11,INDIRECT(Graph!$C$2&\"!$4:$4\",TRUE),0))))),NA(),IF(Graph!$C$4=\"Trend\",IF(IF(OR(COLUMN()<7,COLUMN()>184),NA(),AVERAGE(BH11:BL11))=\"\",NA(),IF(OR(COLUMN()<7,COLUMN()>184),NA(),AVERAGE(BH11:BL11))),IF(INDEX(INDIRECT(Graph!$C$2&\"!$1:$99999\",TRUE),MATCH(BI$10,INDIRECT(Graph!$C$2&\"!$A:$A\",TRUE),0),MATCH($A11,INDIRECT(Graph!$C$2&\"!$4:$4\",TRUE),0))=0,31,INDEX(INDIRECT(Graph!$C$2&\"!$1:$99999\",TRUE),MATCH(BI$10,INDIRECT(Graph!$C$2&\"!$A:$A\",TRUE),0),MATCH($A11,INDIRECT(Graph!$C$2&\"!$4:$4\",TRUE),0)))))","v":{"$error":"#N/A"}},{"$f":"IF(ISERR(IF(Graph!$C$4=\"Trend\",IF(IF(OR(COLUMN()<7,COLUMN()>184),NA(),AVERAGE(BI11:BM11))=\"\",NA(),IF(OR(COLUMN()<7,COLUMN()>184),NA(),AVERAGE(BI11:BM11))),IF(INDEX(INDIRECT(Graph!$C$2&\"!$1:$99999\",TRUE),MATCH(BJ$10,INDIRECT(Graph!$C$2&\"!$A:$A\",TRUE),0),MATCH($A11,INDIRECT(Graph!$C$2&\"!$4:$4\",TRUE),0))=0,31,INDEX(INDIRECT(Graph!$C$2&\"!$1:$99999\",TRUE),MATCH(BJ$10,INDIRECT(Graph!$C$2&\"!$A:$A\",TRUE),0),MATCH($A11,INDIRECT(Graph!$C$2&\"!$4:$4\",TRUE),0))))),NA(),IF(Graph!$C$4=\"Trend\",IF(IF(OR(COLUMN()<7,COLUMN()>184),NA(),AVERAGE(BI11:BM11))=\"\",NA(),IF(OR(COLUMN()<7,COLUMN()>184),NA(),AVERAGE(BI11:BM11))),IF(INDEX(INDIRECT(Graph!$C$2&\"!$1:$99999\",TRUE),MATCH(BJ$10,INDIRECT(Graph!$C$2&\"!$A:$A\",TRUE),0),MATCH($A11,INDIRECT(Graph!$C$2&\"!$4:$4\",TRUE),0))=0,31,INDEX(INDIRECT(Graph!$C$2&\"!$1:$99999\",TRUE),MATCH(BJ$10,INDIRECT(Graph!$C$2&\"!$A:$A\",TRUE),0),MATCH($A11,INDIRECT(Graph!$C$2&\"!$4:$4\",TRUE),0)))))","v":{"$error":"#N/A"}},{"$f":"IF(ISERR(IF(Graph!$C$4=\"Trend\",IF(IF(OR(COLUMN()<7,COLUMN()>184),NA(),AVERAGE(BJ11:BN11))=\"\",NA(),IF(OR(COLUMN()<7,COLUMN()>184),NA(),AVERAGE(BJ11:BN11))),IF(INDEX(INDIRECT(Graph!$C$2&\"!$1:$99999\",TRUE),MATCH(BK$10,INDIRECT(Graph!$C$2&\"!$A:$A\",TRUE),0),MATCH($A11,INDIRECT(Graph!$C$2&\"!$4:$4\",TRUE),0))=0,31,INDEX(INDIRECT(Graph!$C$2&\"!$1:$99999\",TRUE),MATCH(BK$10,INDIRECT(Graph!$C$2&\"!$A:$A\",TRUE),0),MATCH($A11,INDIRECT(Graph!$C$2&\"!$4:$4\",TRUE),0))))),NA(),IF(Graph!$C$4=\"Trend\",IF(IF(OR(COLUMN()<7,COLUMN()>184),NA(),AVERAGE(BJ11:BN11))=\"\",NA(),IF(OR(COLUMN()<7,COLUMN()>184),NA(),AVERAGE(BJ11:BN11))),IF(INDEX(INDIRECT(Graph!$C$2&\"!$1:$99999\",TRUE),MATCH(BK$10,INDIRECT(Graph!$C$2&\"!$A:$A\",TRUE),0),MATCH($A11,INDIRECT(Graph!$C$2&\"!$4:$4\",TRUE),0))=0,31,INDEX(INDIRECT(Graph!$C$2&\"!$1:$99999\",TRUE),MATCH(BK$10,INDIRECT(Graph!$C$2&\"!$A:$A\",TRUE),0),MATCH($A11,INDIRECT(Graph!$C$2&\"!$4:$4\",TRUE),0)))))","v":{"$error":"#N/A"}},{"$f":"IF(ISERR(IF(Graph!$C$4=\"Trend\",IF(IF(OR(COLUMN()<7,COLUMN()>184),NA(),AVERAGE(BK11:BO11))=\"\",NA(),IF(OR(COLUMN()<7,COLUMN()>184),NA(),AVERAGE(BK11:BO11))),IF(INDEX(INDIRECT(Graph!$C$2&\"!$1:$99999\",TRUE),MATCH(BL$10,INDIRECT(Graph!$C$2&\"!$A:$A\",TRUE),0),MATCH($A11,INDIRECT(Graph!$C$2&\"!$4:$4\",TRUE),0))=0,31,INDEX(INDIRECT(Graph!$C$2&\"!$1:$99999\",TRUE),MATCH(BL$10,INDIRECT(Graph!$C$2&\"!$A:$A\",TRUE),0),MATCH($A11,INDIRECT(Graph!$C$2&\"!$4:$4\",TRUE),0))))),NA(),IF(Graph!$C$4=\"Trend\",IF(IF(OR(COLUMN()<7,COLUMN()>184),NA(),AVERAGE(BK11:BO11))=\"\",NA(),IF(OR(COLUMN()<7,COLUMN()>184),NA(),AVERAGE(BK11:BO11))),IF(INDEX(INDIRECT(Graph!$C$2&\"!$1:$99999\",TRUE),MATCH(BL$10,INDIRECT(Graph!$C$2&\"!$A:$A\",TRUE),0),MATCH($A11,INDIRECT(Graph!$C$2&\"!$4:$4\",TRUE),0))=0,31,INDEX(INDIRECT(Graph!$C$2&\"!$1:$99999\",TRUE),MATCH(BL$10,INDIRECT(Graph!$C$2&\"!$A:$A\",TRUE),0),MATCH($A11,INDIRECT(Graph!$C$2&\"!$4:$4\",TRUE),0)))))","v":{"$error":"#N/A"}},{"$f":"IF(ISERR(IF(Graph!$C$4=\"Trend\",IF(IF(OR(COLUMN()<7,COLUMN()>184),NA(),AVERAGE(BL11:BP11))=\"\",NA(),IF(OR(COLUMN()<7,COLUMN()>184),NA(),AVERAGE(BL11:BP11))),IF(INDEX(INDIRECT(Graph!$C$2&\"!$1:$99999\",TRUE),MATCH(BM$10,INDIRECT(Graph!$C$2&\"!$A:$A\",TRUE),0),MATCH($A11,INDIRECT(Graph!$C$2&\"!$4:$4\",TRUE),0))=0,31,INDEX(INDIRECT(Graph!$C$2&\"!$1:$99999\",TRUE),MATCH(BM$10,INDIRECT(Graph!$C$2&\"!$A:$A\",TRUE),0),MATCH($A11,INDIRECT(Graph!$C$2&\"!$4:$4\",TRUE),0))))),NA(),IF(Graph!$C$4=\"Trend\",IF(IF(OR(COLUMN()<7,COLUMN()>184),NA(),AVERAGE(BL11:BP11))=\"\",NA(),IF(OR(COLUMN()<7,COLUMN()>184),NA(),AVERAGE(BL11:BP11))),IF(INDEX(INDIRECT(Graph!$C$2&\"!$1:$99999\",TRUE),MATCH(BM$10,INDIRECT(Graph!$C$2&\"!$A:$A\",TRUE),0),MATCH($A11,INDIRECT(Graph!$C$2&\"!$4:$4\",TRUE),0))=0,31,INDEX(INDIRECT(Graph!$C$2&\"!$1:$99999\",TRUE),MATCH(BM$10,INDIRECT(Graph!$C$2&\"!$A:$A\",TRUE),0),MATCH($A11,INDIRECT(Graph!$C$2&\"!$4:$4\",TRUE),0)))))","v":{"$error":"#N/A"}},{"$f":"IF(ISERR(IF(Graph!$C$4=\"Trend\",IF(IF(OR(COLUMN()<7,COLUMN()>184),NA(),AVERAGE(BM11:BQ11))=\"\",NA(),IF(OR(COLUMN()<7,COLUMN()>184),NA(),AVERAGE(BM11:BQ11))),IF(INDEX(INDIRECT(Graph!$C$2&\"!$1:$99999\",TRUE),MATCH(BN$10,INDIRECT(Graph!$C$2&\"!$A:$A\",TRUE),0),MATCH($A11,INDIRECT(Graph!$C$2&\"!$4:$4\",TRUE),0))=0,31,INDEX(INDIRECT(Graph!$C$2&\"!$1:$99999\",TRUE),MATCH(BN$10,INDIRECT(Graph!$C$2&\"!$A:$A\",TRUE),0),MATCH($A11,INDIRECT(Graph!$C$2&\"!$4:$4\",TRUE),0))))),NA(),IF(Graph!$C$4=\"Trend\",IF(IF(OR(COLUMN()<7,COLUMN()>184),NA(),AVERAGE(BM11:BQ11))=\"\",NA(),IF(OR(COLUMN()<7,COLUMN()>184),NA(),AVERAGE(BM11:BQ11))),IF(INDEX(INDIRECT(Graph!$C$2&\"!$1:$99999\",TRUE),MATCH(BN$10,INDIRECT(Graph!$C$2&\"!$A:$A\",TRUE),0),MATCH($A11,INDIRECT(Graph!$C$2&\"!$4:$4\",TRUE),0))=0,31,INDEX(INDIRECT(Graph!$C$2&\"!$1:$99999\",TRUE),MATCH(BN$10,INDIRECT(Graph!$C$2&\"!$A:$A\",TRUE),0),MATCH($A11,INDIRECT(Graph!$C$2&\"!$4:$4\",TRUE),0)))))","v":{"$error":"#N/A"}},{"$f":"IF(ISERR(IF(Graph!$C$4=\"Trend\",IF(IF(OR(COLUMN()<7,COLUMN()>184),NA(),AVERAGE(BN11:BR11))=\"\",NA(),IF(OR(COLUMN()<7,COLUMN()>184),NA(),AVERAGE(BN11:BR11))),IF(INDEX(INDIRECT(Graph!$C$2&\"!$1:$99999\",TRUE),MATCH(BO$10,INDIRECT(Graph!$C$2&\"!$A:$A\",TRUE),0),MATCH($A11,INDIRECT(Graph!$C$2&\"!$4:$4\",TRUE),0))=0,31,INDEX(INDIRECT(Graph!$C$2&\"!$1:$99999\",TRUE),MATCH(BO$10,INDIRECT(Graph!$C$2&\"!$A:$A\",TRUE),0),MATCH($A11,INDIRECT(Graph!$C$2&\"!$4:$4\",TRUE),0))))),NA(),IF(Graph!$C$4=\"Trend\",IF(IF(OR(COLUMN()<7,COLUMN()>184),NA(),AVERAGE(BN11:BR11))=\"\",NA(),IF(OR(COLUMN()<7,COLUMN()>184),NA(),AVERAGE(BN11:BR11))),IF(INDEX(INDIRECT(Graph!$C$2&\"!$1:$99999\",TRUE),MATCH(BO$10,INDIRECT(Graph!$C$2&\"!$A:$A\",TRUE),0),MATCH($A11,INDIRECT(Graph!$C$2&\"!$4:$4\",TRUE),0))=0,31,INDEX(INDIRECT(Graph!$C$2&\"!$1:$99999\",TRUE),MATCH(BO$10,INDIRECT(Graph!$C$2&\"!$A:$A\",TRUE),0),MATCH($A11,INDIRECT(Graph!$C$2&\"!$4:$4\",TRUE),0)))))","v":{"$error":"#N/A"}},{"$f":"IF(ISERR(IF(Graph!$C$4=\"Trend\",IF(IF(OR(COLUMN()<7,COLUMN()>184),NA(),AVERAGE(BO11:BS11))=\"\",NA(),IF(OR(COLUMN()<7,COLUMN()>184),NA(),AVERAGE(BO11:BS11))),IF(INDEX(INDIRECT(Graph!$C$2&\"!$1:$99999\",TRUE),MATCH(BP$10,INDIRECT(Graph!$C$2&\"!$A:$A\",TRUE),0),MATCH($A11,INDIRECT(Graph!$C$2&\"!$4:$4\",TRUE),0))=0,31,INDEX(INDIRECT(Graph!$C$2&\"!$1:$99999\",TRUE),MATCH(BP$10,INDIRECT(Graph!$C$2&\"!$A:$A\",TRUE),0),MATCH($A11,INDIRECT(Graph!$C$2&\"!$4:$4\",TRUE),0))))),NA(),IF(Graph!$C$4=\"Trend\",IF(IF(OR(COLUMN()<7,COLUMN()>184),NA(),AVERAGE(BO11:BS11))=\"\",NA(),IF(OR(COLUMN()<7,COLUMN()>184),NA(),AVERAGE(BO11:BS11))),IF(INDEX(INDIRECT(Graph!$C$2&\"!$1:$99999\",TRUE),MATCH(BP$10,INDIRECT(Graph!$C$2&\"!$A:$A\",TRUE),0),MATCH($A11,INDIRECT(Graph!$C$2&\"!$4:$4\",TRUE),0))=0,31,INDEX(INDIRECT(Graph!$C$2&\"!$1:$99999\",TRUE),MATCH(BP$10,INDIRECT(Graph!$C$2&\"!$A:$A\",TRUE),0),MATCH($A11,INDIRECT(Graph!$C$2&\"!$4:$4\",TRUE),0)))))","v":{"$error":"#N/A"}},{"$f":"IF(ISERR(IF(Graph!$C$4=\"Trend\",IF(IF(OR(COLUMN()<7,COLUMN()>184),NA(),AVERAGE(BP11:BT11))=\"\",NA(),IF(OR(COLUMN()<7,COLUMN()>184),NA(),AVERAGE(BP11:BT11))),IF(INDEX(INDIRECT(Graph!$C$2&\"!$1:$99999\",TRUE),MATCH(BQ$10,INDIRECT(Graph!$C$2&\"!$A:$A\",TRUE),0),MATCH($A11,INDIRECT(Graph!$C$2&\"!$4:$4\",TRUE),0))=0,31,INDEX(INDIRECT(Graph!$C$2&\"!$1:$99999\",TRUE),MATCH(BQ$10,INDIRECT(Graph!$C$2&\"!$A:$A\",TRUE),0),MATCH($A11,INDIRECT(Graph!$C$2&\"!$4:$4\",TRUE),0))))),NA(),IF(Graph!$C$4=\"Trend\",IF(IF(OR(COLUMN()<7,COLUMN()>184),NA(),AVERAGE(BP11:BT11))=\"\",NA(),IF(OR(COLUMN()<7,COLUMN()>184),NA(),AVERAGE(BP11:BT11))),IF(INDEX(INDIRECT(Graph!$C$2&\"!$1:$99999\",TRUE),MATCH(BQ$10,INDIRECT(Graph!$C$2&\"!$A:$A\",TRUE),0),MATCH($A11,INDIRECT(Graph!$C$2&\"!$4:$4\",TRUE),0))=0,31,INDEX(INDIRECT(Graph!$C$2&\"!$1:$99999\",TRUE),MATCH(BQ$10,INDIRECT(Graph!$C$2&\"!$A:$A\",TRUE),0),MATCH($A11,INDIRECT(Graph!$C$2&\"!$4:$4\",TRUE),0)))))","v":{"$error":"#N/A"}},{"$f":"IF(ISERR(IF(Graph!$C$4=\"Trend\",IF(IF(OR(COLUMN()<7,COLUMN()>184),NA(),AVERAGE(BQ11:BU11))=\"\",NA(),IF(OR(COLUMN()<7,COLUMN()>184),NA(),AVERAGE(BQ11:BU11))),IF(INDEX(INDIRECT(Graph!$C$2&\"!$1:$99999\",TRUE),MATCH(BR$10,INDIRECT(Graph!$C$2&\"!$A:$A\",TRUE),0),MATCH($A11,INDIRECT(Graph!$C$2&\"!$4:$4\",TRUE),0))=0,31,INDEX(INDIRECT(Graph!$C$2&\"!$1:$99999\",TRUE),MATCH(BR$10,INDIRECT(Graph!$C$2&\"!$A:$A\",TRUE),0),MATCH($A11,INDIRECT(Graph!$C$2&\"!$4:$4\",TRUE),0))))),NA(),IF(Graph!$C$4=\"Trend\",IF(IF(OR(COLUMN()<7,COLUMN()>184),NA(),AVERAGE(BQ11:BU11))=\"\",NA(),IF(OR(COLUMN()<7,COLUMN()>184),NA(),AVERAGE(BQ11:BU11))),IF(INDEX(INDIRECT(Graph!$C$2&\"!$1:$99999\",TRUE),MATCH(BR$10,INDIRECT(Graph!$C$2&\"!$A:$A\",TRUE),0),MATCH($A11,INDIRECT(Graph!$C$2&\"!$4:$4\",TRUE),0))=0,31,INDEX(INDIRECT(Graph!$C$2&\"!$1:$99999\",TRUE),MATCH(BR$10,INDIRECT(Graph!$C$2&\"!$A:$A\",TRUE),0),MATCH($A11,INDIRECT(Graph!$C$2&\"!$4:$4\",TRUE),0)))))","v":{"$error":"#N/A"}},{"$f":"IF(ISERR(IF(Graph!$C$4=\"Trend\",IF(IF(OR(COLUMN()<7,COLUMN()>184),NA(),AVERAGE(BR11:BV11))=\"\",NA(),IF(OR(COLUMN()<7,COLUMN()>184),NA(),AVERAGE(BR11:BV11))),IF(INDEX(INDIRECT(Graph!$C$2&\"!$1:$99999\",TRUE),MATCH(BS$10,INDIRECT(Graph!$C$2&\"!$A:$A\",TRUE),0),MATCH($A11,INDIRECT(Graph!$C$2&\"!$4:$4\",TRUE),0))=0,31,INDEX(INDIRECT(Graph!$C$2&\"!$1:$99999\",TRUE),MATCH(BS$10,INDIRECT(Graph!$C$2&\"!$A:$A\",TRUE),0),MATCH($A11,INDIRECT(Graph!$C$2&\"!$4:$4\",TRUE),0))))),NA(),IF(Graph!$C$4=\"Trend\",IF(IF(OR(COLUMN()<7,COLUMN()>184),NA(),AVERAGE(BR11:BV11))=\"\",NA(),IF(OR(COLUMN()<7,COLUMN()>184),NA(),AVERAGE(BR11:BV11))),IF(INDEX(INDIRECT(Graph!$C$2&\"!$1:$99999\",TRUE),MATCH(BS$10,INDIRECT(Graph!$C$2&\"!$A:$A\",TRUE),0),MATCH($A11,INDIRECT(Graph!$C$2&\"!$4:$4\",TRUE),0))=0,31,INDEX(INDIRECT(Graph!$C$2&\"!$1:$99999\",TRUE),MATCH(BS$10,INDIRECT(Graph!$C$2&\"!$A:$A\",TRUE),0),MATCH($A11,INDIRECT(Graph!$C$2&\"!$4:$4\",TRUE),0)))))","v":{"$error":"#N/A"}},{"$f":"IF(ISERR(IF(Graph!$C$4=\"Trend\",IF(IF(OR(COLUMN()<7,COLUMN()>184),NA(),AVERAGE(BS11:BW11))=\"\",NA(),IF(OR(COLUMN()<7,COLUMN()>184),NA(),AVERAGE(BS11:BW11))),IF(INDEX(INDIRECT(Graph!$C$2&\"!$1:$99999\",TRUE),MATCH(BT$10,INDIRECT(Graph!$C$2&\"!$A:$A\",TRUE),0),MATCH($A11,INDIRECT(Graph!$C$2&\"!$4:$4\",TRUE),0))=0,31,INDEX(INDIRECT(Graph!$C$2&\"!$1:$99999\",TRUE),MATCH(BT$10,INDIRECT(Graph!$C$2&\"!$A:$A\",TRUE),0),MATCH($A11,INDIRECT(Graph!$C$2&\"!$4:$4\",TRUE),0))))),NA(),IF(Graph!$C$4=\"Trend\",IF(IF(OR(COLUMN()<7,COLUMN()>184),NA(),AVERAGE(BS11:BW11))=\"\",NA(),IF(OR(COLUMN()<7,COLUMN()>184),NA(),AVERAGE(BS11:BW11))),IF(INDEX(INDIRECT(Graph!$C$2&\"!$1:$99999\",TRUE),MATCH(BT$10,INDIRECT(Graph!$C$2&\"!$A:$A\",TRUE),0),MATCH($A11,INDIRECT(Graph!$C$2&\"!$4:$4\",TRUE),0))=0,31,INDEX(INDIRECT(Graph!$C$2&\"!$1:$99999\",TRUE),MATCH(BT$10,INDIRECT(Graph!$C$2&\"!$A:$A\",TRUE),0),MATCH($A11,INDIRECT(Graph!$C$2&\"!$4:$4\",TRUE),0)))))","v":{"$error":"#N/A"}},{"$f":"IF(ISERR(IF(Graph!$C$4=\"Trend\",IF(IF(OR(COLUMN()<7,COLUMN()>184),NA(),AVERAGE(BT11:BX11))=\"\",NA(),IF(OR(COLUMN()<7,COLUMN()>184),NA(),AVERAGE(BT11:BX11))),IF(INDEX(INDIRECT(Graph!$C$2&\"!$1:$99999\",TRUE),MATCH(BU$10,INDIRECT(Graph!$C$2&\"!$A:$A\",TRUE),0),MATCH($A11,INDIRECT(Graph!$C$2&\"!$4:$4\",TRUE),0))=0,31,INDEX(INDIRECT(Graph!$C$2&\"!$1:$99999\",TRUE),MATCH(BU$10,INDIRECT(Graph!$C$2&\"!$A:$A\",TRUE),0),MATCH($A11,INDIRECT(Graph!$C$2&\"!$4:$4\",TRUE),0))))),NA(),IF(Graph!$C$4=\"Trend\",IF(IF(OR(COLUMN()<7,COLUMN()>184),NA(),AVERAGE(BT11:BX11))=\"\",NA(),IF(OR(COLUMN()<7,COLUMN()>184),NA(),AVERAGE(BT11:BX11))),IF(INDEX(INDIRECT(Graph!$C$2&\"!$1:$99999\",TRUE),MATCH(BU$10,INDIRECT(Graph!$C$2&\"!$A:$A\",TRUE),0),MATCH($A11,INDIRECT(Graph!$C$2&\"!$4:$4\",TRUE),0))=0,31,INDEX(INDIRECT(Graph!$C$2&\"!$1:$99999\",TRUE),MATCH(BU$10,INDIRECT(Graph!$C$2&\"!$A:$A\",TRUE),0),MATCH($A11,INDIRECT(Graph!$C$2&\"!$4:$4\",TRUE),0)))))","v":{"$error":"#N/A"}},{"$f":"IF(ISERR(IF(Graph!$C$4=\"Trend\",IF(IF(OR(COLUMN()<7,COLUMN()>184),NA(),AVERAGE(BU11:BY11))=\"\",NA(),IF(OR(COLUMN()<7,COLUMN()>184),NA(),AVERAGE(BU11:BY11))),IF(INDEX(INDIRECT(Graph!$C$2&\"!$1:$99999\",TRUE),MATCH(BV$10,INDIRECT(Graph!$C$2&\"!$A:$A\",TRUE),0),MATCH($A11,INDIRECT(Graph!$C$2&\"!$4:$4\",TRUE),0))=0,31,INDEX(INDIRECT(Graph!$C$2&\"!$1:$99999\",TRUE),MATCH(BV$10,INDIRECT(Graph!$C$2&\"!$A:$A\",TRUE),0),MATCH($A11,INDIRECT(Graph!$C$2&\"!$4:$4\",TRUE),0))))),NA(),IF(Graph!$C$4=\"Trend\",IF(IF(OR(COLUMN()<7,COLUMN()>184),NA(),AVERAGE(BU11:BY11))=\"\",NA(),IF(OR(COLUMN()<7,COLUMN()>184),NA(),AVERAGE(BU11:BY11))),IF(INDEX(INDIRECT(Graph!$C$2&\"!$1:$99999\",TRUE),MATCH(BV$10,INDIRECT(Graph!$C$2&\"!$A:$A\",TRUE),0),MATCH($A11,INDIRECT(Graph!$C$2&\"!$4:$4\",TRUE),0))=0,31,INDEX(INDIRECT(Graph!$C$2&\"!$1:$99999\",TRUE),MATCH(BV$10,INDIRECT(Graph!$C$2&\"!$A:$A\",TRUE),0),MATCH($A11,INDIRECT(Graph!$C$2&\"!$4:$4\",TRUE),0)))))","v":{"$error":"#N/A"}},{"$f":"IF(ISERR(IF(Graph!$C$4=\"Trend\",IF(IF(OR(COLUMN()<7,COLUMN()>184),NA(),AVERAGE(BV11:BZ11))=\"\",NA(),IF(OR(COLUMN()<7,COLUMN()>184),NA(),AVERAGE(BV11:BZ11))),IF(INDEX(INDIRECT(Graph!$C$2&\"!$1:$99999\",TRUE),MATCH(BW$10,INDIRECT(Graph!$C$2&\"!$A:$A\",TRUE),0),MATCH($A11,INDIRECT(Graph!$C$2&\"!$4:$4\",TRUE),0))=0,31,INDEX(INDIRECT(Graph!$C$2&\"!$1:$99999\",TRUE),MATCH(BW$10,INDIRECT(Graph!$C$2&\"!$A:$A\",TRUE),0),MATCH($A11,INDIRECT(Graph!$C$2&\"!$4:$4\",TRUE),0))))),NA(),IF(Graph!$C$4=\"Trend\",IF(IF(OR(COLUMN()<7,COLUMN()>184),NA(),AVERAGE(BV11:BZ11))=\"\",NA(),IF(OR(COLUMN()<7,COLUMN()>184),NA(),AVERAGE(BV11:BZ11))),IF(INDEX(INDIRECT(Graph!$C$2&\"!$1:$99999\",TRUE),MATCH(BW$10,INDIRECT(Graph!$C$2&\"!$A:$A\",TRUE),0),MATCH($A11,INDIRECT(Graph!$C$2&\"!$4:$4\",TRUE),0))=0,31,INDEX(INDIRECT(Graph!$C$2&\"!$1:$99999\",TRUE),MATCH(BW$10,INDIRECT(Graph!$C$2&\"!$A:$A\",TRUE),0),MATCH($A11,INDIRECT(Graph!$C$2&\"!$4:$4\",TRUE),0)))))","v":{"$error":"#N/A"}},{"$f":"IF(ISERR(IF(Graph!$C$4=\"Trend\",IF(IF(OR(COLUMN()<7,COLUMN()>184),NA(),AVERAGE(BW11:CA11))=\"\",NA(),IF(OR(COLUMN()<7,COLUMN()>184),NA(),AVERAGE(BW11:CA11))),IF(INDEX(INDIRECT(Graph!$C$2&\"!$1:$99999\",TRUE),MATCH(BX$10,INDIRECT(Graph!$C$2&\"!$A:$A\",TRUE),0),MATCH($A11,INDIRECT(Graph!$C$2&\"!$4:$4\",TRUE),0))=0,31,INDEX(INDIRECT(Graph!$C$2&\"!$1:$99999\",TRUE),MATCH(BX$10,INDIRECT(Graph!$C$2&\"!$A:$A\",TRUE),0),MATCH($A11,INDIRECT(Graph!$C$2&\"!$4:$4\",TRUE),0))))),NA(),IF(Graph!$C$4=\"Trend\",IF(IF(OR(COLUMN()<7,COLUMN()>184),NA(),AVERAGE(BW11:CA11))=\"\",NA(),IF(OR(COLUMN()<7,COLUMN()>184),NA(),AVERAGE(BW11:CA11))),IF(INDEX(INDIRECT(Graph!$C$2&\"!$1:$99999\",TRUE),MATCH(BX$10,INDIRECT(Graph!$C$2&\"!$A:$A\",TRUE),0),MATCH($A11,INDIRECT(Graph!$C$2&\"!$4:$4\",TRUE),0))=0,31,INDEX(INDIRECT(Graph!$C$2&\"!$1:$99999\",TRUE),MATCH(BX$10,INDIRECT(Graph!$C$2&\"!$A:$A\",TRUE),0),MATCH($A11,INDIRECT(Graph!$C$2&\"!$4:$4\",TRUE),0)))))","v":{"$error":"#N/A"}},{"$f":"IF(ISERR(IF(Graph!$C$4=\"Trend\",IF(IF(OR(COLUMN()<7,COLUMN()>184),NA(),AVERAGE(BX11:CB11))=\"\",NA(),IF(OR(COLUMN()<7,COLUMN()>184),NA(),AVERAGE(BX11:CB11))),IF(INDEX(INDIRECT(Graph!$C$2&\"!$1:$99999\",TRUE),MATCH(BY$10,INDIRECT(Graph!$C$2&\"!$A:$A\",TRUE),0),MATCH($A11,INDIRECT(Graph!$C$2&\"!$4:$4\",TRUE),0))=0,31,INDEX(INDIRECT(Graph!$C$2&\"!$1:$99999\",TRUE),MATCH(BY$10,INDIRECT(Graph!$C$2&\"!$A:$A\",TRUE),0),MATCH($A11,INDIRECT(Graph!$C$2&\"!$4:$4\",TRUE),0))))),NA(),IF(Graph!$C$4=\"Trend\",IF(IF(OR(COLUMN()<7,COLUMN()>184),NA(),AVERAGE(BX11:CB11))=\"\",NA(),IF(OR(COLUMN()<7,COLUMN()>184),NA(),AVERAGE(BX11:CB11))),IF(INDEX(INDIRECT(Graph!$C$2&\"!$1:$99999\",TRUE),MATCH(BY$10,INDIRECT(Graph!$C$2&\"!$A:$A\",TRUE),0),MATCH($A11,INDIRECT(Graph!$C$2&\"!$4:$4\",TRUE),0))=0,31,INDEX(INDIRECT(Graph!$C$2&\"!$1:$99999\",TRUE),MATCH(BY$10,INDIRECT(Graph!$C$2&\"!$A:$A\",TRUE),0),MATCH($A11,INDIRECT(Graph!$C$2&\"!$4:$4\",TRUE),0)))))","v":{"$error":"#N/A"}},{"$f":"IF(ISERR(IF(Graph!$C$4=\"Trend\",IF(IF(OR(COLUMN()<7,COLUMN()>184),NA(),AVERAGE(BY11:CC11))=\"\",NA(),IF(OR(COLUMN()<7,COLUMN()>184),NA(),AVERAGE(BY11:CC11))),IF(INDEX(INDIRECT(Graph!$C$2&\"!$1:$99999\",TRUE),MATCH(BZ$10,INDIRECT(Graph!$C$2&\"!$A:$A\",TRUE),0),MATCH($A11,INDIRECT(Graph!$C$2&\"!$4:$4\",TRUE),0))=0,31,INDEX(INDIRECT(Graph!$C$2&\"!$1:$99999\",TRUE),MATCH(BZ$10,INDIRECT(Graph!$C$2&\"!$A:$A\",TRUE),0),MATCH($A11,INDIRECT(Graph!$C$2&\"!$4:$4\",TRUE),0))))),NA(),IF(Graph!$C$4=\"Trend\",IF(IF(OR(COLUMN()<7,COLUMN()>184),NA(),AVERAGE(BY11:CC11))=\"\",NA(),IF(OR(COLUMN()<7,COLUMN()>184),NA(),AVERAGE(BY11:CC11))),IF(INDEX(INDIRECT(Graph!$C$2&\"!$1:$99999\",TRUE),MATCH(BZ$10,INDIRECT(Graph!$C$2&\"!$A:$A\",TRUE),0),MATCH($A11,INDIRECT(Graph!$C$2&\"!$4:$4\",TRUE),0))=0,31,INDEX(INDIRECT(Graph!$C$2&\"!$1:$99999\",TRUE),MATCH(BZ$10,INDIRECT(Graph!$C$2&\"!$A:$A\",TRUE),0),MATCH($A11,INDIRECT(Graph!$C$2&\"!$4:$4\",TRUE),0)))))","v":{"$error":"#N/A"}},{"$f":"IF(ISERR(IF(Graph!$C$4=\"Trend\",IF(IF(OR(COLUMN()<7,COLUMN()>184),NA(),AVERAGE(BZ11:CD11))=\"\",NA(),IF(OR(COLUMN()<7,COLUMN()>184),NA(),AVERAGE(BZ11:CD11))),IF(INDEX(INDIRECT(Graph!$C$2&\"!$1:$99999\",TRUE),MATCH(CA$10,INDIRECT(Graph!$C$2&\"!$A:$A\",TRUE),0),MATCH($A11,INDIRECT(Graph!$C$2&\"!$4:$4\",TRUE),0))=0,31,INDEX(INDIRECT(Graph!$C$2&\"!$1:$99999\",TRUE),MATCH(CA$10,INDIRECT(Graph!$C$2&\"!$A:$A\",TRUE),0),MATCH($A11,INDIRECT(Graph!$C$2&\"!$4:$4\",TRUE),0))))),NA(),IF(Graph!$C$4=\"Trend\",IF(IF(OR(COLUMN()<7,COLUMN()>184),NA(),AVERAGE(BZ11:CD11))=\"\",NA(),IF(OR(COLUMN()<7,COLUMN()>184),NA(),AVERAGE(BZ11:CD11))),IF(INDEX(INDIRECT(Graph!$C$2&\"!$1:$99999\",TRUE),MATCH(CA$10,INDIRECT(Graph!$C$2&\"!$A:$A\",TRUE),0),MATCH($A11,INDIRECT(Graph!$C$2&\"!$4:$4\",TRUE),0))=0,31,INDEX(INDIRECT(Graph!$C$2&\"!$1:$99999\",TRUE),MATCH(CA$10,INDIRECT(Graph!$C$2&\"!$A:$A\",TRUE),0),MATCH($A11,INDIRECT(Graph!$C$2&\"!$4:$4\",TRUE),0)))))","v":{"$error":"#N/A"}},{"$f":"IF(ISERR(IF(Graph!$C$4=\"Trend\",IF(IF(OR(COLUMN()<7,COLUMN()>184),NA(),AVERAGE(CA11:CE11))=\"\",NA(),IF(OR(COLUMN()<7,COLUMN()>184),NA(),AVERAGE(CA11:CE11))),IF(INDEX(INDIRECT(Graph!$C$2&\"!$1:$99999\",TRUE),MATCH(CB$10,INDIRECT(Graph!$C$2&\"!$A:$A\",TRUE),0),MATCH($A11,INDIRECT(Graph!$C$2&\"!$4:$4\",TRUE),0))=0,31,INDEX(INDIRECT(Graph!$C$2&\"!$1:$99999\",TRUE),MATCH(CB$10,INDIRECT(Graph!$C$2&\"!$A:$A\",TRUE),0),MATCH($A11,INDIRECT(Graph!$C$2&\"!$4:$4\",TRUE),0))))),NA(),IF(Graph!$C$4=\"Trend\",IF(IF(OR(COLUMN()<7,COLUMN()>184),NA(),AVERAGE(CA11:CE11))=\"\",NA(),IF(OR(COLUMN()<7,COLUMN()>184),NA(),AVERAGE(CA11:CE11))),IF(INDEX(INDIRECT(Graph!$C$2&\"!$1:$99999\",TRUE),MATCH(CB$10,INDIRECT(Graph!$C$2&\"!$A:$A\",TRUE),0),MATCH($A11,INDIRECT(Graph!$C$2&\"!$4:$4\",TRUE),0))=0,31,INDEX(INDIRECT(Graph!$C$2&\"!$1:$99999\",TRUE),MATCH(CB$10,INDIRECT(Graph!$C$2&\"!$A:$A\",TRUE),0),MATCH($A11,INDIRECT(Graph!$C$2&\"!$4:$4\",TRUE),0)))))","v":{"$error":"#N/A"}},{"$f":"IF(ISERR(IF(Graph!$C$4=\"Trend\",IF(IF(OR(COLUMN()<7,COLUMN()>184),NA(),AVERAGE(CB11:CF11))=\"\",NA(),IF(OR(COLUMN()<7,COLUMN()>184),NA(),AVERAGE(CB11:CF11))),IF(INDEX(INDIRECT(Graph!$C$2&\"!$1:$99999\",TRUE),MATCH(CC$10,INDIRECT(Graph!$C$2&\"!$A:$A\",TRUE),0),MATCH($A11,INDIRECT(Graph!$C$2&\"!$4:$4\",TRUE),0))=0,31,INDEX(INDIRECT(Graph!$C$2&\"!$1:$99999\",TRUE),MATCH(CC$10,INDIRECT(Graph!$C$2&\"!$A:$A\",TRUE),0),MATCH($A11,INDIRECT(Graph!$C$2&\"!$4:$4\",TRUE),0))))),NA(),IF(Graph!$C$4=\"Trend\",IF(IF(OR(COLUMN()<7,COLUMN()>184),NA(),AVERAGE(CB11:CF11))=\"\",NA(),IF(OR(COLUMN()<7,COLUMN()>184),NA(),AVERAGE(CB11:CF11))),IF(INDEX(INDIRECT(Graph!$C$2&\"!$1:$99999\",TRUE),MATCH(CC$10,INDIRECT(Graph!$C$2&\"!$A:$A\",TRUE),0),MATCH($A11,INDIRECT(Graph!$C$2&\"!$4:$4\",TRUE),0))=0,31,INDEX(INDIRECT(Graph!$C$2&\"!$1:$99999\",TRUE),MATCH(CC$10,INDIRECT(Graph!$C$2&\"!$A:$A\",TRUE),0),MATCH($A11,INDIRECT(Graph!$C$2&\"!$4:$4\",TRUE),0)))))","v":{"$error":"#N/A"}},{"$f":"IF(ISERR(IF(Graph!$C$4=\"Trend\",IF(IF(OR(COLUMN()<7,COLUMN()>184),NA(),AVERAGE(CC11:CG11))=\"\",NA(),IF(OR(COLUMN()<7,COLUMN()>184),NA(),AVERAGE(CC11:CG11))),IF(INDEX(INDIRECT(Graph!$C$2&\"!$1:$99999\",TRUE),MATCH(CD$10,INDIRECT(Graph!$C$2&\"!$A:$A\",TRUE),0),MATCH($A11,INDIRECT(Graph!$C$2&\"!$4:$4\",TRUE),0))=0,31,INDEX(INDIRECT(Graph!$C$2&\"!$1:$99999\",TRUE),MATCH(CD$10,INDIRECT(Graph!$C$2&\"!$A:$A\",TRUE),0),MATCH($A11,INDIRECT(Graph!$C$2&\"!$4:$4\",TRUE),0))))),NA(),IF(Graph!$C$4=\"Trend\",IF(IF(OR(COLUMN()<7,COLUMN()>184),NA(),AVERAGE(CC11:CG11))=\"\",NA(),IF(OR(COLUMN()<7,COLUMN()>184),NA(),AVERAGE(CC11:CG11))),IF(INDEX(INDIRECT(Graph!$C$2&\"!$1:$99999\",TRUE),MATCH(CD$10,INDIRECT(Graph!$C$2&\"!$A:$A\",TRUE),0),MATCH($A11,INDIRECT(Graph!$C$2&\"!$4:$4\",TRUE),0))=0,31,INDEX(INDIRECT(Graph!$C$2&\"!$1:$99999\",TRUE),MATCH(CD$10,INDIRECT(Graph!$C$2&\"!$A:$A\",TRUE),0),MATCH($A11,INDIRECT(Graph!$C$2&\"!$4:$4\",TRUE),0)))))","v":{"$error":"#N/A"}},{"$f":"IF(ISERR(IF(Graph!$C$4=\"Trend\",IF(IF(OR(COLUMN()<7,COLUMN()>184),NA(),AVERAGE(CD11:CH11))=\"\",NA(),IF(OR(COLUMN()<7,COLUMN()>184),NA(),AVERAGE(CD11:CH11))),IF(INDEX(INDIRECT(Graph!$C$2&\"!$1:$99999\",TRUE),MATCH(CE$10,INDIRECT(Graph!$C$2&\"!$A:$A\",TRUE),0),MATCH($A11,INDIRECT(Graph!$C$2&\"!$4:$4\",TRUE),0))=0,31,INDEX(INDIRECT(Graph!$C$2&\"!$1:$99999\",TRUE),MATCH(CE$10,INDIRECT(Graph!$C$2&\"!$A:$A\",TRUE),0),MATCH($A11,INDIRECT(Graph!$C$2&\"!$4:$4\",TRUE),0))))),NA(),IF(Graph!$C$4=\"Trend\",IF(IF(OR(COLUMN()<7,COLUMN()>184),NA(),AVERAGE(CD11:CH11))=\"\",NA(),IF(OR(COLUMN()<7,COLUMN()>184),NA(),AVERAGE(CD11:CH11))),IF(INDEX(INDIRECT(Graph!$C$2&\"!$1:$99999\",TRUE),MATCH(CE$10,INDIRECT(Graph!$C$2&\"!$A:$A\",TRUE),0),MATCH($A11,INDIRECT(Graph!$C$2&\"!$4:$4\",TRUE),0))=0,31,INDEX(INDIRECT(Graph!$C$2&\"!$1:$99999\",TRUE),MATCH(CE$10,INDIRECT(Graph!$C$2&\"!$A:$A\",TRUE),0),MATCH($A11,INDIRECT(Graph!$C$2&\"!$4:$4\",TRUE),0)))))","v":{"$error":"#N/A"}},{"$f":"IF(ISERR(IF(Graph!$C$4=\"Trend\",IF(IF(OR(COLUMN()<7,COLUMN()>184),NA(),AVERAGE(CE11:CI11))=\"\",NA(),IF(OR(COLUMN()<7,COLUMN()>184),NA(),AVERAGE(CE11:CI11))),IF(INDEX(INDIRECT(Graph!$C$2&\"!$1:$99999\",TRUE),MATCH(CF$10,INDIRECT(Graph!$C$2&\"!$A:$A\",TRUE),0),MATCH($A11,INDIRECT(Graph!$C$2&\"!$4:$4\",TRUE),0))=0,31,INDEX(INDIRECT(Graph!$C$2&\"!$1:$99999\",TRUE),MATCH(CF$10,INDIRECT(Graph!$C$2&\"!$A:$A\",TRUE),0),MATCH($A11,INDIRECT(Graph!$C$2&\"!$4:$4\",TRUE),0))))),NA(),IF(Graph!$C$4=\"Trend\",IF(IF(OR(COLUMN()<7,COLUMN()>184),NA(),AVERAGE(CE11:CI11))=\"\",NA(),IF(OR(COLUMN()<7,COLUMN()>184),NA(),AVERAGE(CE11:CI11))),IF(INDEX(INDIRECT(Graph!$C$2&\"!$1:$99999\",TRUE),MATCH(CF$10,INDIRECT(Graph!$C$2&\"!$A:$A\",TRUE),0),MATCH($A11,INDIRECT(Graph!$C$2&\"!$4:$4\",TRUE),0))=0,31,INDEX(INDIRECT(Graph!$C$2&\"!$1:$99999\",TRUE),MATCH(CF$10,INDIRECT(Graph!$C$2&\"!$A:$A\",TRUE),0),MATCH($A11,INDIRECT(Graph!$C$2&\"!$4:$4\",TRUE),0)))))","v":{"$error":"#N/A"}},{"$f":"IF(ISERR(IF(Graph!$C$4=\"Trend\",IF(IF(OR(COLUMN()<7,COLUMN()>184),NA(),AVERAGE(CF11:CJ11))=\"\",NA(),IF(OR(COLUMN()<7,COLUMN()>184),NA(),AVERAGE(CF11:CJ11))),IF(INDEX(INDIRECT(Graph!$C$2&\"!$1:$99999\",TRUE),MATCH(CG$10,INDIRECT(Graph!$C$2&\"!$A:$A\",TRUE),0),MATCH($A11,INDIRECT(Graph!$C$2&\"!$4:$4\",TRUE),0))=0,31,INDEX(INDIRECT(Graph!$C$2&\"!$1:$99999\",TRUE),MATCH(CG$10,INDIRECT(Graph!$C$2&\"!$A:$A\",TRUE),0),MATCH($A11,INDIRECT(Graph!$C$2&\"!$4:$4\",TRUE),0))))),NA(),IF(Graph!$C$4=\"Trend\",IF(IF(OR(COLUMN()<7,COLUMN()>184),NA(),AVERAGE(CF11:CJ11))=\"\",NA(),IF(OR(COLUMN()<7,COLUMN()>184),NA(),AVERAGE(CF11:CJ11))),IF(INDEX(INDIRECT(Graph!$C$2&\"!$1:$99999\",TRUE),MATCH(CG$10,INDIRECT(Graph!$C$2&\"!$A:$A\",TRUE),0),MATCH($A11,INDIRECT(Graph!$C$2&\"!$4:$4\",TRUE),0))=0,31,INDEX(INDIRECT(Graph!$C$2&\"!$1:$99999\",TRUE),MATCH(CG$10,INDIRECT(Graph!$C$2&\"!$A:$A\",TRUE),0),MATCH($A11,INDIRECT(Graph!$C$2&\"!$4:$4\",TRUE),0)))))","v":{"$error":"#N/A"}},{"$f":"IF(ISERR(IF(Graph!$C$4=\"Trend\",IF(IF(OR(COLUMN()<7,COLUMN()>184),NA(),AVERAGE(CG11:CK11))=\"\",NA(),IF(OR(COLUMN()<7,COLUMN()>184),NA(),AVERAGE(CG11:CK11))),IF(INDEX(INDIRECT(Graph!$C$2&\"!$1:$99999\",TRUE),MATCH(CH$10,INDIRECT(Graph!$C$2&\"!$A:$A\",TRUE),0),MATCH($A11,INDIRECT(Graph!$C$2&\"!$4:$4\",TRUE),0))=0,31,INDEX(INDIRECT(Graph!$C$2&\"!$1:$99999\",TRUE),MATCH(CH$10,INDIRECT(Graph!$C$2&\"!$A:$A\",TRUE),0),MATCH($A11,INDIRECT(Graph!$C$2&\"!$4:$4\",TRUE),0))))),NA(),IF(Graph!$C$4=\"Trend\",IF(IF(OR(COLUMN()<7,COLUMN()>184),NA(),AVERAGE(CG11:CK11))=\"\",NA(),IF(OR(COLUMN()<7,COLUMN()>184),NA(),AVERAGE(CG11:CK11))),IF(INDEX(INDIRECT(Graph!$C$2&\"!$1:$99999\",TRUE),MATCH(CH$10,INDIRECT(Graph!$C$2&\"!$A:$A\",TRUE),0),MATCH($A11,INDIRECT(Graph!$C$2&\"!$4:$4\",TRUE),0))=0,31,INDEX(INDIRECT(Graph!$C$2&\"!$1:$99999\",TRUE),MATCH(CH$10,INDIRECT(Graph!$C$2&\"!$A:$A\",TRUE),0),MATCH($A11,INDIRECT(Graph!$C$2&\"!$4:$4\",TRUE),0)))))","v":{"$error":"#N/A"}},{"$f":"IF(ISERR(IF(Graph!$C$4=\"Trend\",IF(IF(OR(COLUMN()<7,COLUMN()>184),NA(),AVERAGE(CH11:CL11))=\"\",NA(),IF(OR(COLUMN()<7,COLUMN()>184),NA(),AVERAGE(CH11:CL11))),IF(INDEX(INDIRECT(Graph!$C$2&\"!$1:$99999\",TRUE),MATCH(CI$10,INDIRECT(Graph!$C$2&\"!$A:$A\",TRUE),0),MATCH($A11,INDIRECT(Graph!$C$2&\"!$4:$4\",TRUE),0))=0,31,INDEX(INDIRECT(Graph!$C$2&\"!$1:$99999\",TRUE),MATCH(CI$10,INDIRECT(Graph!$C$2&\"!$A:$A\",TRUE),0),MATCH($A11,INDIRECT(Graph!$C$2&\"!$4:$4\",TRUE),0))))),NA(),IF(Graph!$C$4=\"Trend\",IF(IF(OR(COLUMN()<7,COLUMN()>184),NA(),AVERAGE(CH11:CL11))=\"\",NA(),IF(OR(COLUMN()<7,COLUMN()>184),NA(),AVERAGE(CH11:CL11))),IF(INDEX(INDIRECT(Graph!$C$2&\"!$1:$99999\",TRUE),MATCH(CI$10,INDIRECT(Graph!$C$2&\"!$A:$A\",TRUE),0),MATCH($A11,INDIRECT(Graph!$C$2&\"!$4:$4\",TRUE),0))=0,31,INDEX(INDIRECT(Graph!$C$2&\"!$1:$99999\",TRUE),MATCH(CI$10,INDIRECT(Graph!$C$2&\"!$A:$A\",TRUE),0),MATCH($A11,INDIRECT(Graph!$C$2&\"!$4:$4\",TRUE),0)))))","v":{"$error":"#N/A"}},{"$f":"IF(ISERR(IF(Graph!$C$4=\"Trend\",IF(IF(OR(COLUMN()<7,COLUMN()>184),NA(),AVERAGE(CI11:CM11))=\"\",NA(),IF(OR(COLUMN()<7,COLUMN()>184),NA(),AVERAGE(CI11:CM11))),IF(INDEX(INDIRECT(Graph!$C$2&\"!$1:$99999\",TRUE),MATCH(CJ$10,INDIRECT(Graph!$C$2&\"!$A:$A\",TRUE),0),MATCH($A11,INDIRECT(Graph!$C$2&\"!$4:$4\",TRUE),0))=0,31,INDEX(INDIRECT(Graph!$C$2&\"!$1:$99999\",TRUE),MATCH(CJ$10,INDIRECT(Graph!$C$2&\"!$A:$A\",TRUE),0),MATCH($A11,INDIRECT(Graph!$C$2&\"!$4:$4\",TRUE),0))))),NA(),IF(Graph!$C$4=\"Trend\",IF(IF(OR(COLUMN()<7,COLUMN()>184),NA(),AVERAGE(CI11:CM11))=\"\",NA(),IF(OR(COLUMN()<7,COLUMN()>184),NA(),AVERAGE(CI11:CM11))),IF(INDEX(INDIRECT(Graph!$C$2&\"!$1:$99999\",TRUE),MATCH(CJ$10,INDIRECT(Graph!$C$2&\"!$A:$A\",TRUE),0),MATCH($A11,INDIRECT(Graph!$C$2&\"!$4:$4\",TRUE),0))=0,31,INDEX(INDIRECT(Graph!$C$2&\"!$1:$99999\",TRUE),MATCH(CJ$10,INDIRECT(Graph!$C$2&\"!$A:$A\",TRUE),0),MATCH($A11,INDIRECT(Graph!$C$2&\"!$4:$4\",TRUE),0)))))","v":{"$error":"#N/A"}},{"$f":"IF(ISERR(IF(Graph!$C$4=\"Trend\",IF(IF(OR(COLUMN()<7,COLUMN()>184),NA(),AVERAGE(CJ11:CN11))=\"\",NA(),IF(OR(COLUMN()<7,COLUMN()>184),NA(),AVERAGE(CJ11:CN11))),IF(INDEX(INDIRECT(Graph!$C$2&\"!$1:$99999\",TRUE),MATCH(CK$10,INDIRECT(Graph!$C$2&\"!$A:$A\",TRUE),0),MATCH($A11,INDIRECT(Graph!$C$2&\"!$4:$4\",TRUE),0))=0,31,INDEX(INDIRECT(Graph!$C$2&\"!$1:$99999\",TRUE),MATCH(CK$10,INDIRECT(Graph!$C$2&\"!$A:$A\",TRUE),0),MATCH($A11,INDIRECT(Graph!$C$2&\"!$4:$4\",TRUE),0))))),NA(),IF(Graph!$C$4=\"Trend\",IF(IF(OR(COLUMN()<7,COLUMN()>184),NA(),AVERAGE(CJ11:CN11))=\"\",NA(),IF(OR(COLUMN()<7,COLUMN()>184),NA(),AVERAGE(CJ11:CN11))),IF(INDEX(INDIRECT(Graph!$C$2&\"!$1:$99999\",TRUE),MATCH(CK$10,INDIRECT(Graph!$C$2&\"!$A:$A\",TRUE),0),MATCH($A11,INDIRECT(Graph!$C$2&\"!$4:$4\",TRUE),0))=0,31,INDEX(INDIRECT(Graph!$C$2&\"!$1:$99999\",TRUE),MATCH(CK$10,INDIRECT(Graph!$C$2&\"!$A:$A\",TRUE),0),MATCH($A11,INDIRECT(Graph!$C$2&\"!$4:$4\",TRUE),0)))))","v":{"$error":"#N/A"}},{"$f":"IF(ISERR(IF(Graph!$C$4=\"Trend\",IF(IF(OR(COLUMN()<7,COLUMN()>184),NA(),AVERAGE(CK11:CO11))=\"\",NA(),IF(OR(COLUMN()<7,COLUMN()>184),NA(),AVERAGE(CK11:CO11))),IF(INDEX(INDIRECT(Graph!$C$2&\"!$1:$99999\",TRUE),MATCH(CL$10,INDIRECT(Graph!$C$2&\"!$A:$A\",TRUE),0),MATCH($A11,INDIRECT(Graph!$C$2&\"!$4:$4\",TRUE),0))=0,31,INDEX(INDIRECT(Graph!$C$2&\"!$1:$99999\",TRUE),MATCH(CL$10,INDIRECT(Graph!$C$2&\"!$A:$A\",TRUE),0),MATCH($A11,INDIRECT(Graph!$C$2&\"!$4:$4\",TRUE),0))))),NA(),IF(Graph!$C$4=\"Trend\",IF(IF(OR(COLUMN()<7,COLUMN()>184),NA(),AVERAGE(CK11:CO11))=\"\",NA(),IF(OR(COLUMN()<7,COLUMN()>184),NA(),AVERAGE(CK11:CO11))),IF(INDEX(INDIRECT(Graph!$C$2&\"!$1:$99999\",TRUE),MATCH(CL$10,INDIRECT(Graph!$C$2&\"!$A:$A\",TRUE),0),MATCH($A11,INDIRECT(Graph!$C$2&\"!$4:$4\",TRUE),0))=0,31,INDEX(INDIRECT(Graph!$C$2&\"!$1:$99999\",TRUE),MATCH(CL$10,INDIRECT(Graph!$C$2&\"!$A:$A\",TRUE),0),MATCH($A11,INDIRECT(Graph!$C$2&\"!$4:$4\",TRUE),0)))))","v":{"$error":"#N/A"}},{"$f":"IF(ISERR(IF(Graph!$C$4=\"Trend\",IF(IF(OR(COLUMN()<7,COLUMN()>184),NA(),AVERAGE(CL11:CP11))=\"\",NA(),IF(OR(COLUMN()<7,COLUMN()>184),NA(),AVERAGE(CL11:CP11))),IF(INDEX(INDIRECT(Graph!$C$2&\"!$1:$99999\",TRUE),MATCH(CM$10,INDIRECT(Graph!$C$2&\"!$A:$A\",TRUE),0),MATCH($A11,INDIRECT(Graph!$C$2&\"!$4:$4\",TRUE),0))=0,31,INDEX(INDIRECT(Graph!$C$2&\"!$1:$99999\",TRUE),MATCH(CM$10,INDIRECT(Graph!$C$2&\"!$A:$A\",TRUE),0),MATCH($A11,INDIRECT(Graph!$C$2&\"!$4:$4\",TRUE),0))))),NA(),IF(Graph!$C$4=\"Trend\",IF(IF(OR(COLUMN()<7,COLUMN()>184),NA(),AVERAGE(CL11:CP11))=\"\",NA(),IF(OR(COLUMN()<7,COLUMN()>184),NA(),AVERAGE(CL11:CP11))),IF(INDEX(INDIRECT(Graph!$C$2&\"!$1:$99999\",TRUE),MATCH(CM$10,INDIRECT(Graph!$C$2&\"!$A:$A\",TRUE),0),MATCH($A11,INDIRECT(Graph!$C$2&\"!$4:$4\",TRUE),0))=0,31,INDEX(INDIRECT(Graph!$C$2&\"!$1:$99999\",TRUE),MATCH(CM$10,INDIRECT(Graph!$C$2&\"!$A:$A\",TRUE),0),MATCH($A11,INDIRECT(Graph!$C$2&\"!$4:$4\",TRUE),0)))))","v":{"$error":"#N/A"}},{"$f":"IF(ISERR(IF(Graph!$C$4=\"Trend\",IF(IF(OR(COLUMN()<7,COLUMN()>184),NA(),AVERAGE(CM11:CQ11))=\"\",NA(),IF(OR(COLUMN()<7,COLUMN()>184),NA(),AVERAGE(CM11:CQ11))),IF(INDEX(INDIRECT(Graph!$C$2&\"!$1:$99999\",TRUE),MATCH(CN$10,INDIRECT(Graph!$C$2&\"!$A:$A\",TRUE),0),MATCH($A11,INDIRECT(Graph!$C$2&\"!$4:$4\",TRUE),0))=0,31,INDEX(INDIRECT(Graph!$C$2&\"!$1:$99999\",TRUE),MATCH(CN$10,INDIRECT(Graph!$C$2&\"!$A:$A\",TRUE),0),MATCH($A11,INDIRECT(Graph!$C$2&\"!$4:$4\",TRUE),0))))),NA(),IF(Graph!$C$4=\"Trend\",IF(IF(OR(COLUMN()<7,COLUMN()>184),NA(),AVERAGE(CM11:CQ11))=\"\",NA(),IF(OR(COLUMN()<7,COLUMN()>184),NA(),AVERAGE(CM11:CQ11))),IF(INDEX(INDIRECT(Graph!$C$2&\"!$1:$99999\",TRUE),MATCH(CN$10,INDIRECT(Graph!$C$2&\"!$A:$A\",TRUE),0),MATCH($A11,INDIRECT(Graph!$C$2&\"!$4:$4\",TRUE),0))=0,31,INDEX(INDIRECT(Graph!$C$2&\"!$1:$99999\",TRUE),MATCH(CN$10,INDIRECT(Graph!$C$2&\"!$A:$A\",TRUE),0),MATCH($A11,INDIRECT(Graph!$C$2&\"!$4:$4\",TRUE),0)))))","v":{"$error":"#N/A"}},{"$f":"IF(ISERR(IF(Graph!$C$4=\"Trend\",IF(IF(OR(COLUMN()<7,COLUMN()>184),NA(),AVERAGE(CN11:CR11))=\"\",NA(),IF(OR(COLUMN()<7,COLUMN()>184),NA(),AVERAGE(CN11:CR11))),IF(INDEX(INDIRECT(Graph!$C$2&\"!$1:$99999\",TRUE),MATCH(CO$10,INDIRECT(Graph!$C$2&\"!$A:$A\",TRUE),0),MATCH($A11,INDIRECT(Graph!$C$2&\"!$4:$4\",TRUE),0))=0,31,INDEX(INDIRECT(Graph!$C$2&\"!$1:$99999\",TRUE),MATCH(CO$10,INDIRECT(Graph!$C$2&\"!$A:$A\",TRUE),0),MATCH($A11,INDIRECT(Graph!$C$2&\"!$4:$4\",TRUE),0))))),NA(),IF(Graph!$C$4=\"Trend\",IF(IF(OR(COLUMN()<7,COLUMN()>184),NA(),AVERAGE(CN11:CR11))=\"\",NA(),IF(OR(COLUMN()<7,COLUMN()>184),NA(),AVERAGE(CN11:CR11))),IF(INDEX(INDIRECT(Graph!$C$2&\"!$1:$99999\",TRUE),MATCH(CO$10,INDIRECT(Graph!$C$2&\"!$A:$A\",TRUE),0),MATCH($A11,INDIRECT(Graph!$C$2&\"!$4:$4\",TRUE),0))=0,31,INDEX(INDIRECT(Graph!$C$2&\"!$1:$99999\",TRUE),MATCH(CO$10,INDIRECT(Graph!$C$2&\"!$A:$A\",TRUE),0),MATCH($A11,INDIRECT(Graph!$C$2&\"!$4:$4\",TRUE),0)))))","v":{"$error":"#N/A"}},{"$f":"IF(ISERR(IF(Graph!$C$4=\"Trend\",IF(IF(OR(COLUMN()<7,COLUMN()>184),NA(),AVERAGE(CO11:CS11))=\"\",NA(),IF(OR(COLUMN()<7,COLUMN()>184),NA(),AVERAGE(CO11:CS11))),IF(INDEX(INDIRECT(Graph!$C$2&\"!$1:$99999\",TRUE),MATCH(CP$10,INDIRECT(Graph!$C$2&\"!$A:$A\",TRUE),0),MATCH($A11,INDIRECT(Graph!$C$2&\"!$4:$4\",TRUE),0))=0,31,INDEX(INDIRECT(Graph!$C$2&\"!$1:$99999\",TRUE),MATCH(CP$10,INDIRECT(Graph!$C$2&\"!$A:$A\",TRUE),0),MATCH($A11,INDIRECT(Graph!$C$2&\"!$4:$4\",TRUE),0))))),NA(),IF(Graph!$C$4=\"Trend\",IF(IF(OR(COLUMN()<7,COLUMN()>184),NA(),AVERAGE(CO11:CS11))=\"\",NA(),IF(OR(COLUMN()<7,COLUMN()>184),NA(),AVERAGE(CO11:CS11))),IF(INDEX(INDIRECT(Graph!$C$2&\"!$1:$99999\",TRUE),MATCH(CP$10,INDIRECT(Graph!$C$2&\"!$A:$A\",TRUE),0),MATCH($A11,INDIRECT(Graph!$C$2&\"!$4:$4\",TRUE),0))=0,31,INDEX(INDIRECT(Graph!$C$2&\"!$1:$99999\",TRUE),MATCH(CP$10,INDIRECT(Graph!$C$2&\"!$A:$A\",TRUE),0),MATCH($A11,INDIRECT(Graph!$C$2&\"!$4:$4\",TRUE),0)))))","v":{"$error":"#N/A"}},{"$f":"IF(ISERR(IF(Graph!$C$4=\"Trend\",IF(IF(OR(COLUMN()<7,COLUMN()>184),NA(),AVERAGE(CP11:CT11))=\"\",NA(),IF(OR(COLUMN()<7,COLUMN()>184),NA(),AVERAGE(CP11:CT11))),IF(INDEX(INDIRECT(Graph!$C$2&\"!$1:$99999\",TRUE),MATCH(CQ$10,INDIRECT(Graph!$C$2&\"!$A:$A\",TRUE),0),MATCH($A11,INDIRECT(Graph!$C$2&\"!$4:$4\",TRUE),0))=0,31,INDEX(INDIRECT(Graph!$C$2&\"!$1:$99999\",TRUE),MATCH(CQ$10,INDIRECT(Graph!$C$2&\"!$A:$A\",TRUE),0),MATCH($A11,INDIRECT(Graph!$C$2&\"!$4:$4\",TRUE),0))))),NA(),IF(Graph!$C$4=\"Trend\",IF(IF(OR(COLUMN()<7,COLUMN()>184),NA(),AVERAGE(CP11:CT11))=\"\",NA(),IF(OR(COLUMN()<7,COLUMN()>184),NA(),AVERAGE(CP11:CT11))),IF(INDEX(INDIRECT(Graph!$C$2&\"!$1:$99999\",TRUE),MATCH(CQ$10,INDIRECT(Graph!$C$2&\"!$A:$A\",TRUE),0),MATCH($A11,INDIRECT(Graph!$C$2&\"!$4:$4\",TRUE),0))=0,31,INDEX(INDIRECT(Graph!$C$2&\"!$1:$99999\",TRUE),MATCH(CQ$10,INDIRECT(Graph!$C$2&\"!$A:$A\",TRUE),0),MATCH($A11,INDIRECT(Graph!$C$2&\"!$4:$4\",TRUE),0)))))","v":{"$error":"#N/A"}},{"$f":"IF(ISERR(IF(Graph!$C$4=\"Trend\",IF(IF(OR(COLUMN()<7,COLUMN()>184),NA(),AVERAGE(CQ11:CU11))=\"\",NA(),IF(OR(COLUMN()<7,COLUMN()>184),NA(),AVERAGE(CQ11:CU11))),IF(INDEX(INDIRECT(Graph!$C$2&\"!$1:$99999\",TRUE),MATCH(CR$10,INDIRECT(Graph!$C$2&\"!$A:$A\",TRUE),0),MATCH($A11,INDIRECT(Graph!$C$2&\"!$4:$4\",TRUE),0))=0,31,INDEX(INDIRECT(Graph!$C$2&\"!$1:$99999\",TRUE),MATCH(CR$10,INDIRECT(Graph!$C$2&\"!$A:$A\",TRUE),0),MATCH($A11,INDIRECT(Graph!$C$2&\"!$4:$4\",TRUE),0))))),NA(),IF(Graph!$C$4=\"Trend\",IF(IF(OR(COLUMN()<7,COLUMN()>184),NA(),AVERAGE(CQ11:CU11))=\"\",NA(),IF(OR(COLUMN()<7,COLUMN()>184),NA(),AVERAGE(CQ11:CU11))),IF(INDEX(INDIRECT(Graph!$C$2&\"!$1:$99999\",TRUE),MATCH(CR$10,INDIRECT(Graph!$C$2&\"!$A:$A\",TRUE),0),MATCH($A11,INDIRECT(Graph!$C$2&\"!$4:$4\",TRUE),0))=0,31,INDEX(INDIRECT(Graph!$C$2&\"!$1:$99999\",TRUE),MATCH(CR$10,INDIRECT(Graph!$C$2&\"!$A:$A\",TRUE),0),MATCH($A11,INDIRECT(Graph!$C$2&\"!$4:$4\",TRUE),0)))))","v":{"$error":"#N/A"}},{"$f":"IF(ISERR(IF(Graph!$C$4=\"Trend\",IF(IF(OR(COLUMN()<7,COLUMN()>184),NA(),AVERAGE(CR11:CV11))=\"\",NA(),IF(OR(COLUMN()<7,COLUMN()>184),NA(),AVERAGE(CR11:CV11))),IF(INDEX(INDIRECT(Graph!$C$2&\"!$1:$99999\",TRUE),MATCH(CS$10,INDIRECT(Graph!$C$2&\"!$A:$A\",TRUE),0),MATCH($A11,INDIRECT(Graph!$C$2&\"!$4:$4\",TRUE),0))=0,31,INDEX(INDIRECT(Graph!$C$2&\"!$1:$99999\",TRUE),MATCH(CS$10,INDIRECT(Graph!$C$2&\"!$A:$A\",TRUE),0),MATCH($A11,INDIRECT(Graph!$C$2&\"!$4:$4\",TRUE),0))))),NA(),IF(Graph!$C$4=\"Trend\",IF(IF(OR(COLUMN()<7,COLUMN()>184),NA(),AVERAGE(CR11:CV11))=\"\",NA(),IF(OR(COLUMN()<7,COLUMN()>184),NA(),AVERAGE(CR11:CV11))),IF(INDEX(INDIRECT(Graph!$C$2&\"!$1:$99999\",TRUE),MATCH(CS$10,INDIRECT(Graph!$C$2&\"!$A:$A\",TRUE),0),MATCH($A11,INDIRECT(Graph!$C$2&\"!$4:$4\",TRUE),0))=0,31,INDEX(INDIRECT(Graph!$C$2&\"!$1:$99999\",TRUE),MATCH(CS$10,INDIRECT(Graph!$C$2&\"!$A:$A\",TRUE),0),MATCH($A11,INDIRECT(Graph!$C$2&\"!$4:$4\",TRUE),0)))))","v":{"$error":"#N/A"}},{"$f":"IF(ISERR(IF(Graph!$C$4=\"Trend\",IF(IF(OR(COLUMN()<7,COLUMN()>184),NA(),AVERAGE(CS11:CW11))=\"\",NA(),IF(OR(COLUMN()<7,COLUMN()>184),NA(),AVERAGE(CS11:CW11))),IF(INDEX(INDIRECT(Graph!$C$2&\"!$1:$99999\",TRUE),MATCH(CT$10,INDIRECT(Graph!$C$2&\"!$A:$A\",TRUE),0),MATCH($A11,INDIRECT(Graph!$C$2&\"!$4:$4\",TRUE),0))=0,31,INDEX(INDIRECT(Graph!$C$2&\"!$1:$99999\",TRUE),MATCH(CT$10,INDIRECT(Graph!$C$2&\"!$A:$A\",TRUE),0),MATCH($A11,INDIRECT(Graph!$C$2&\"!$4:$4\",TRUE),0))))),NA(),IF(Graph!$C$4=\"Trend\",IF(IF(OR(COLUMN()<7,COLUMN()>184),NA(),AVERAGE(CS11:CW11))=\"\",NA(),IF(OR(COLUMN()<7,COLUMN()>184),NA(),AVERAGE(CS11:CW11))),IF(INDEX(INDIRECT(Graph!$C$2&\"!$1:$99999\",TRUE),MATCH(CT$10,INDIRECT(Graph!$C$2&\"!$A:$A\",TRUE),0),MATCH($A11,INDIRECT(Graph!$C$2&\"!$4:$4\",TRUE),0))=0,31,INDEX(INDIRECT(Graph!$C$2&\"!$1:$99999\",TRUE),MATCH(CT$10,INDIRECT(Graph!$C$2&\"!$A:$A\",TRUE),0),MATCH($A11,INDIRECT(Graph!$C$2&\"!$4:$4\",TRUE),0)))))","v":{"$error":"#N/A"}},{"$f":"IF(ISERR(IF(Graph!$C$4=\"Trend\",IF(IF(OR(COLUMN()<7,COLUMN()>184),NA(),AVERAGE(CT11:CX11))=\"\",NA(),IF(OR(COLUMN()<7,COLUMN()>184),NA(),AVERAGE(CT11:CX11))),IF(INDEX(INDIRECT(Graph!$C$2&\"!$1:$99999\",TRUE),MATCH(CU$10,INDIRECT(Graph!$C$2&\"!$A:$A\",TRUE),0),MATCH($A11,INDIRECT(Graph!$C$2&\"!$4:$4\",TRUE),0))=0,31,INDEX(INDIRECT(Graph!$C$2&\"!$1:$99999\",TRUE),MATCH(CU$10,INDIRECT(Graph!$C$2&\"!$A:$A\",TRUE),0),MATCH($A11,INDIRECT(Graph!$C$2&\"!$4:$4\",TRUE),0))))),NA(),IF(Graph!$C$4=\"Trend\",IF(IF(OR(COLUMN()<7,COLUMN()>184),NA(),AVERAGE(CT11:CX11))=\"\",NA(),IF(OR(COLUMN()<7,COLUMN()>184),NA(),AVERAGE(CT11:CX11))),IF(INDEX(INDIRECT(Graph!$C$2&\"!$1:$99999\",TRUE),MATCH(CU$10,INDIRECT(Graph!$C$2&\"!$A:$A\",TRUE),0),MATCH($A11,INDIRECT(Graph!$C$2&\"!$4:$4\",TRUE),0))=0,31,INDEX(INDIRECT(Graph!$C$2&\"!$1:$99999\",TRUE),MATCH(CU$10,INDIRECT(Graph!$C$2&\"!$A:$A\",TRUE),0),MATCH($A11,INDIRECT(Graph!$C$2&\"!$4:$4\",TRUE),0)))))","v":{"$error":"#N/A"}},{"$f":"IF(ISERR(IF(Graph!$C$4=\"Trend\",IF(IF(OR(COLUMN()<7,COLUMN()>184),NA(),AVERAGE(CU11:CY11))=\"\",NA(),IF(OR(COLUMN()<7,COLUMN()>184),NA(),AVERAGE(CU11:CY11))),IF(INDEX(INDIRECT(Graph!$C$2&\"!$1:$99999\",TRUE),MATCH(CV$10,INDIRECT(Graph!$C$2&\"!$A:$A\",TRUE),0),MATCH($A11,INDIRECT(Graph!$C$2&\"!$4:$4\",TRUE),0))=0,31,INDEX(INDIRECT(Graph!$C$2&\"!$1:$99999\",TRUE),MATCH(CV$10,INDIRECT(Graph!$C$2&\"!$A:$A\",TRUE),0),MATCH($A11,INDIRECT(Graph!$C$2&\"!$4:$4\",TRUE),0))))),NA(),IF(Graph!$C$4=\"Trend\",IF(IF(OR(COLUMN()<7,COLUMN()>184),NA(),AVERAGE(CU11:CY11))=\"\",NA(),IF(OR(COLUMN()<7,COLUMN()>184),NA(),AVERAGE(CU11:CY11))),IF(INDEX(INDIRECT(Graph!$C$2&\"!$1:$99999\",TRUE),MATCH(CV$10,INDIRECT(Graph!$C$2&\"!$A:$A\",TRUE),0),MATCH($A11,INDIRECT(Graph!$C$2&\"!$4:$4\",TRUE),0))=0,31,INDEX(INDIRECT(Graph!$C$2&\"!$1:$99999\",TRUE),MATCH(CV$10,INDIRECT(Graph!$C$2&\"!$A:$A\",TRUE),0),MATCH($A11,INDIRECT(Graph!$C$2&\"!$4:$4\",TRUE),0)))))","v":{"$error":"#N/A"}},{"$f":"IF(ISERR(IF(Graph!$C$4=\"Trend\",IF(IF(OR(COLUMN()<7,COLUMN()>184),NA(),AVERAGE(CV11:CZ11))=\"\",NA(),IF(OR(COLUMN()<7,COLUMN()>184),NA(),AVERAGE(CV11:CZ11))),IF(INDEX(INDIRECT(Graph!$C$2&\"!$1:$99999\",TRUE),MATCH(CW$10,INDIRECT(Graph!$C$2&\"!$A:$A\",TRUE),0),MATCH($A11,INDIRECT(Graph!$C$2&\"!$4:$4\",TRUE),0))=0,31,INDEX(INDIRECT(Graph!$C$2&\"!$1:$99999\",TRUE),MATCH(CW$10,INDIRECT(Graph!$C$2&\"!$A:$A\",TRUE),0),MATCH($A11,INDIRECT(Graph!$C$2&\"!$4:$4\",TRUE),0))))),NA(),IF(Graph!$C$4=\"Trend\",IF(IF(OR(COLUMN()<7,COLUMN()>184),NA(),AVERAGE(CV11:CZ11))=\"\",NA(),IF(OR(COLUMN()<7,COLUMN()>184),NA(),AVERAGE(CV11:CZ11))),IF(INDEX(INDIRECT(Graph!$C$2&\"!$1:$99999\",TRUE),MATCH(CW$10,INDIRECT(Graph!$C$2&\"!$A:$A\",TRUE),0),MATCH($A11,INDIRECT(Graph!$C$2&\"!$4:$4\",TRUE),0))=0,31,INDEX(INDIRECT(Graph!$C$2&\"!$1:$99999\",TRUE),MATCH(CW$10,INDIRECT(Graph!$C$2&\"!$A:$A\",TRUE),0),MATCH($A11,INDIRECT(Graph!$C$2&\"!$4:$4\",TRUE),0)))))","v":{"$error":"#N/A"}},{"$f":"IF(ISERR(IF(Graph!$C$4=\"Trend\",IF(IF(OR(COLUMN()<7,COLUMN()>184),NA(),AVERAGE(CW11:DA11))=\"\",NA(),IF(OR(COLUMN()<7,COLUMN()>184),NA(),AVERAGE(CW11:DA11))),IF(INDEX(INDIRECT(Graph!$C$2&\"!$1:$99999\",TRUE),MATCH(CX$10,INDIRECT(Graph!$C$2&\"!$A:$A\",TRUE),0),MATCH($A11,INDIRECT(Graph!$C$2&\"!$4:$4\",TRUE),0))=0,31,INDEX(INDIRECT(Graph!$C$2&\"!$1:$99999\",TRUE),MATCH(CX$10,INDIRECT(Graph!$C$2&\"!$A:$A\",TRUE),0),MATCH($A11,INDIRECT(Graph!$C$2&\"!$4:$4\",TRUE),0))))),NA(),IF(Graph!$C$4=\"Trend\",IF(IF(OR(COLUMN()<7,COLUMN()>184),NA(),AVERAGE(CW11:DA11))=\"\",NA(),IF(OR(COLUMN()<7,COLUMN()>184),NA(),AVERAGE(CW11:DA11))),IF(INDEX(INDIRECT(Graph!$C$2&\"!$1:$99999\",TRUE),MATCH(CX$10,INDIRECT(Graph!$C$2&\"!$A:$A\",TRUE),0),MATCH($A11,INDIRECT(Graph!$C$2&\"!$4:$4\",TRUE),0))=0,31,INDEX(INDIRECT(Graph!$C$2&\"!$1:$99999\",TRUE),MATCH(CX$10,INDIRECT(Graph!$C$2&\"!$A:$A\",TRUE),0),MATCH($A11,INDIRECT(Graph!$C$2&\"!$4:$4\",TRUE),0)))))","v":{"$error":"#N/A"}},{"$f":"IF(ISERR(IF(Graph!$C$4=\"Trend\",IF(IF(OR(COLUMN()<7,COLUMN()>184),NA(),AVERAGE(CX11:DB11))=\"\",NA(),IF(OR(COLUMN()<7,COLUMN()>184),NA(),AVERAGE(CX11:DB11))),IF(INDEX(INDIRECT(Graph!$C$2&\"!$1:$99999\",TRUE),MATCH(CY$10,INDIRECT(Graph!$C$2&\"!$A:$A\",TRUE),0),MATCH($A11,INDIRECT(Graph!$C$2&\"!$4:$4\",TRUE),0))=0,31,INDEX(INDIRECT(Graph!$C$2&\"!$1:$99999\",TRUE),MATCH(CY$10,INDIRECT(Graph!$C$2&\"!$A:$A\",TRUE),0),MATCH($A11,INDIRECT(Graph!$C$2&\"!$4:$4\",TRUE),0))))),NA(),IF(Graph!$C$4=\"Trend\",IF(IF(OR(COLUMN()<7,COLUMN()>184),NA(),AVERAGE(CX11:DB11))=\"\",NA(),IF(OR(COLUMN()<7,COLUMN()>184),NA(),AVERAGE(CX11:DB11))),IF(INDEX(INDIRECT(Graph!$C$2&\"!$1:$99999\",TRUE),MATCH(CY$10,INDIRECT(Graph!$C$2&\"!$A:$A\",TRUE),0),MATCH($A11,INDIRECT(Graph!$C$2&\"!$4:$4\",TRUE),0))=0,31,INDEX(INDIRECT(Graph!$C$2&\"!$1:$99999\",TRUE),MATCH(CY$10,INDIRECT(Graph!$C$2&\"!$A:$A\",TRUE),0),MATCH($A11,INDIRECT(Graph!$C$2&\"!$4:$4\",TRUE),0)))))","v":{"$error":"#N/A"}},{"$f":"IF(ISERR(IF(Graph!$C$4=\"Trend\",IF(IF(OR(COLUMN()<7,COLUMN()>184),NA(),AVERAGE(CY11:DC11))=\"\",NA(),IF(OR(COLUMN()<7,COLUMN()>184),NA(),AVERAGE(CY11:DC11))),IF(INDEX(INDIRECT(Graph!$C$2&\"!$1:$99999\",TRUE),MATCH(CZ$10,INDIRECT(Graph!$C$2&\"!$A:$A\",TRUE),0),MATCH($A11,INDIRECT(Graph!$C$2&\"!$4:$4\",TRUE),0))=0,31,INDEX(INDIRECT(Graph!$C$2&\"!$1:$99999\",TRUE),MATCH(CZ$10,INDIRECT(Graph!$C$2&\"!$A:$A\",TRUE),0),MATCH($A11,INDIRECT(Graph!$C$2&\"!$4:$4\",TRUE),0))))),NA(),IF(Graph!$C$4=\"Trend\",IF(IF(OR(COLUMN()<7,COLUMN()>184),NA(),AVERAGE(CY11:DC11))=\"\",NA(),IF(OR(COLUMN()<7,COLUMN()>184),NA(),AVERAGE(CY11:DC11))),IF(INDEX(INDIRECT(Graph!$C$2&\"!$1:$99999\",TRUE),MATCH(CZ$10,INDIRECT(Graph!$C$2&\"!$A:$A\",TRUE),0),MATCH($A11,INDIRECT(Graph!$C$2&\"!$4:$4\",TRUE),0))=0,31,INDEX(INDIRECT(Graph!$C$2&\"!$1:$99999\",TRUE),MATCH(CZ$10,INDIRECT(Graph!$C$2&\"!$A:$A\",TRUE),0),MATCH($A11,INDIRECT(Graph!$C$2&\"!$4:$4\",TRUE),0)))))","v":{"$error":"#N/A"}},{"$f":"IF(ISERR(IF(Graph!$C$4=\"Trend\",IF(IF(OR(COLUMN()<7,COLUMN()>184),NA(),AVERAGE(CZ11:DD11))=\"\",NA(),IF(OR(COLUMN()<7,COLUMN()>184),NA(),AVERAGE(CZ11:DD11))),IF(INDEX(INDIRECT(Graph!$C$2&\"!$1:$99999\",TRUE),MATCH(DA$10,INDIRECT(Graph!$C$2&\"!$A:$A\",TRUE),0),MATCH($A11,INDIRECT(Graph!$C$2&\"!$4:$4\",TRUE),0))=0,31,INDEX(INDIRECT(Graph!$C$2&\"!$1:$99999\",TRUE),MATCH(DA$10,INDIRECT(Graph!$C$2&\"!$A:$A\",TRUE),0),MATCH($A11,INDIRECT(Graph!$C$2&\"!$4:$4\",TRUE),0))))),NA(),IF(Graph!$C$4=\"Trend\",IF(IF(OR(COLUMN()<7,COLUMN()>184),NA(),AVERAGE(CZ11:DD11))=\"\",NA(),IF(OR(COLUMN()<7,COLUMN()>184),NA(),AVERAGE(CZ11:DD11))),IF(INDEX(INDIRECT(Graph!$C$2&\"!$1:$99999\",TRUE),MATCH(DA$10,INDIRECT(Graph!$C$2&\"!$A:$A\",TRUE),0),MATCH($A11,INDIRECT(Graph!$C$2&\"!$4:$4\",TRUE),0))=0,31,INDEX(INDIRECT(Graph!$C$2&\"!$1:$99999\",TRUE),MATCH(DA$10,INDIRECT(Graph!$C$2&\"!$A:$A\",TRUE),0),MATCH($A11,INDIRECT(Graph!$C$2&\"!$4:$4\",TRUE),0)))))","v":{"$error":"#N/A"}},{"$f":"IF(ISERR(IF(Graph!$C$4=\"Trend\",IF(IF(OR(COLUMN()<7,COLUMN()>184),NA(),AVERAGE(DA11:DE11))=\"\",NA(),IF(OR(COLUMN()<7,COLUMN()>184),NA(),AVERAGE(DA11:DE11))),IF(INDEX(INDIRECT(Graph!$C$2&\"!$1:$99999\",TRUE),MATCH(DB$10,INDIRECT(Graph!$C$2&\"!$A:$A\",TRUE),0),MATCH($A11,INDIRECT(Graph!$C$2&\"!$4:$4\",TRUE),0))=0,31,INDEX(INDIRECT(Graph!$C$2&\"!$1:$99999\",TRUE),MATCH(DB$10,INDIRECT(Graph!$C$2&\"!$A:$A\",TRUE),0),MATCH($A11,INDIRECT(Graph!$C$2&\"!$4:$4\",TRUE),0))))),NA(),IF(Graph!$C$4=\"Trend\",IF(IF(OR(COLUMN()<7,COLUMN()>184),NA(),AVERAGE(DA11:DE11))=\"\",NA(),IF(OR(COLUMN()<7,COLUMN()>184),NA(),AVERAGE(DA11:DE11))),IF(INDEX(INDIRECT(Graph!$C$2&\"!$1:$99999\",TRUE),MATCH(DB$10,INDIRECT(Graph!$C$2&\"!$A:$A\",TRUE),0),MATCH($A11,INDIRECT(Graph!$C$2&\"!$4:$4\",TRUE),0))=0,31,INDEX(INDIRECT(Graph!$C$2&\"!$1:$99999\",TRUE),MATCH(DB$10,INDIRECT(Graph!$C$2&\"!$A:$A\",TRUE),0),MATCH($A11,INDIRECT(Graph!$C$2&\"!$4:$4\",TRUE),0)))))","v":{"$error":"#N/A"}},{"$f":"IF(ISERR(IF(Graph!$C$4=\"Trend\",IF(IF(OR(COLUMN()<7,COLUMN()>184),NA(),AVERAGE(DB11:DF11))=\"\",NA(),IF(OR(COLUMN()<7,COLUMN()>184),NA(),AVERAGE(DB11:DF11))),IF(INDEX(INDIRECT(Graph!$C$2&\"!$1:$99999\",TRUE),MATCH(DC$10,INDIRECT(Graph!$C$2&\"!$A:$A\",TRUE),0),MATCH($A11,INDIRECT(Graph!$C$2&\"!$4:$4\",TRUE),0))=0,31,INDEX(INDIRECT(Graph!$C$2&\"!$1:$99999\",TRUE),MATCH(DC$10,INDIRECT(Graph!$C$2&\"!$A:$A\",TRUE),0),MATCH($A11,INDIRECT(Graph!$C$2&\"!$4:$4\",TRUE),0))))),NA(),IF(Graph!$C$4=\"Trend\",IF(IF(OR(COLUMN()<7,COLUMN()>184),NA(),AVERAGE(DB11:DF11))=\"\",NA(),IF(OR(COLUMN()<7,COLUMN()>184),NA(),AVERAGE(DB11:DF11))),IF(INDEX(INDIRECT(Graph!$C$2&\"!$1:$99999\",TRUE),MATCH(DC$10,INDIRECT(Graph!$C$2&\"!$A:$A\",TRUE),0),MATCH($A11,INDIRECT(Graph!$C$2&\"!$4:$4\",TRUE),0))=0,31,INDEX(INDIRECT(Graph!$C$2&\"!$1:$99999\",TRUE),MATCH(DC$10,INDIRECT(Graph!$C$2&\"!$A:$A\",TRUE),0),MATCH($A11,INDIRECT(Graph!$C$2&\"!$4:$4\",TRUE),0)))))","v":{"$error":"#N/A"}},{"$f":"IF(ISERR(IF(Graph!$C$4=\"Trend\",IF(IF(OR(COLUMN()<7,COLUMN()>184),NA(),AVERAGE(DC11:DG11))=\"\",NA(),IF(OR(COLUMN()<7,COLUMN()>184),NA(),AVERAGE(DC11:DG11))),IF(INDEX(INDIRECT(Graph!$C$2&\"!$1:$99999\",TRUE),MATCH(DD$10,INDIRECT(Graph!$C$2&\"!$A:$A\",TRUE),0),MATCH($A11,INDIRECT(Graph!$C$2&\"!$4:$4\",TRUE),0))=0,31,INDEX(INDIRECT(Graph!$C$2&\"!$1:$99999\",TRUE),MATCH(DD$10,INDIRECT(Graph!$C$2&\"!$A:$A\",TRUE),0),MATCH($A11,INDIRECT(Graph!$C$2&\"!$4:$4\",TRUE),0))))),NA(),IF(Graph!$C$4=\"Trend\",IF(IF(OR(COLUMN()<7,COLUMN()>184),NA(),AVERAGE(DC11:DG11))=\"\",NA(),IF(OR(COLUMN()<7,COLUMN()>184),NA(),AVERAGE(DC11:DG11))),IF(INDEX(INDIRECT(Graph!$C$2&\"!$1:$99999\",TRUE),MATCH(DD$10,INDIRECT(Graph!$C$2&\"!$A:$A\",TRUE),0),MATCH($A11,INDIRECT(Graph!$C$2&\"!$4:$4\",TRUE),0))=0,31,INDEX(INDIRECT(Graph!$C$2&\"!$1:$99999\",TRUE),MATCH(DD$10,INDIRECT(Graph!$C$2&\"!$A:$A\",TRUE),0),MATCH($A11,INDIRECT(Graph!$C$2&\"!$4:$4\",TRUE),0)))))","v":{"$error":"#N/A"}},{"$f":"IF(ISERR(IF(Graph!$C$4=\"Trend\",IF(IF(OR(COLUMN()<7,COLUMN()>184),NA(),AVERAGE(DD11:DH11))=\"\",NA(),IF(OR(COLUMN()<7,COLUMN()>184),NA(),AVERAGE(DD11:DH11))),IF(INDEX(INDIRECT(Graph!$C$2&\"!$1:$99999\",TRUE),MATCH(DE$10,INDIRECT(Graph!$C$2&\"!$A:$A\",TRUE),0),MATCH($A11,INDIRECT(Graph!$C$2&\"!$4:$4\",TRUE),0))=0,31,INDEX(INDIRECT(Graph!$C$2&\"!$1:$99999\",TRUE),MATCH(DE$10,INDIRECT(Graph!$C$2&\"!$A:$A\",TRUE),0),MATCH($A11,INDIRECT(Graph!$C$2&\"!$4:$4\",TRUE),0))))),NA(),IF(Graph!$C$4=\"Trend\",IF(IF(OR(COLUMN()<7,COLUMN()>184),NA(),AVERAGE(DD11:DH11))=\"\",NA(),IF(OR(COLUMN()<7,COLUMN()>184),NA(),AVERAGE(DD11:DH11))),IF(INDEX(INDIRECT(Graph!$C$2&\"!$1:$99999\",TRUE),MATCH(DE$10,INDIRECT(Graph!$C$2&\"!$A:$A\",TRUE),0),MATCH($A11,INDIRECT(Graph!$C$2&\"!$4:$4\",TRUE),0))=0,31,INDEX(INDIRECT(Graph!$C$2&\"!$1:$99999\",TRUE),MATCH(DE$10,INDIRECT(Graph!$C$2&\"!$A:$A\",TRUE),0),MATCH($A11,INDIRECT(Graph!$C$2&\"!$4:$4\",TRUE),0)))))","v":{"$error":"#N/A"}},{"$f":"IF(ISERR(IF(Graph!$C$4=\"Trend\",IF(IF(OR(COLUMN()<7,COLUMN()>184),NA(),AVERAGE(DE11:DI11))=\"\",NA(),IF(OR(COLUMN()<7,COLUMN()>184),NA(),AVERAGE(DE11:DI11))),IF(INDEX(INDIRECT(Graph!$C$2&\"!$1:$99999\",TRUE),MATCH(DF$10,INDIRECT(Graph!$C$2&\"!$A:$A\",TRUE),0),MATCH($A11,INDIRECT(Graph!$C$2&\"!$4:$4\",TRUE),0))=0,31,INDEX(INDIRECT(Graph!$C$2&\"!$1:$99999\",TRUE),MATCH(DF$10,INDIRECT(Graph!$C$2&\"!$A:$A\",TRUE),0),MATCH($A11,INDIRECT(Graph!$C$2&\"!$4:$4\",TRUE),0))))),NA(),IF(Graph!$C$4=\"Trend\",IF(IF(OR(COLUMN()<7,COLUMN()>184),NA(),AVERAGE(DE11:DI11))=\"\",NA(),IF(OR(COLUMN()<7,COLUMN()>184),NA(),AVERAGE(DE11:DI11))),IF(INDEX(INDIRECT(Graph!$C$2&\"!$1:$99999\",TRUE),MATCH(DF$10,INDIRECT(Graph!$C$2&\"!$A:$A\",TRUE),0),MATCH($A11,INDIRECT(Graph!$C$2&\"!$4:$4\",TRUE),0))=0,31,INDEX(INDIRECT(Graph!$C$2&\"!$1:$99999\",TRUE),MATCH(DF$10,INDIRECT(Graph!$C$2&\"!$A:$A\",TRUE),0),MATCH($A11,INDIRECT(Graph!$C$2&\"!$4:$4\",TRUE),0)))))","v":{"$error":"#N/A"}},{"$f":"IF(ISERR(IF(Graph!$C$4=\"Trend\",IF(IF(OR(COLUMN()<7,COLUMN()>184),NA(),AVERAGE(DF11:DJ11))=\"\",NA(),IF(OR(COLUMN()<7,COLUMN()>184),NA(),AVERAGE(DF11:DJ11))),IF(INDEX(INDIRECT(Graph!$C$2&\"!$1:$99999\",TRUE),MATCH(DG$10,INDIRECT(Graph!$C$2&\"!$A:$A\",TRUE),0),MATCH($A11,INDIRECT(Graph!$C$2&\"!$4:$4\",TRUE),0))=0,31,INDEX(INDIRECT(Graph!$C$2&\"!$1:$99999\",TRUE),MATCH(DG$10,INDIRECT(Graph!$C$2&\"!$A:$A\",TRUE),0),MATCH($A11,INDIRECT(Graph!$C$2&\"!$4:$4\",TRUE),0))))),NA(),IF(Graph!$C$4=\"Trend\",IF(IF(OR(COLUMN()<7,COLUMN()>184),NA(),AVERAGE(DF11:DJ11))=\"\",NA(),IF(OR(COLUMN()<7,COLUMN()>184),NA(),AVERAGE(DF11:DJ11))),IF(INDEX(INDIRECT(Graph!$C$2&\"!$1:$99999\",TRUE),MATCH(DG$10,INDIRECT(Graph!$C$2&\"!$A:$A\",TRUE),0),MATCH($A11,INDIRECT(Graph!$C$2&\"!$4:$4\",TRUE),0))=0,31,INDEX(INDIRECT(Graph!$C$2&\"!$1:$99999\",TRUE),MATCH(DG$10,INDIRECT(Graph!$C$2&\"!$A:$A\",TRUE),0),MATCH($A11,INDIRECT(Graph!$C$2&\"!$4:$4\",TRUE),0)))))","v":{"$error":"#N/A"}},{"$f":"IF(ISERR(IF(Graph!$C$4=\"Trend\",IF(IF(OR(COLUMN()<7,COLUMN()>184),NA(),AVERAGE(DG11:DK11))=\"\",NA(),IF(OR(COLUMN()<7,COLUMN()>184),NA(),AVERAGE(DG11:DK11))),IF(INDEX(INDIRECT(Graph!$C$2&\"!$1:$99999\",TRUE),MATCH(DH$10,INDIRECT(Graph!$C$2&\"!$A:$A\",TRUE),0),MATCH($A11,INDIRECT(Graph!$C$2&\"!$4:$4\",TRUE),0))=0,31,INDEX(INDIRECT(Graph!$C$2&\"!$1:$99999\",TRUE),MATCH(DH$10,INDIRECT(Graph!$C$2&\"!$A:$A\",TRUE),0),MATCH($A11,INDIRECT(Graph!$C$2&\"!$4:$4\",TRUE),0))))),NA(),IF(Graph!$C$4=\"Trend\",IF(IF(OR(COLUMN()<7,COLUMN()>184),NA(),AVERAGE(DG11:DK11))=\"\",NA(),IF(OR(COLUMN()<7,COLUMN()>184),NA(),AVERAGE(DG11:DK11))),IF(INDEX(INDIRECT(Graph!$C$2&\"!$1:$99999\",TRUE),MATCH(DH$10,INDIRECT(Graph!$C$2&\"!$A:$A\",TRUE),0),MATCH($A11,INDIRECT(Graph!$C$2&\"!$4:$4\",TRUE),0))=0,31,INDEX(INDIRECT(Graph!$C$2&\"!$1:$99999\",TRUE),MATCH(DH$10,INDIRECT(Graph!$C$2&\"!$A:$A\",TRUE),0),MATCH($A11,INDIRECT(Graph!$C$2&\"!$4:$4\",TRUE),0)))))","v":{"$error":"#N/A"}},{"$f":"IF(ISERR(IF(Graph!$C$4=\"Trend\",IF(IF(OR(COLUMN()<7,COLUMN()>184),NA(),AVERAGE(DH11:DL11))=\"\",NA(),IF(OR(COLUMN()<7,COLUMN()>184),NA(),AVERAGE(DH11:DL11))),IF(INDEX(INDIRECT(Graph!$C$2&\"!$1:$99999\",TRUE),MATCH(DI$10,INDIRECT(Graph!$C$2&\"!$A:$A\",TRUE),0),MATCH($A11,INDIRECT(Graph!$C$2&\"!$4:$4\",TRUE),0))=0,31,INDEX(INDIRECT(Graph!$C$2&\"!$1:$99999\",TRUE),MATCH(DI$10,INDIRECT(Graph!$C$2&\"!$A:$A\",TRUE),0),MATCH($A11,INDIRECT(Graph!$C$2&\"!$4:$4\",TRUE),0))))),NA(),IF(Graph!$C$4=\"Trend\",IF(IF(OR(COLUMN()<7,COLUMN()>184),NA(),AVERAGE(DH11:DL11))=\"\",NA(),IF(OR(COLUMN()<7,COLUMN()>184),NA(),AVERAGE(DH11:DL11))),IF(INDEX(INDIRECT(Graph!$C$2&\"!$1:$99999\",TRUE),MATCH(DI$10,INDIRECT(Graph!$C$2&\"!$A:$A\",TRUE),0),MATCH($A11,INDIRECT(Graph!$C$2&\"!$4:$4\",TRUE),0))=0,31,INDEX(INDIRECT(Graph!$C$2&\"!$1:$99999\",TRUE),MATCH(DI$10,INDIRECT(Graph!$C$2&\"!$A:$A\",TRUE),0),MATCH($A11,INDIRECT(Graph!$C$2&\"!$4:$4\",TRUE),0)))))","v":{"$error":"#N/A"}},{"$f":"IF(ISERR(IF(Graph!$C$4=\"Trend\",IF(IF(OR(COLUMN()<7,COLUMN()>184),NA(),AVERAGE(DI11:DM11))=\"\",NA(),IF(OR(COLUMN()<7,COLUMN()>184),NA(),AVERAGE(DI11:DM11))),IF(INDEX(INDIRECT(Graph!$C$2&\"!$1:$99999\",TRUE),MATCH(DJ$10,INDIRECT(Graph!$C$2&\"!$A:$A\",TRUE),0),MATCH($A11,INDIRECT(Graph!$C$2&\"!$4:$4\",TRUE),0))=0,31,INDEX(INDIRECT(Graph!$C$2&\"!$1:$99999\",TRUE),MATCH(DJ$10,INDIRECT(Graph!$C$2&\"!$A:$A\",TRUE),0),MATCH($A11,INDIRECT(Graph!$C$2&\"!$4:$4\",TRUE),0))))),NA(),IF(Graph!$C$4=\"Trend\",IF(IF(OR(COLUMN()<7,COLUMN()>184),NA(),AVERAGE(DI11:DM11))=\"\",NA(),IF(OR(COLUMN()<7,COLUMN()>184),NA(),AVERAGE(DI11:DM11))),IF(INDEX(INDIRECT(Graph!$C$2&\"!$1:$99999\",TRUE),MATCH(DJ$10,INDIRECT(Graph!$C$2&\"!$A:$A\",TRUE),0),MATCH($A11,INDIRECT(Graph!$C$2&\"!$4:$4\",TRUE),0))=0,31,INDEX(INDIRECT(Graph!$C$2&\"!$1:$99999\",TRUE),MATCH(DJ$10,INDIRECT(Graph!$C$2&\"!$A:$A\",TRUE),0),MATCH($A11,INDIRECT(Graph!$C$2&\"!$4:$4\",TRUE),0)))))","v":{"$error":"#N/A"}},{"$f":"IF(ISERR(IF(Graph!$C$4=\"Trend\",IF(IF(OR(COLUMN()<7,COLUMN()>184),NA(),AVERAGE(DJ11:DN11))=\"\",NA(),IF(OR(COLUMN()<7,COLUMN()>184),NA(),AVERAGE(DJ11:DN11))),IF(INDEX(INDIRECT(Graph!$C$2&\"!$1:$99999\",TRUE),MATCH(DK$10,INDIRECT(Graph!$C$2&\"!$A:$A\",TRUE),0),MATCH($A11,INDIRECT(Graph!$C$2&\"!$4:$4\",TRUE),0))=0,31,INDEX(INDIRECT(Graph!$C$2&\"!$1:$99999\",TRUE),MATCH(DK$10,INDIRECT(Graph!$C$2&\"!$A:$A\",TRUE),0),MATCH($A11,INDIRECT(Graph!$C$2&\"!$4:$4\",TRUE),0))))),NA(),IF(Graph!$C$4=\"Trend\",IF(IF(OR(COLUMN()<7,COLUMN()>184),NA(),AVERAGE(DJ11:DN11))=\"\",NA(),IF(OR(COLUMN()<7,COLUMN()>184),NA(),AVERAGE(DJ11:DN11))),IF(INDEX(INDIRECT(Graph!$C$2&\"!$1:$99999\",TRUE),MATCH(DK$10,INDIRECT(Graph!$C$2&\"!$A:$A\",TRUE),0),MATCH($A11,INDIRECT(Graph!$C$2&\"!$4:$4\",TRUE),0))=0,31,INDEX(INDIRECT(Graph!$C$2&\"!$1:$99999\",TRUE),MATCH(DK$10,INDIRECT(Graph!$C$2&\"!$A:$A\",TRUE),0),MATCH($A11,INDIRECT(Graph!$C$2&\"!$4:$4\",TRUE),0)))))","v":{"$error":"#N/A"}},{"$f":"IF(ISERR(IF(Graph!$C$4=\"Trend\",IF(IF(OR(COLUMN()<7,COLUMN()>184),NA(),AVERAGE(DK11:DO11))=\"\",NA(),IF(OR(COLUMN()<7,COLUMN()>184),NA(),AVERAGE(DK11:DO11))),IF(INDEX(INDIRECT(Graph!$C$2&\"!$1:$99999\",TRUE),MATCH(DL$10,INDIRECT(Graph!$C$2&\"!$A:$A\",TRUE),0),MATCH($A11,INDIRECT(Graph!$C$2&\"!$4:$4\",TRUE),0))=0,31,INDEX(INDIRECT(Graph!$C$2&\"!$1:$99999\",TRUE),MATCH(DL$10,INDIRECT(Graph!$C$2&\"!$A:$A\",TRUE),0),MATCH($A11,INDIRECT(Graph!$C$2&\"!$4:$4\",TRUE),0))))),NA(),IF(Graph!$C$4=\"Trend\",IF(IF(OR(COLUMN()<7,COLUMN()>184),NA(),AVERAGE(DK11:DO11))=\"\",NA(),IF(OR(COLUMN()<7,COLUMN()>184),NA(),AVERAGE(DK11:DO11))),IF(INDEX(INDIRECT(Graph!$C$2&\"!$1:$99999\",TRUE),MATCH(DL$10,INDIRECT(Graph!$C$2&\"!$A:$A\",TRUE),0),MATCH($A11,INDIRECT(Graph!$C$2&\"!$4:$4\",TRUE),0))=0,31,INDEX(INDIRECT(Graph!$C$2&\"!$1:$99999\",TRUE),MATCH(DL$10,INDIRECT(Graph!$C$2&\"!$A:$A\",TRUE),0),MATCH($A11,INDIRECT(Graph!$C$2&\"!$4:$4\",TRUE),0)))))","v":{"$error":"#N/A"}},{"$f":"IF(ISERR(IF(Graph!$C$4=\"Trend\",IF(IF(OR(COLUMN()<7,COLUMN()>184),NA(),AVERAGE(DL11:DP11))=\"\",NA(),IF(OR(COLUMN()<7,COLUMN()>184),NA(),AVERAGE(DL11:DP11))),IF(INDEX(INDIRECT(Graph!$C$2&\"!$1:$99999\",TRUE),MATCH(DM$10,INDIRECT(Graph!$C$2&\"!$A:$A\",TRUE),0),MATCH($A11,INDIRECT(Graph!$C$2&\"!$4:$4\",TRUE),0))=0,31,INDEX(INDIRECT(Graph!$C$2&\"!$1:$99999\",TRUE),MATCH(DM$10,INDIRECT(Graph!$C$2&\"!$A:$A\",TRUE),0),MATCH($A11,INDIRECT(Graph!$C$2&\"!$4:$4\",TRUE),0))))),NA(),IF(Graph!$C$4=\"Trend\",IF(IF(OR(COLUMN()<7,COLUMN()>184),NA(),AVERAGE(DL11:DP11))=\"\",NA(),IF(OR(COLUMN()<7,COLUMN()>184),NA(),AVERAGE(DL11:DP11))),IF(INDEX(INDIRECT(Graph!$C$2&\"!$1:$99999\",TRUE),MATCH(DM$10,INDIRECT(Graph!$C$2&\"!$A:$A\",TRUE),0),MATCH($A11,INDIRECT(Graph!$C$2&\"!$4:$4\",TRUE),0))=0,31,INDEX(INDIRECT(Graph!$C$2&\"!$1:$99999\",TRUE),MATCH(DM$10,INDIRECT(Graph!$C$2&\"!$A:$A\",TRUE),0),MATCH($A11,INDIRECT(Graph!$C$2&\"!$4:$4\",TRUE),0)))))","v":{"$error":"#N/A"}},{"$f":"IF(ISERR(IF(Graph!$C$4=\"Trend\",IF(IF(OR(COLUMN()<7,COLUMN()>184),NA(),AVERAGE(DM11:DQ11))=\"\",NA(),IF(OR(COLUMN()<7,COLUMN()>184),NA(),AVERAGE(DM11:DQ11))),IF(INDEX(INDIRECT(Graph!$C$2&\"!$1:$99999\",TRUE),MATCH(DN$10,INDIRECT(Graph!$C$2&\"!$A:$A\",TRUE),0),MATCH($A11,INDIRECT(Graph!$C$2&\"!$4:$4\",TRUE),0))=0,31,INDEX(INDIRECT(Graph!$C$2&\"!$1:$99999\",TRUE),MATCH(DN$10,INDIRECT(Graph!$C$2&\"!$A:$A\",TRUE),0),MATCH($A11,INDIRECT(Graph!$C$2&\"!$4:$4\",TRUE),0))))),NA(),IF(Graph!$C$4=\"Trend\",IF(IF(OR(COLUMN()<7,COLUMN()>184),NA(),AVERAGE(DM11:DQ11))=\"\",NA(),IF(OR(COLUMN()<7,COLUMN()>184),NA(),AVERAGE(DM11:DQ11))),IF(INDEX(INDIRECT(Graph!$C$2&\"!$1:$99999\",TRUE),MATCH(DN$10,INDIRECT(Graph!$C$2&\"!$A:$A\",TRUE),0),MATCH($A11,INDIRECT(Graph!$C$2&\"!$4:$4\",TRUE),0))=0,31,INDEX(INDIRECT(Graph!$C$2&\"!$1:$99999\",TRUE),MATCH(DN$10,INDIRECT(Graph!$C$2&\"!$A:$A\",TRUE),0),MATCH($A11,INDIRECT(Graph!$C$2&\"!$4:$4\",TRUE),0)))))","v":{"$error":"#N/A"}},{"$f":"IF(ISERR(IF(Graph!$C$4=\"Trend\",IF(IF(OR(COLUMN()<7,COLUMN()>184),NA(),AVERAGE(DN11:DR11))=\"\",NA(),IF(OR(COLUMN()<7,COLUMN()>184),NA(),AVERAGE(DN11:DR11))),IF(INDEX(INDIRECT(Graph!$C$2&\"!$1:$99999\",TRUE),MATCH(DO$10,INDIRECT(Graph!$C$2&\"!$A:$A\",TRUE),0),MATCH($A11,INDIRECT(Graph!$C$2&\"!$4:$4\",TRUE),0))=0,31,INDEX(INDIRECT(Graph!$C$2&\"!$1:$99999\",TRUE),MATCH(DO$10,INDIRECT(Graph!$C$2&\"!$A:$A\",TRUE),0),MATCH($A11,INDIRECT(Graph!$C$2&\"!$4:$4\",TRUE),0))))),NA(),IF(Graph!$C$4=\"Trend\",IF(IF(OR(COLUMN()<7,COLUMN()>184),NA(),AVERAGE(DN11:DR11))=\"\",NA(),IF(OR(COLUMN()<7,COLUMN()>184),NA(),AVERAGE(DN11:DR11))),IF(INDEX(INDIRECT(Graph!$C$2&\"!$1:$99999\",TRUE),MATCH(DO$10,INDIRECT(Graph!$C$2&\"!$A:$A\",TRUE),0),MATCH($A11,INDIRECT(Graph!$C$2&\"!$4:$4\",TRUE),0))=0,31,INDEX(INDIRECT(Graph!$C$2&\"!$1:$99999\",TRUE),MATCH(DO$10,INDIRECT(Graph!$C$2&\"!$A:$A\",TRUE),0),MATCH($A11,INDIRECT(Graph!$C$2&\"!$4:$4\",TRUE),0)))))","v":{"$error":"#N/A"}},{"$f":"IF(ISERR(IF(Graph!$C$4=\"Trend\",IF(IF(OR(COLUMN()<7,COLUMN()>184),NA(),AVERAGE(DO11:DS11))=\"\",NA(),IF(OR(COLUMN()<7,COLUMN()>184),NA(),AVERAGE(DO11:DS11))),IF(INDEX(INDIRECT(Graph!$C$2&\"!$1:$99999\",TRUE),MATCH(DP$10,INDIRECT(Graph!$C$2&\"!$A:$A\",TRUE),0),MATCH($A11,INDIRECT(Graph!$C$2&\"!$4:$4\",TRUE),0))=0,31,INDEX(INDIRECT(Graph!$C$2&\"!$1:$99999\",TRUE),MATCH(DP$10,INDIRECT(Graph!$C$2&\"!$A:$A\",TRUE),0),MATCH($A11,INDIRECT(Graph!$C$2&\"!$4:$4\",TRUE),0))))),NA(),IF(Graph!$C$4=\"Trend\",IF(IF(OR(COLUMN()<7,COLUMN()>184),NA(),AVERAGE(DO11:DS11))=\"\",NA(),IF(OR(COLUMN()<7,COLUMN()>184),NA(),AVERAGE(DO11:DS11))),IF(INDEX(INDIRECT(Graph!$C$2&\"!$1:$99999\",TRUE),MATCH(DP$10,INDIRECT(Graph!$C$2&\"!$A:$A\",TRUE),0),MATCH($A11,INDIRECT(Graph!$C$2&\"!$4:$4\",TRUE),0))=0,31,INDEX(INDIRECT(Graph!$C$2&\"!$1:$99999\",TRUE),MATCH(DP$10,INDIRECT(Graph!$C$2&\"!$A:$A\",TRUE),0),MATCH($A11,INDIRECT(Graph!$C$2&\"!$4:$4\",TRUE),0)))))","v":{"$error":"#N/A"}},{"$f":"IF(ISERR(IF(Graph!$C$4=\"Trend\",IF(IF(OR(COLUMN()<7,COLUMN()>184),NA(),AVERAGE(DP11:DT11))=\"\",NA(),IF(OR(COLUMN()<7,COLUMN()>184),NA(),AVERAGE(DP11:DT11))),IF(INDEX(INDIRECT(Graph!$C$2&\"!$1:$99999\",TRUE),MATCH(DQ$10,INDIRECT(Graph!$C$2&\"!$A:$A\",TRUE),0),MATCH($A11,INDIRECT(Graph!$C$2&\"!$4:$4\",TRUE),0))=0,31,INDEX(INDIRECT(Graph!$C$2&\"!$1:$99999\",TRUE),MATCH(DQ$10,INDIRECT(Graph!$C$2&\"!$A:$A\",TRUE),0),MATCH($A11,INDIRECT(Graph!$C$2&\"!$4:$4\",TRUE),0))))),NA(),IF(Graph!$C$4=\"Trend\",IF(IF(OR(COLUMN()<7,COLUMN()>184),NA(),AVERAGE(DP11:DT11))=\"\",NA(),IF(OR(COLUMN()<7,COLUMN()>184),NA(),AVERAGE(DP11:DT11))),IF(INDEX(INDIRECT(Graph!$C$2&\"!$1:$99999\",TRUE),MATCH(DQ$10,INDIRECT(Graph!$C$2&\"!$A:$A\",TRUE),0),MATCH($A11,INDIRECT(Graph!$C$2&\"!$4:$4\",TRUE),0))=0,31,INDEX(INDIRECT(Graph!$C$2&\"!$1:$99999\",TRUE),MATCH(DQ$10,INDIRECT(Graph!$C$2&\"!$A:$A\",TRUE),0),MATCH($A11,INDIRECT(Graph!$C$2&\"!$4:$4\",TRUE),0)))))","v":{"$error":"#N/A"}},{"$f":"IF(ISERR(IF(Graph!$C$4=\"Trend\",IF(IF(OR(COLUMN()<7,COLUMN()>184),NA(),AVERAGE(DQ11:DU11))=\"\",NA(),IF(OR(COLUMN()<7,COLUMN()>184),NA(),AVERAGE(DQ11:DU11))),IF(INDEX(INDIRECT(Graph!$C$2&\"!$1:$99999\",TRUE),MATCH(DR$10,INDIRECT(Graph!$C$2&\"!$A:$A\",TRUE),0),MATCH($A11,INDIRECT(Graph!$C$2&\"!$4:$4\",TRUE),0))=0,31,INDEX(INDIRECT(Graph!$C$2&\"!$1:$99999\",TRUE),MATCH(DR$10,INDIRECT(Graph!$C$2&\"!$A:$A\",TRUE),0),MATCH($A11,INDIRECT(Graph!$C$2&\"!$4:$4\",TRUE),0))))),NA(),IF(Graph!$C$4=\"Trend\",IF(IF(OR(COLUMN()<7,COLUMN()>184),NA(),AVERAGE(DQ11:DU11))=\"\",NA(),IF(OR(COLUMN()<7,COLUMN()>184),NA(),AVERAGE(DQ11:DU11))),IF(INDEX(INDIRECT(Graph!$C$2&\"!$1:$99999\",TRUE),MATCH(DR$10,INDIRECT(Graph!$C$2&\"!$A:$A\",TRUE),0),MATCH($A11,INDIRECT(Graph!$C$2&\"!$4:$4\",TRUE),0))=0,31,INDEX(INDIRECT(Graph!$C$2&\"!$1:$99999\",TRUE),MATCH(DR$10,INDIRECT(Graph!$C$2&\"!$A:$A\",TRUE),0),MATCH($A11,INDIRECT(Graph!$C$2&\"!$4:$4\",TRUE),0)))))","v":{"$error":"#N/A"}},{"$f":"IF(ISERR(IF(Graph!$C$4=\"Trend\",IF(IF(OR(COLUMN()<7,COLUMN()>184),NA(),AVERAGE(DR11:DV11))=\"\",NA(),IF(OR(COLUMN()<7,COLUMN()>184),NA(),AVERAGE(DR11:DV11))),IF(INDEX(INDIRECT(Graph!$C$2&\"!$1:$99999\",TRUE),MATCH(DS$10,INDIRECT(Graph!$C$2&\"!$A:$A\",TRUE),0),MATCH($A11,INDIRECT(Graph!$C$2&\"!$4:$4\",TRUE),0))=0,31,INDEX(INDIRECT(Graph!$C$2&\"!$1:$99999\",TRUE),MATCH(DS$10,INDIRECT(Graph!$C$2&\"!$A:$A\",TRUE),0),MATCH($A11,INDIRECT(Graph!$C$2&\"!$4:$4\",TRUE),0))))),NA(),IF(Graph!$C$4=\"Trend\",IF(IF(OR(COLUMN()<7,COLUMN()>184),NA(),AVERAGE(DR11:DV11))=\"\",NA(),IF(OR(COLUMN()<7,COLUMN()>184),NA(),AVERAGE(DR11:DV11))),IF(INDEX(INDIRECT(Graph!$C$2&\"!$1:$99999\",TRUE),MATCH(DS$10,INDIRECT(Graph!$C$2&\"!$A:$A\",TRUE),0),MATCH($A11,INDIRECT(Graph!$C$2&\"!$4:$4\",TRUE),0))=0,31,INDEX(INDIRECT(Graph!$C$2&\"!$1:$99999\",TRUE),MATCH(DS$10,INDIRECT(Graph!$C$2&\"!$A:$A\",TRUE),0),MATCH($A11,INDIRECT(Graph!$C$2&\"!$4:$4\",TRUE),0)))))","v":{"$error":"#N/A"}},{"$f":"IF(ISERR(IF(Graph!$C$4=\"Trend\",IF(IF(OR(COLUMN()<7,COLUMN()>184),NA(),AVERAGE(DS11:DW11))=\"\",NA(),IF(OR(COLUMN()<7,COLUMN()>184),NA(),AVERAGE(DS11:DW11))),IF(INDEX(INDIRECT(Graph!$C$2&\"!$1:$99999\",TRUE),MATCH(DT$10,INDIRECT(Graph!$C$2&\"!$A:$A\",TRUE),0),MATCH($A11,INDIRECT(Graph!$C$2&\"!$4:$4\",TRUE),0))=0,31,INDEX(INDIRECT(Graph!$C$2&\"!$1:$99999\",TRUE),MATCH(DT$10,INDIRECT(Graph!$C$2&\"!$A:$A\",TRUE),0),MATCH($A11,INDIRECT(Graph!$C$2&\"!$4:$4\",TRUE),0))))),NA(),IF(Graph!$C$4=\"Trend\",IF(IF(OR(COLUMN()<7,COLUMN()>184),NA(),AVERAGE(DS11:DW11))=\"\",NA(),IF(OR(COLUMN()<7,COLUMN()>184),NA(),AVERAGE(DS11:DW11))),IF(INDEX(INDIRECT(Graph!$C$2&\"!$1:$99999\",TRUE),MATCH(DT$10,INDIRECT(Graph!$C$2&\"!$A:$A\",TRUE),0),MATCH($A11,INDIRECT(Graph!$C$2&\"!$4:$4\",TRUE),0))=0,31,INDEX(INDIRECT(Graph!$C$2&\"!$1:$99999\",TRUE),MATCH(DT$10,INDIRECT(Graph!$C$2&\"!$A:$A\",TRUE),0),MATCH($A11,INDIRECT(Graph!$C$2&\"!$4:$4\",TRUE),0)))))","v":{"$error":"#N/A"}},{"$f":"IF(ISERR(IF(Graph!$C$4=\"Trend\",IF(IF(OR(COLUMN()<7,COLUMN()>184),NA(),AVERAGE(DT11:DX11))=\"\",NA(),IF(OR(COLUMN()<7,COLUMN()>184),NA(),AVERAGE(DT11:DX11))),IF(INDEX(INDIRECT(Graph!$C$2&\"!$1:$99999\",TRUE),MATCH(DU$10,INDIRECT(Graph!$C$2&\"!$A:$A\",TRUE),0),MATCH($A11,INDIRECT(Graph!$C$2&\"!$4:$4\",TRUE),0))=0,31,INDEX(INDIRECT(Graph!$C$2&\"!$1:$99999\",TRUE),MATCH(DU$10,INDIRECT(Graph!$C$2&\"!$A:$A\",TRUE),0),MATCH($A11,INDIRECT(Graph!$C$2&\"!$4:$4\",TRUE),0))))),NA(),IF(Graph!$C$4=\"Trend\",IF(IF(OR(COLUMN()<7,COLUMN()>184),NA(),AVERAGE(DT11:DX11))=\"\",NA(),IF(OR(COLUMN()<7,COLUMN()>184),NA(),AVERAGE(DT11:DX11))),IF(INDEX(INDIRECT(Graph!$C$2&\"!$1:$99999\",TRUE),MATCH(DU$10,INDIRECT(Graph!$C$2&\"!$A:$A\",TRUE),0),MATCH($A11,INDIRECT(Graph!$C$2&\"!$4:$4\",TRUE),0))=0,31,INDEX(INDIRECT(Graph!$C$2&\"!$1:$99999\",TRUE),MATCH(DU$10,INDIRECT(Graph!$C$2&\"!$A:$A\",TRUE),0),MATCH($A11,INDIRECT(Graph!$C$2&\"!$4:$4\",TRUE),0)))))","v":{"$error":"#N/A"}},{"$f":"IF(ISERR(IF(Graph!$C$4=\"Trend\",IF(IF(OR(COLUMN()<7,COLUMN()>184),NA(),AVERAGE(DU11:DY11))=\"\",NA(),IF(OR(COLUMN()<7,COLUMN()>184),NA(),AVERAGE(DU11:DY11))),IF(INDEX(INDIRECT(Graph!$C$2&\"!$1:$99999\",TRUE),MATCH(DV$10,INDIRECT(Graph!$C$2&\"!$A:$A\",TRUE),0),MATCH($A11,INDIRECT(Graph!$C$2&\"!$4:$4\",TRUE),0))=0,31,INDEX(INDIRECT(Graph!$C$2&\"!$1:$99999\",TRUE),MATCH(DV$10,INDIRECT(Graph!$C$2&\"!$A:$A\",TRUE),0),MATCH($A11,INDIRECT(Graph!$C$2&\"!$4:$4\",TRUE),0))))),NA(),IF(Graph!$C$4=\"Trend\",IF(IF(OR(COLUMN()<7,COLUMN()>184),NA(),AVERAGE(DU11:DY11))=\"\",NA(),IF(OR(COLUMN()<7,COLUMN()>184),NA(),AVERAGE(DU11:DY11))),IF(INDEX(INDIRECT(Graph!$C$2&\"!$1:$99999\",TRUE),MATCH(DV$10,INDIRECT(Graph!$C$2&\"!$A:$A\",TRUE),0),MATCH($A11,INDIRECT(Graph!$C$2&\"!$4:$4\",TRUE),0))=0,31,INDEX(INDIRECT(Graph!$C$2&\"!$1:$99999\",TRUE),MATCH(DV$10,INDIRECT(Graph!$C$2&\"!$A:$A\",TRUE),0),MATCH($A11,INDIRECT(Graph!$C$2&\"!$4:$4\",TRUE),0)))))","v":{"$error":"#N/A"}},{"$f":"IF(ISERR(IF(Graph!$C$4=\"Trend\",IF(IF(OR(COLUMN()<7,COLUMN()>184),NA(),AVERAGE(DV11:DZ11))=\"\",NA(),IF(OR(COLUMN()<7,COLUMN()>184),NA(),AVERAGE(DV11:DZ11))),IF(INDEX(INDIRECT(Graph!$C$2&\"!$1:$99999\",TRUE),MATCH(DW$10,INDIRECT(Graph!$C$2&\"!$A:$A\",TRUE),0),MATCH($A11,INDIRECT(Graph!$C$2&\"!$4:$4\",TRUE),0))=0,31,INDEX(INDIRECT(Graph!$C$2&\"!$1:$99999\",TRUE),MATCH(DW$10,INDIRECT(Graph!$C$2&\"!$A:$A\",TRUE),0),MATCH($A11,INDIRECT(Graph!$C$2&\"!$4:$4\",TRUE),0))))),NA(),IF(Graph!$C$4=\"Trend\",IF(IF(OR(COLUMN()<7,COLUMN()>184),NA(),AVERAGE(DV11:DZ11))=\"\",NA(),IF(OR(COLUMN()<7,COLUMN()>184),NA(),AVERAGE(DV11:DZ11))),IF(INDEX(INDIRECT(Graph!$C$2&\"!$1:$99999\",TRUE),MATCH(DW$10,INDIRECT(Graph!$C$2&\"!$A:$A\",TRUE),0),MATCH($A11,INDIRECT(Graph!$C$2&\"!$4:$4\",TRUE),0))=0,31,INDEX(INDIRECT(Graph!$C$2&\"!$1:$99999\",TRUE),MATCH(DW$10,INDIRECT(Graph!$C$2&\"!$A:$A\",TRUE),0),MATCH($A11,INDIRECT(Graph!$C$2&\"!$4:$4\",TRUE),0)))))","v":{"$error":"#N/A"}},{"$f":"IF(ISERR(IF(Graph!$C$4=\"Trend\",IF(IF(OR(COLUMN()<7,COLUMN()>184),NA(),AVERAGE(DW11:EA11))=\"\",NA(),IF(OR(COLUMN()<7,COLUMN()>184),NA(),AVERAGE(DW11:EA11))),IF(INDEX(INDIRECT(Graph!$C$2&\"!$1:$99999\",TRUE),MATCH(DX$10,INDIRECT(Graph!$C$2&\"!$A:$A\",TRUE),0),MATCH($A11,INDIRECT(Graph!$C$2&\"!$4:$4\",TRUE),0))=0,31,INDEX(INDIRECT(Graph!$C$2&\"!$1:$99999\",TRUE),MATCH(DX$10,INDIRECT(Graph!$C$2&\"!$A:$A\",TRUE),0),MATCH($A11,INDIRECT(Graph!$C$2&\"!$4:$4\",TRUE),0))))),NA(),IF(Graph!$C$4=\"Trend\",IF(IF(OR(COLUMN()<7,COLUMN()>184),NA(),AVERAGE(DW11:EA11))=\"\",NA(),IF(OR(COLUMN()<7,COLUMN()>184),NA(),AVERAGE(DW11:EA11))),IF(INDEX(INDIRECT(Graph!$C$2&\"!$1:$99999\",TRUE),MATCH(DX$10,INDIRECT(Graph!$C$2&\"!$A:$A\",TRUE),0),MATCH($A11,INDIRECT(Graph!$C$2&\"!$4:$4\",TRUE),0))=0,31,INDEX(INDIRECT(Graph!$C$2&\"!$1:$99999\",TRUE),MATCH(DX$10,INDIRECT(Graph!$C$2&\"!$A:$A\",TRUE),0),MATCH($A11,INDIRECT(Graph!$C$2&\"!$4:$4\",TRUE),0)))))","v":{"$error":"#N/A"}},{"$f":"IF(ISERR(IF(Graph!$C$4=\"Trend\",IF(IF(OR(COLUMN()<7,COLUMN()>184),NA(),AVERAGE(DX11:EB11))=\"\",NA(),IF(OR(COLUMN()<7,COLUMN()>184),NA(),AVERAGE(DX11:EB11))),IF(INDEX(INDIRECT(Graph!$C$2&\"!$1:$99999\",TRUE),MATCH(DY$10,INDIRECT(Graph!$C$2&\"!$A:$A\",TRUE),0),MATCH($A11,INDIRECT(Graph!$C$2&\"!$4:$4\",TRUE),0))=0,31,INDEX(INDIRECT(Graph!$C$2&\"!$1:$99999\",TRUE),MATCH(DY$10,INDIRECT(Graph!$C$2&\"!$A:$A\",TRUE),0),MATCH($A11,INDIRECT(Graph!$C$2&\"!$4:$4\",TRUE),0))))),NA(),IF(Graph!$C$4=\"Trend\",IF(IF(OR(COLUMN()<7,COLUMN()>184),NA(),AVERAGE(DX11:EB11))=\"\",NA(),IF(OR(COLUMN()<7,COLUMN()>184),NA(),AVERAGE(DX11:EB11))),IF(INDEX(INDIRECT(Graph!$C$2&\"!$1:$99999\",TRUE),MATCH(DY$10,INDIRECT(Graph!$C$2&\"!$A:$A\",TRUE),0),MATCH($A11,INDIRECT(Graph!$C$2&\"!$4:$4\",TRUE),0))=0,31,INDEX(INDIRECT(Graph!$C$2&\"!$1:$99999\",TRUE),MATCH(DY$10,INDIRECT(Graph!$C$2&\"!$A:$A\",TRUE),0),MATCH($A11,INDIRECT(Graph!$C$2&\"!$4:$4\",TRUE),0)))))","v":{"$error":"#N/A"}},{"$f":"IF(ISERR(IF(Graph!$C$4=\"Trend\",IF(IF(OR(COLUMN()<7,COLUMN()>184),NA(),AVERAGE(DY11:EC11))=\"\",NA(),IF(OR(COLUMN()<7,COLUMN()>184),NA(),AVERAGE(DY11:EC11))),IF(INDEX(INDIRECT(Graph!$C$2&\"!$1:$99999\",TRUE),MATCH(DZ$10,INDIRECT(Graph!$C$2&\"!$A:$A\",TRUE),0),MATCH($A11,INDIRECT(Graph!$C$2&\"!$4:$4\",TRUE),0))=0,31,INDEX(INDIRECT(Graph!$C$2&\"!$1:$99999\",TRUE),MATCH(DZ$10,INDIRECT(Graph!$C$2&\"!$A:$A\",TRUE),0),MATCH($A11,INDIRECT(Graph!$C$2&\"!$4:$4\",TRUE),0))))),NA(),IF(Graph!$C$4=\"Trend\",IF(IF(OR(COLUMN()<7,COLUMN()>184),NA(),AVERAGE(DY11:EC11))=\"\",NA(),IF(OR(COLUMN()<7,COLUMN()>184),NA(),AVERAGE(DY11:EC11))),IF(INDEX(INDIRECT(Graph!$C$2&\"!$1:$99999\",TRUE),MATCH(DZ$10,INDIRECT(Graph!$C$2&\"!$A:$A\",TRUE),0),MATCH($A11,INDIRECT(Graph!$C$2&\"!$4:$4\",TRUE),0))=0,31,INDEX(INDIRECT(Graph!$C$2&\"!$1:$99999\",TRUE),MATCH(DZ$10,INDIRECT(Graph!$C$2&\"!$A:$A\",TRUE),0),MATCH($A11,INDIRECT(Graph!$C$2&\"!$4:$4\",TRUE),0)))))","v":{"$error":"#N/A"}},{"$f":"IF(ISERR(IF(Graph!$C$4=\"Trend\",IF(IF(OR(COLUMN()<7,COLUMN()>184),NA(),AVERAGE(DZ11:ED11))=\"\",NA(),IF(OR(COLUMN()<7,COLUMN()>184),NA(),AVERAGE(DZ11:ED11))),IF(INDEX(INDIRECT(Graph!$C$2&\"!$1:$99999\",TRUE),MATCH(EA$10,INDIRECT(Graph!$C$2&\"!$A:$A\",TRUE),0),MATCH($A11,INDIRECT(Graph!$C$2&\"!$4:$4\",TRUE),0))=0,31,INDEX(INDIRECT(Graph!$C$2&\"!$1:$99999\",TRUE),MATCH(EA$10,INDIRECT(Graph!$C$2&\"!$A:$A\",TRUE),0),MATCH($A11,INDIRECT(Graph!$C$2&\"!$4:$4\",TRUE),0))))),NA(),IF(Graph!$C$4=\"Trend\",IF(IF(OR(COLUMN()<7,COLUMN()>184),NA(),AVERAGE(DZ11:ED11))=\"\",NA(),IF(OR(COLUMN()<7,COLUMN()>184),NA(),AVERAGE(DZ11:ED11))),IF(INDEX(INDIRECT(Graph!$C$2&\"!$1:$99999\",TRUE),MATCH(EA$10,INDIRECT(Graph!$C$2&\"!$A:$A\",TRUE),0),MATCH($A11,INDIRECT(Graph!$C$2&\"!$4:$4\",TRUE),0))=0,31,INDEX(INDIRECT(Graph!$C$2&\"!$1:$99999\",TRUE),MATCH(EA$10,INDIRECT(Graph!$C$2&\"!$A:$A\",TRUE),0),MATCH($A11,INDIRECT(Graph!$C$2&\"!$4:$4\",TRUE),0)))))","v":{"$error":"#N/A"}},{"$f":"IF(ISERR(IF(Graph!$C$4=\"Trend\",IF(IF(OR(COLUMN()<7,COLUMN()>184),NA(),AVERAGE(EA11:EE11))=\"\",NA(),IF(OR(COLUMN()<7,COLUMN()>184),NA(),AVERAGE(EA11:EE11))),IF(INDEX(INDIRECT(Graph!$C$2&\"!$1:$99999\",TRUE),MATCH(EB$10,INDIRECT(Graph!$C$2&\"!$A:$A\",TRUE),0),MATCH($A11,INDIRECT(Graph!$C$2&\"!$4:$4\",TRUE),0))=0,31,INDEX(INDIRECT(Graph!$C$2&\"!$1:$99999\",TRUE),MATCH(EB$10,INDIRECT(Graph!$C$2&\"!$A:$A\",TRUE),0),MATCH($A11,INDIRECT(Graph!$C$2&\"!$4:$4\",TRUE),0))))),NA(),IF(Graph!$C$4=\"Trend\",IF(IF(OR(COLUMN()<7,COLUMN()>184),NA(),AVERAGE(EA11:EE11))=\"\",NA(),IF(OR(COLUMN()<7,COLUMN()>184),NA(),AVERAGE(EA11:EE11))),IF(INDEX(INDIRECT(Graph!$C$2&\"!$1:$99999\",TRUE),MATCH(EB$10,INDIRECT(Graph!$C$2&\"!$A:$A\",TRUE),0),MATCH($A11,INDIRECT(Graph!$C$2&\"!$4:$4\",TRUE),0))=0,31,INDEX(INDIRECT(Graph!$C$2&\"!$1:$99999\",TRUE),MATCH(EB$10,INDIRECT(Graph!$C$2&\"!$A:$A\",TRUE),0),MATCH($A11,INDIRECT(Graph!$C$2&\"!$4:$4\",TRUE),0)))))","v":{"$error":"#N/A"}},{"$f":"IF(ISERR(IF(Graph!$C$4=\"Trend\",IF(IF(OR(COLUMN()<7,COLUMN()>184),NA(),AVERAGE(EB11:EF11))=\"\",NA(),IF(OR(COLUMN()<7,COLUMN()>184),NA(),AVERAGE(EB11:EF11))),IF(INDEX(INDIRECT(Graph!$C$2&\"!$1:$99999\",TRUE),MATCH(EC$10,INDIRECT(Graph!$C$2&\"!$A:$A\",TRUE),0),MATCH($A11,INDIRECT(Graph!$C$2&\"!$4:$4\",TRUE),0))=0,31,INDEX(INDIRECT(Graph!$C$2&\"!$1:$99999\",TRUE),MATCH(EC$10,INDIRECT(Graph!$C$2&\"!$A:$A\",TRUE),0),MATCH($A11,INDIRECT(Graph!$C$2&\"!$4:$4\",TRUE),0))))),NA(),IF(Graph!$C$4=\"Trend\",IF(IF(OR(COLUMN()<7,COLUMN()>184),NA(),AVERAGE(EB11:EF11))=\"\",NA(),IF(OR(COLUMN()<7,COLUMN()>184),NA(),AVERAGE(EB11:EF11))),IF(INDEX(INDIRECT(Graph!$C$2&\"!$1:$99999\",TRUE),MATCH(EC$10,INDIRECT(Graph!$C$2&\"!$A:$A\",TRUE),0),MATCH($A11,INDIRECT(Graph!$C$2&\"!$4:$4\",TRUE),0))=0,31,INDEX(INDIRECT(Graph!$C$2&\"!$1:$99999\",TRUE),MATCH(EC$10,INDIRECT(Graph!$C$2&\"!$A:$A\",TRUE),0),MATCH($A11,INDIRECT(Graph!$C$2&\"!$4:$4\",TRUE),0)))))","v":{"$error":"#N/A"}},{"$f":"IF(ISERR(IF(Graph!$C$4=\"Trend\",IF(IF(OR(COLUMN()<7,COLUMN()>184),NA(),AVERAGE(EC11:EG11))=\"\",NA(),IF(OR(COLUMN()<7,COLUMN()>184),NA(),AVERAGE(EC11:EG11))),IF(INDEX(INDIRECT(Graph!$C$2&\"!$1:$99999\",TRUE),MATCH(ED$10,INDIRECT(Graph!$C$2&\"!$A:$A\",TRUE),0),MATCH($A11,INDIRECT(Graph!$C$2&\"!$4:$4\",TRUE),0))=0,31,INDEX(INDIRECT(Graph!$C$2&\"!$1:$99999\",TRUE),MATCH(ED$10,INDIRECT(Graph!$C$2&\"!$A:$A\",TRUE),0),MATCH($A11,INDIRECT(Graph!$C$2&\"!$4:$4\",TRUE),0))))),NA(),IF(Graph!$C$4=\"Trend\",IF(IF(OR(COLUMN()<7,COLUMN()>184),NA(),AVERAGE(EC11:EG11))=\"\",NA(),IF(OR(COLUMN()<7,COLUMN()>184),NA(),AVERAGE(EC11:EG11))),IF(INDEX(INDIRECT(Graph!$C$2&\"!$1:$99999\",TRUE),MATCH(ED$10,INDIRECT(Graph!$C$2&\"!$A:$A\",TRUE),0),MATCH($A11,INDIRECT(Graph!$C$2&\"!$4:$4\",TRUE),0))=0,31,INDEX(INDIRECT(Graph!$C$2&\"!$1:$99999\",TRUE),MATCH(ED$10,INDIRECT(Graph!$C$2&\"!$A:$A\",TRUE),0),MATCH($A11,INDIRECT(Graph!$C$2&\"!$4:$4\",TRUE),0)))))","v":{"$error":"#N/A"}},{"$f":"IF(ISERR(IF(Graph!$C$4=\"Trend\",IF(IF(OR(COLUMN()<7,COLUMN()>184),NA(),AVERAGE(ED11:EH11))=\"\",NA(),IF(OR(COLUMN()<7,COLUMN()>184),NA(),AVERAGE(ED11:EH11))),IF(INDEX(INDIRECT(Graph!$C$2&\"!$1:$99999\",TRUE),MATCH(EE$10,INDIRECT(Graph!$C$2&\"!$A:$A\",TRUE),0),MATCH($A11,INDIRECT(Graph!$C$2&\"!$4:$4\",TRUE),0))=0,31,INDEX(INDIRECT(Graph!$C$2&\"!$1:$99999\",TRUE),MATCH(EE$10,INDIRECT(Graph!$C$2&\"!$A:$A\",TRUE),0),MATCH($A11,INDIRECT(Graph!$C$2&\"!$4:$4\",TRUE),0))))),NA(),IF(Graph!$C$4=\"Trend\",IF(IF(OR(COLUMN()<7,COLUMN()>184),NA(),AVERAGE(ED11:EH11))=\"\",NA(),IF(OR(COLUMN()<7,COLUMN()>184),NA(),AVERAGE(ED11:EH11))),IF(INDEX(INDIRECT(Graph!$C$2&\"!$1:$99999\",TRUE),MATCH(EE$10,INDIRECT(Graph!$C$2&\"!$A:$A\",TRUE),0),MATCH($A11,INDIRECT(Graph!$C$2&\"!$4:$4\",TRUE),0))=0,31,INDEX(INDIRECT(Graph!$C$2&\"!$1:$99999\",TRUE),MATCH(EE$10,INDIRECT(Graph!$C$2&\"!$A:$A\",TRUE),0),MATCH($A11,INDIRECT(Graph!$C$2&\"!$4:$4\",TRUE),0)))))","v":{"$error":"#N/A"}},{"$f":"IF(ISERR(IF(Graph!$C$4=\"Trend\",IF(IF(OR(COLUMN()<7,COLUMN()>184),NA(),AVERAGE(EE11:EI11))=\"\",NA(),IF(OR(COLUMN()<7,COLUMN()>184),NA(),AVERAGE(EE11:EI11))),IF(INDEX(INDIRECT(Graph!$C$2&\"!$1:$99999\",TRUE),MATCH(EF$10,INDIRECT(Graph!$C$2&\"!$A:$A\",TRUE),0),MATCH($A11,INDIRECT(Graph!$C$2&\"!$4:$4\",TRUE),0))=0,31,INDEX(INDIRECT(Graph!$C$2&\"!$1:$99999\",TRUE),MATCH(EF$10,INDIRECT(Graph!$C$2&\"!$A:$A\",TRUE),0),MATCH($A11,INDIRECT(Graph!$C$2&\"!$4:$4\",TRUE),0))))),NA(),IF(Graph!$C$4=\"Trend\",IF(IF(OR(COLUMN()<7,COLUMN()>184),NA(),AVERAGE(EE11:EI11))=\"\",NA(),IF(OR(COLUMN()<7,COLUMN()>184),NA(),AVERAGE(EE11:EI11))),IF(INDEX(INDIRECT(Graph!$C$2&\"!$1:$99999\",TRUE),MATCH(EF$10,INDIRECT(Graph!$C$2&\"!$A:$A\",TRUE),0),MATCH($A11,INDIRECT(Graph!$C$2&\"!$4:$4\",TRUE),0))=0,31,INDEX(INDIRECT(Graph!$C$2&\"!$1:$99999\",TRUE),MATCH(EF$10,INDIRECT(Graph!$C$2&\"!$A:$A\",TRUE),0),MATCH($A11,INDIRECT(Graph!$C$2&\"!$4:$4\",TRUE),0)))))","v":{"$error":"#N/A"}},{"$f":"IF(ISERR(IF(Graph!$C$4=\"Trend\",IF(IF(OR(COLUMN()<7,COLUMN()>184),NA(),AVERAGE(EF11:EJ11))=\"\",NA(),IF(OR(COLUMN()<7,COLUMN()>184),NA(),AVERAGE(EF11:EJ11))),IF(INDEX(INDIRECT(Graph!$C$2&\"!$1:$99999\",TRUE),MATCH(EG$10,INDIRECT(Graph!$C$2&\"!$A:$A\",TRUE),0),MATCH($A11,INDIRECT(Graph!$C$2&\"!$4:$4\",TRUE),0))=0,31,INDEX(INDIRECT(Graph!$C$2&\"!$1:$99999\",TRUE),MATCH(EG$10,INDIRECT(Graph!$C$2&\"!$A:$A\",TRUE),0),MATCH($A11,INDIRECT(Graph!$C$2&\"!$4:$4\",TRUE),0))))),NA(),IF(Graph!$C$4=\"Trend\",IF(IF(OR(COLUMN()<7,COLUMN()>184),NA(),AVERAGE(EF11:EJ11))=\"\",NA(),IF(OR(COLUMN()<7,COLUMN()>184),NA(),AVERAGE(EF11:EJ11))),IF(INDEX(INDIRECT(Graph!$C$2&\"!$1:$99999\",TRUE),MATCH(EG$10,INDIRECT(Graph!$C$2&\"!$A:$A\",TRUE),0),MATCH($A11,INDIRECT(Graph!$C$2&\"!$4:$4\",TRUE),0))=0,31,INDEX(INDIRECT(Graph!$C$2&\"!$1:$99999\",TRUE),MATCH(EG$10,INDIRECT(Graph!$C$2&\"!$A:$A\",TRUE),0),MATCH($A11,INDIRECT(Graph!$C$2&\"!$4:$4\",TRUE),0)))))","v":{"$error":"#N/A"}},{"$f":"IF(ISERR(IF(Graph!$C$4=\"Trend\",IF(IF(OR(COLUMN()<7,COLUMN()>184),NA(),AVERAGE(EG11:EK11))=\"\",NA(),IF(OR(COLUMN()<7,COLUMN()>184),NA(),AVERAGE(EG11:EK11))),IF(INDEX(INDIRECT(Graph!$C$2&\"!$1:$99999\",TRUE),MATCH(EH$10,INDIRECT(Graph!$C$2&\"!$A:$A\",TRUE),0),MATCH($A11,INDIRECT(Graph!$C$2&\"!$4:$4\",TRUE),0))=0,31,INDEX(INDIRECT(Graph!$C$2&\"!$1:$99999\",TRUE),MATCH(EH$10,INDIRECT(Graph!$C$2&\"!$A:$A\",TRUE),0),MATCH($A11,INDIRECT(Graph!$C$2&\"!$4:$4\",TRUE),0))))),NA(),IF(Graph!$C$4=\"Trend\",IF(IF(OR(COLUMN()<7,COLUMN()>184),NA(),AVERAGE(EG11:EK11))=\"\",NA(),IF(OR(COLUMN()<7,COLUMN()>184),NA(),AVERAGE(EG11:EK11))),IF(INDEX(INDIRECT(Graph!$C$2&\"!$1:$99999\",TRUE),MATCH(EH$10,INDIRECT(Graph!$C$2&\"!$A:$A\",TRUE),0),MATCH($A11,INDIRECT(Graph!$C$2&\"!$4:$4\",TRUE),0))=0,31,INDEX(INDIRECT(Graph!$C$2&\"!$1:$99999\",TRUE),MATCH(EH$10,INDIRECT(Graph!$C$2&\"!$A:$A\",TRUE),0),MATCH($A11,INDIRECT(Graph!$C$2&\"!$4:$4\",TRUE),0)))))","v":{"$error":"#N/A"}},{"$f":"IF(ISERR(IF(Graph!$C$4=\"Trend\",IF(IF(OR(COLUMN()<7,COLUMN()>184),NA(),AVERAGE(EH11:EL11))=\"\",NA(),IF(OR(COLUMN()<7,COLUMN()>184),NA(),AVERAGE(EH11:EL11))),IF(INDEX(INDIRECT(Graph!$C$2&\"!$1:$99999\",TRUE),MATCH(EI$10,INDIRECT(Graph!$C$2&\"!$A:$A\",TRUE),0),MATCH($A11,INDIRECT(Graph!$C$2&\"!$4:$4\",TRUE),0))=0,31,INDEX(INDIRECT(Graph!$C$2&\"!$1:$99999\",TRUE),MATCH(EI$10,INDIRECT(Graph!$C$2&\"!$A:$A\",TRUE),0),MATCH($A11,INDIRECT(Graph!$C$2&\"!$4:$4\",TRUE),0))))),NA(),IF(Graph!$C$4=\"Trend\",IF(IF(OR(COLUMN()<7,COLUMN()>184),NA(),AVERAGE(EH11:EL11))=\"\",NA(),IF(OR(COLUMN()<7,COLUMN()>184),NA(),AVERAGE(EH11:EL11))),IF(INDEX(INDIRECT(Graph!$C$2&\"!$1:$99999\",TRUE),MATCH(EI$10,INDIRECT(Graph!$C$2&\"!$A:$A\",TRUE),0),MATCH($A11,INDIRECT(Graph!$C$2&\"!$4:$4\",TRUE),0))=0,31,INDEX(INDIRECT(Graph!$C$2&\"!$1:$99999\",TRUE),MATCH(EI$10,INDIRECT(Graph!$C$2&\"!$A:$A\",TRUE),0),MATCH($A11,INDIRECT(Graph!$C$2&\"!$4:$4\",TRUE),0)))))","v":{"$error":"#N/A"}},{"$f":"IF(ISERR(IF(Graph!$C$4=\"Trend\",IF(IF(OR(COLUMN()<7,COLUMN()>184),NA(),AVERAGE(EI11:EM11))=\"\",NA(),IF(OR(COLUMN()<7,COLUMN()>184),NA(),AVERAGE(EI11:EM11))),IF(INDEX(INDIRECT(Graph!$C$2&\"!$1:$99999\",TRUE),MATCH(EJ$10,INDIRECT(Graph!$C$2&\"!$A:$A\",TRUE),0),MATCH($A11,INDIRECT(Graph!$C$2&\"!$4:$4\",TRUE),0))=0,31,INDEX(INDIRECT(Graph!$C$2&\"!$1:$99999\",TRUE),MATCH(EJ$10,INDIRECT(Graph!$C$2&\"!$A:$A\",TRUE),0),MATCH($A11,INDIRECT(Graph!$C$2&\"!$4:$4\",TRUE),0))))),NA(),IF(Graph!$C$4=\"Trend\",IF(IF(OR(COLUMN()<7,COLUMN()>184),NA(),AVERAGE(EI11:EM11))=\"\",NA(),IF(OR(COLUMN()<7,COLUMN()>184),NA(),AVERAGE(EI11:EM11))),IF(INDEX(INDIRECT(Graph!$C$2&\"!$1:$99999\",TRUE),MATCH(EJ$10,INDIRECT(Graph!$C$2&\"!$A:$A\",TRUE),0),MATCH($A11,INDIRECT(Graph!$C$2&\"!$4:$4\",TRUE),0))=0,31,INDEX(INDIRECT(Graph!$C$2&\"!$1:$99999\",TRUE),MATCH(EJ$10,INDIRECT(Graph!$C$2&\"!$A:$A\",TRUE),0),MATCH($A11,INDIRECT(Graph!$C$2&\"!$4:$4\",TRUE),0)))))","v":{"$error":"#N/A"}},{"$f":"IF(ISERR(IF(Graph!$C$4=\"Trend\",IF(IF(OR(COLUMN()<7,COLUMN()>184),NA(),AVERAGE(EJ11:EN11))=\"\",NA(),IF(OR(COLUMN()<7,COLUMN()>184),NA(),AVERAGE(EJ11:EN11))),IF(INDEX(INDIRECT(Graph!$C$2&\"!$1:$99999\",TRUE),MATCH(EK$10,INDIRECT(Graph!$C$2&\"!$A:$A\",TRUE),0),MATCH($A11,INDIRECT(Graph!$C$2&\"!$4:$4\",TRUE),0))=0,31,INDEX(INDIRECT(Graph!$C$2&\"!$1:$99999\",TRUE),MATCH(EK$10,INDIRECT(Graph!$C$2&\"!$A:$A\",TRUE),0),MATCH($A11,INDIRECT(Graph!$C$2&\"!$4:$4\",TRUE),0))))),NA(),IF(Graph!$C$4=\"Trend\",IF(IF(OR(COLUMN()<7,COLUMN()>184),NA(),AVERAGE(EJ11:EN11))=\"\",NA(),IF(OR(COLUMN()<7,COLUMN()>184),NA(),AVERAGE(EJ11:EN11))),IF(INDEX(INDIRECT(Graph!$C$2&\"!$1:$99999\",TRUE),MATCH(EK$10,INDIRECT(Graph!$C$2&\"!$A:$A\",TRUE),0),MATCH($A11,INDIRECT(Graph!$C$2&\"!$4:$4\",TRUE),0))=0,31,INDEX(INDIRECT(Graph!$C$2&\"!$1:$99999\",TRUE),MATCH(EK$10,INDIRECT(Graph!$C$2&\"!$A:$A\",TRUE),0),MATCH($A11,INDIRECT(Graph!$C$2&\"!$4:$4\",TRUE),0)))))","v":{"$error":"#N/A"}},{"$f":"IF(ISERR(IF(Graph!$C$4=\"Trend\",IF(IF(OR(COLUMN()<7,COLUMN()>184),NA(),AVERAGE(EK11:EO11))=\"\",NA(),IF(OR(COLUMN()<7,COLUMN()>184),NA(),AVERAGE(EK11:EO11))),IF(INDEX(INDIRECT(Graph!$C$2&\"!$1:$99999\",TRUE),MATCH(EL$10,INDIRECT(Graph!$C$2&\"!$A:$A\",TRUE),0),MATCH($A11,INDIRECT(Graph!$C$2&\"!$4:$4\",TRUE),0))=0,31,INDEX(INDIRECT(Graph!$C$2&\"!$1:$99999\",TRUE),MATCH(EL$10,INDIRECT(Graph!$C$2&\"!$A:$A\",TRUE),0),MATCH($A11,INDIRECT(Graph!$C$2&\"!$4:$4\",TRUE),0))))),NA(),IF(Graph!$C$4=\"Trend\",IF(IF(OR(COLUMN()<7,COLUMN()>184),NA(),AVERAGE(EK11:EO11))=\"\",NA(),IF(OR(COLUMN()<7,COLUMN()>184),NA(),AVERAGE(EK11:EO11))),IF(INDEX(INDIRECT(Graph!$C$2&\"!$1:$99999\",TRUE),MATCH(EL$10,INDIRECT(Graph!$C$2&\"!$A:$A\",TRUE),0),MATCH($A11,INDIRECT(Graph!$C$2&\"!$4:$4\",TRUE),0))=0,31,INDEX(INDIRECT(Graph!$C$2&\"!$1:$99999\",TRUE),MATCH(EL$10,INDIRECT(Graph!$C$2&\"!$A:$A\",TRUE),0),MATCH($A11,INDIRECT(Graph!$C$2&\"!$4:$4\",TRUE),0)))))","v":{"$error":"#N/A"}},{"$f":"IF(ISERR(IF(Graph!$C$4=\"Trend\",IF(IF(OR(COLUMN()<7,COLUMN()>184),NA(),AVERAGE(EL11:EP11))=\"\",NA(),IF(OR(COLUMN()<7,COLUMN()>184),NA(),AVERAGE(EL11:EP11))),IF(INDEX(INDIRECT(Graph!$C$2&\"!$1:$99999\",TRUE),MATCH(EM$10,INDIRECT(Graph!$C$2&\"!$A:$A\",TRUE),0),MATCH($A11,INDIRECT(Graph!$C$2&\"!$4:$4\",TRUE),0))=0,31,INDEX(INDIRECT(Graph!$C$2&\"!$1:$99999\",TRUE),MATCH(EM$10,INDIRECT(Graph!$C$2&\"!$A:$A\",TRUE),0),MATCH($A11,INDIRECT(Graph!$C$2&\"!$4:$4\",TRUE),0))))),NA(),IF(Graph!$C$4=\"Trend\",IF(IF(OR(COLUMN()<7,COLUMN()>184),NA(),AVERAGE(EL11:EP11))=\"\",NA(),IF(OR(COLUMN()<7,COLUMN()>184),NA(),AVERAGE(EL11:EP11))),IF(INDEX(INDIRECT(Graph!$C$2&\"!$1:$99999\",TRUE),MATCH(EM$10,INDIRECT(Graph!$C$2&\"!$A:$A\",TRUE),0),MATCH($A11,INDIRECT(Graph!$C$2&\"!$4:$4\",TRUE),0))=0,31,INDEX(INDIRECT(Graph!$C$2&\"!$1:$99999\",TRUE),MATCH(EM$10,INDIRECT(Graph!$C$2&\"!$A:$A\",TRUE),0),MATCH($A11,INDIRECT(Graph!$C$2&\"!$4:$4\",TRUE),0)))))","v":{"$error":"#N/A"}},{"$f":"IF(ISERR(IF(Graph!$C$4=\"Trend\",IF(IF(OR(COLUMN()<7,COLUMN()>184),NA(),AVERAGE(EM11:EQ11))=\"\",NA(),IF(OR(COLUMN()<7,COLUMN()>184),NA(),AVERAGE(EM11:EQ11))),IF(INDEX(INDIRECT(Graph!$C$2&\"!$1:$99999\",TRUE),MATCH(EN$10,INDIRECT(Graph!$C$2&\"!$A:$A\",TRUE),0),MATCH($A11,INDIRECT(Graph!$C$2&\"!$4:$4\",TRUE),0))=0,31,INDEX(INDIRECT(Graph!$C$2&\"!$1:$99999\",TRUE),MATCH(EN$10,INDIRECT(Graph!$C$2&\"!$A:$A\",TRUE),0),MATCH($A11,INDIRECT(Graph!$C$2&\"!$4:$4\",TRUE),0))))),NA(),IF(Graph!$C$4=\"Trend\",IF(IF(OR(COLUMN()<7,COLUMN()>184),NA(),AVERAGE(EM11:EQ11))=\"\",NA(),IF(OR(COLUMN()<7,COLUMN()>184),NA(),AVERAGE(EM11:EQ11))),IF(INDEX(INDIRECT(Graph!$C$2&\"!$1:$99999\",TRUE),MATCH(EN$10,INDIRECT(Graph!$C$2&\"!$A:$A\",TRUE),0),MATCH($A11,INDIRECT(Graph!$C$2&\"!$4:$4\",TRUE),0))=0,31,INDEX(INDIRECT(Graph!$C$2&\"!$1:$99999\",TRUE),MATCH(EN$10,INDIRECT(Graph!$C$2&\"!$A:$A\",TRUE),0),MATCH($A11,INDIRECT(Graph!$C$2&\"!$4:$4\",TRUE),0)))))","v":{"$error":"#N/A"}},{"$f":"IF(ISERR(IF(Graph!$C$4=\"Trend\",IF(IF(OR(COLUMN()<7,COLUMN()>184),NA(),AVERAGE(EN11:ER11))=\"\",NA(),IF(OR(COLUMN()<7,COLUMN()>184),NA(),AVERAGE(EN11:ER11))),IF(INDEX(INDIRECT(Graph!$C$2&\"!$1:$99999\",TRUE),MATCH(EO$10,INDIRECT(Graph!$C$2&\"!$A:$A\",TRUE),0),MATCH($A11,INDIRECT(Graph!$C$2&\"!$4:$4\",TRUE),0))=0,31,INDEX(INDIRECT(Graph!$C$2&\"!$1:$99999\",TRUE),MATCH(EO$10,INDIRECT(Graph!$C$2&\"!$A:$A\",TRUE),0),MATCH($A11,INDIRECT(Graph!$C$2&\"!$4:$4\",TRUE),0))))),NA(),IF(Graph!$C$4=\"Trend\",IF(IF(OR(COLUMN()<7,COLUMN()>184),NA(),AVERAGE(EN11:ER11))=\"\",NA(),IF(OR(COLUMN()<7,COLUMN()>184),NA(),AVERAGE(EN11:ER11))),IF(INDEX(INDIRECT(Graph!$C$2&\"!$1:$99999\",TRUE),MATCH(EO$10,INDIRECT(Graph!$C$2&\"!$A:$A\",TRUE),0),MATCH($A11,INDIRECT(Graph!$C$2&\"!$4:$4\",TRUE),0))=0,31,INDEX(INDIRECT(Graph!$C$2&\"!$1:$99999\",TRUE),MATCH(EO$10,INDIRECT(Graph!$C$2&\"!$A:$A\",TRUE),0),MATCH($A11,INDIRECT(Graph!$C$2&\"!$4:$4\",TRUE),0)))))","v":{"$error":"#N/A"}},{"$f":"IF(ISERR(IF(Graph!$C$4=\"Trend\",IF(IF(OR(COLUMN()<7,COLUMN()>184),NA(),AVERAGE(EO11:ES11))=\"\",NA(),IF(OR(COLUMN()<7,COLUMN()>184),NA(),AVERAGE(EO11:ES11))),IF(INDEX(INDIRECT(Graph!$C$2&\"!$1:$99999\",TRUE),MATCH(EP$10,INDIRECT(Graph!$C$2&\"!$A:$A\",TRUE),0),MATCH($A11,INDIRECT(Graph!$C$2&\"!$4:$4\",TRUE),0))=0,31,INDEX(INDIRECT(Graph!$C$2&\"!$1:$99999\",TRUE),MATCH(EP$10,INDIRECT(Graph!$C$2&\"!$A:$A\",TRUE),0),MATCH($A11,INDIRECT(Graph!$C$2&\"!$4:$4\",TRUE),0))))),NA(),IF(Graph!$C$4=\"Trend\",IF(IF(OR(COLUMN()<7,COLUMN()>184),NA(),AVERAGE(EO11:ES11))=\"\",NA(),IF(OR(COLUMN()<7,COLUMN()>184),NA(),AVERAGE(EO11:ES11))),IF(INDEX(INDIRECT(Graph!$C$2&\"!$1:$99999\",TRUE),MATCH(EP$10,INDIRECT(Graph!$C$2&\"!$A:$A\",TRUE),0),MATCH($A11,INDIRECT(Graph!$C$2&\"!$4:$4\",TRUE),0))=0,31,INDEX(INDIRECT(Graph!$C$2&\"!$1:$99999\",TRUE),MATCH(EP$10,INDIRECT(Graph!$C$2&\"!$A:$A\",TRUE),0),MATCH($A11,INDIRECT(Graph!$C$2&\"!$4:$4\",TRUE),0)))))","v":{"$error":"#N/A"}},{"$f":"IF(ISERR(IF(Graph!$C$4=\"Trend\",IF(IF(OR(COLUMN()<7,COLUMN()>184),NA(),AVERAGE(EP11:ET11))=\"\",NA(),IF(OR(COLUMN()<7,COLUMN()>184),NA(),AVERAGE(EP11:ET11))),IF(INDEX(INDIRECT(Graph!$C$2&\"!$1:$99999\",TRUE),MATCH(EQ$10,INDIRECT(Graph!$C$2&\"!$A:$A\",TRUE),0),MATCH($A11,INDIRECT(Graph!$C$2&\"!$4:$4\",TRUE),0))=0,31,INDEX(INDIRECT(Graph!$C$2&\"!$1:$99999\",TRUE),MATCH(EQ$10,INDIRECT(Graph!$C$2&\"!$A:$A\",TRUE),0),MATCH($A11,INDIRECT(Graph!$C$2&\"!$4:$4\",TRUE),0))))),NA(),IF(Graph!$C$4=\"Trend\",IF(IF(OR(COLUMN()<7,COLUMN()>184),NA(),AVERAGE(EP11:ET11))=\"\",NA(),IF(OR(COLUMN()<7,COLUMN()>184),NA(),AVERAGE(EP11:ET11))),IF(INDEX(INDIRECT(Graph!$C$2&\"!$1:$99999\",TRUE),MATCH(EQ$10,INDIRECT(Graph!$C$2&\"!$A:$A\",TRUE),0),MATCH($A11,INDIRECT(Graph!$C$2&\"!$4:$4\",TRUE),0))=0,31,INDEX(INDIRECT(Graph!$C$2&\"!$1:$99999\",TRUE),MATCH(EQ$10,INDIRECT(Graph!$C$2&\"!$A:$A\",TRUE),0),MATCH($A11,INDIRECT(Graph!$C$2&\"!$4:$4\",TRUE),0)))))","v":{"$error":"#N/A"}},{"$f":"IF(ISERR(IF(Graph!$C$4=\"Trend\",IF(IF(OR(COLUMN()<7,COLUMN()>184),NA(),AVERAGE(EQ11:EU11))=\"\",NA(),IF(OR(COLUMN()<7,COLUMN()>184),NA(),AVERAGE(EQ11:EU11))),IF(INDEX(INDIRECT(Graph!$C$2&\"!$1:$99999\",TRUE),MATCH(ER$10,INDIRECT(Graph!$C$2&\"!$A:$A\",TRUE),0),MATCH($A11,INDIRECT(Graph!$C$2&\"!$4:$4\",TRUE),0))=0,31,INDEX(INDIRECT(Graph!$C$2&\"!$1:$99999\",TRUE),MATCH(ER$10,INDIRECT(Graph!$C$2&\"!$A:$A\",TRUE),0),MATCH($A11,INDIRECT(Graph!$C$2&\"!$4:$4\",TRUE),0))))),NA(),IF(Graph!$C$4=\"Trend\",IF(IF(OR(COLUMN()<7,COLUMN()>184),NA(),AVERAGE(EQ11:EU11))=\"\",NA(),IF(OR(COLUMN()<7,COLUMN()>184),NA(),AVERAGE(EQ11:EU11))),IF(INDEX(INDIRECT(Graph!$C$2&\"!$1:$99999\",TRUE),MATCH(ER$10,INDIRECT(Graph!$C$2&\"!$A:$A\",TRUE),0),MATCH($A11,INDIRECT(Graph!$C$2&\"!$4:$4\",TRUE),0))=0,31,INDEX(INDIRECT(Graph!$C$2&\"!$1:$99999\",TRUE),MATCH(ER$10,INDIRECT(Graph!$C$2&\"!$A:$A\",TRUE),0),MATCH($A11,INDIRECT(Graph!$C$2&\"!$4:$4\",TRUE),0)))))","v":{"$error":"#N/A"}},{"$f":"IF(ISERR(IF(Graph!$C$4=\"Trend\",IF(IF(OR(COLUMN()<7,COLUMN()>184),NA(),AVERAGE(ER11:EV11))=\"\",NA(),IF(OR(COLUMN()<7,COLUMN()>184),NA(),AVERAGE(ER11:EV11))),IF(INDEX(INDIRECT(Graph!$C$2&\"!$1:$99999\",TRUE),MATCH(ES$10,INDIRECT(Graph!$C$2&\"!$A:$A\",TRUE),0),MATCH($A11,INDIRECT(Graph!$C$2&\"!$4:$4\",TRUE),0))=0,31,INDEX(INDIRECT(Graph!$C$2&\"!$1:$99999\",TRUE),MATCH(ES$10,INDIRECT(Graph!$C$2&\"!$A:$A\",TRUE),0),MATCH($A11,INDIRECT(Graph!$C$2&\"!$4:$4\",TRUE),0))))),NA(),IF(Graph!$C$4=\"Trend\",IF(IF(OR(COLUMN()<7,COLUMN()>184),NA(),AVERAGE(ER11:EV11))=\"\",NA(),IF(OR(COLUMN()<7,COLUMN()>184),NA(),AVERAGE(ER11:EV11))),IF(INDEX(INDIRECT(Graph!$C$2&\"!$1:$99999\",TRUE),MATCH(ES$10,INDIRECT(Graph!$C$2&\"!$A:$A\",TRUE),0),MATCH($A11,INDIRECT(Graph!$C$2&\"!$4:$4\",TRUE),0))=0,31,INDEX(INDIRECT(Graph!$C$2&\"!$1:$99999\",TRUE),MATCH(ES$10,INDIRECT(Graph!$C$2&\"!$A:$A\",TRUE),0),MATCH($A11,INDIRECT(Graph!$C$2&\"!$4:$4\",TRUE),0)))))","v":{"$error":"#N/A"}},{"$f":"IF(ISERR(IF(Graph!$C$4=\"Trend\",IF(IF(OR(COLUMN()<7,COLUMN()>184),NA(),AVERAGE(ES11:EW11))=\"\",NA(),IF(OR(COLUMN()<7,COLUMN()>184),NA(),AVERAGE(ES11:EW11))),IF(INDEX(INDIRECT(Graph!$C$2&\"!$1:$99999\",TRUE),MATCH(ET$10,INDIRECT(Graph!$C$2&\"!$A:$A\",TRUE),0),MATCH($A11,INDIRECT(Graph!$C$2&\"!$4:$4\",TRUE),0))=0,31,INDEX(INDIRECT(Graph!$C$2&\"!$1:$99999\",TRUE),MATCH(ET$10,INDIRECT(Graph!$C$2&\"!$A:$A\",TRUE),0),MATCH($A11,INDIRECT(Graph!$C$2&\"!$4:$4\",TRUE),0))))),NA(),IF(Graph!$C$4=\"Trend\",IF(IF(OR(COLUMN()<7,COLUMN()>184),NA(),AVERAGE(ES11:EW11))=\"\",NA(),IF(OR(COLUMN()<7,COLUMN()>184),NA(),AVERAGE(ES11:EW11))),IF(INDEX(INDIRECT(Graph!$C$2&\"!$1:$99999\",TRUE),MATCH(ET$10,INDIRECT(Graph!$C$2&\"!$A:$A\",TRUE),0),MATCH($A11,INDIRECT(Graph!$C$2&\"!$4:$4\",TRUE),0))=0,31,INDEX(INDIRECT(Graph!$C$2&\"!$1:$99999\",TRUE),MATCH(ET$10,INDIRECT(Graph!$C$2&\"!$A:$A\",TRUE),0),MATCH($A11,INDIRECT(Graph!$C$2&\"!$4:$4\",TRUE),0)))))","v":{"$error":"#N/A"}},{"$f":"IF(ISERR(IF(Graph!$C$4=\"Trend\",IF(IF(OR(COLUMN()<7,COLUMN()>184),NA(),AVERAGE(ET11:EX11))=\"\",NA(),IF(OR(COLUMN()<7,COLUMN()>184),NA(),AVERAGE(ET11:EX11))),IF(INDEX(INDIRECT(Graph!$C$2&\"!$1:$99999\",TRUE),MATCH(EU$10,INDIRECT(Graph!$C$2&\"!$A:$A\",TRUE),0),MATCH($A11,INDIRECT(Graph!$C$2&\"!$4:$4\",TRUE),0))=0,31,INDEX(INDIRECT(Graph!$C$2&\"!$1:$99999\",TRUE),MATCH(EU$10,INDIRECT(Graph!$C$2&\"!$A:$A\",TRUE),0),MATCH($A11,INDIRECT(Graph!$C$2&\"!$4:$4\",TRUE),0))))),NA(),IF(Graph!$C$4=\"Trend\",IF(IF(OR(COLUMN()<7,COLUMN()>184),NA(),AVERAGE(ET11:EX11))=\"\",NA(),IF(OR(COLUMN()<7,COLUMN()>184),NA(),AVERAGE(ET11:EX11))),IF(INDEX(INDIRECT(Graph!$C$2&\"!$1:$99999\",TRUE),MATCH(EU$10,INDIRECT(Graph!$C$2&\"!$A:$A\",TRUE),0),MATCH($A11,INDIRECT(Graph!$C$2&\"!$4:$4\",TRUE),0))=0,31,INDEX(INDIRECT(Graph!$C$2&\"!$1:$99999\",TRUE),MATCH(EU$10,INDIRECT(Graph!$C$2&\"!$A:$A\",TRUE),0),MATCH($A11,INDIRECT(Graph!$C$2&\"!$4:$4\",TRUE),0)))))","v":{"$error":"#N/A"}},{"$f":"IF(ISERR(IF(Graph!$C$4=\"Trend\",IF(IF(OR(COLUMN()<7,COLUMN()>184),NA(),AVERAGE(EU11:EY11))=\"\",NA(),IF(OR(COLUMN()<7,COLUMN()>184),NA(),AVERAGE(EU11:EY11))),IF(INDEX(INDIRECT(Graph!$C$2&\"!$1:$99999\",TRUE),MATCH(EV$10,INDIRECT(Graph!$C$2&\"!$A:$A\",TRUE),0),MATCH($A11,INDIRECT(Graph!$C$2&\"!$4:$4\",TRUE),0))=0,31,INDEX(INDIRECT(Graph!$C$2&\"!$1:$99999\",TRUE),MATCH(EV$10,INDIRECT(Graph!$C$2&\"!$A:$A\",TRUE),0),MATCH($A11,INDIRECT(Graph!$C$2&\"!$4:$4\",TRUE),0))))),NA(),IF(Graph!$C$4=\"Trend\",IF(IF(OR(COLUMN()<7,COLUMN()>184),NA(),AVERAGE(EU11:EY11))=\"\",NA(),IF(OR(COLUMN()<7,COLUMN()>184),NA(),AVERAGE(EU11:EY11))),IF(INDEX(INDIRECT(Graph!$C$2&\"!$1:$99999\",TRUE),MATCH(EV$10,INDIRECT(Graph!$C$2&\"!$A:$A\",TRUE),0),MATCH($A11,INDIRECT(Graph!$C$2&\"!$4:$4\",TRUE),0))=0,31,INDEX(INDIRECT(Graph!$C$2&\"!$1:$99999\",TRUE),MATCH(EV$10,INDIRECT(Graph!$C$2&\"!$A:$A\",TRUE),0),MATCH($A11,INDIRECT(Graph!$C$2&\"!$4:$4\",TRUE),0)))))","v":{"$error":"#N/A"}},{"$f":"IF(ISERR(IF(Graph!$C$4=\"Trend\",IF(IF(OR(COLUMN()<7,COLUMN()>184),NA(),AVERAGE(EV11:EZ11))=\"\",NA(),IF(OR(COLUMN()<7,COLUMN()>184),NA(),AVERAGE(EV11:EZ11))),IF(INDEX(INDIRECT(Graph!$C$2&\"!$1:$99999\",TRUE),MATCH(EW$10,INDIRECT(Graph!$C$2&\"!$A:$A\",TRUE),0),MATCH($A11,INDIRECT(Graph!$C$2&\"!$4:$4\",TRUE),0))=0,31,INDEX(INDIRECT(Graph!$C$2&\"!$1:$99999\",TRUE),MATCH(EW$10,INDIRECT(Graph!$C$2&\"!$A:$A\",TRUE),0),MATCH($A11,INDIRECT(Graph!$C$2&\"!$4:$4\",TRUE),0))))),NA(),IF(Graph!$C$4=\"Trend\",IF(IF(OR(COLUMN()<7,COLUMN()>184),NA(),AVERAGE(EV11:EZ11))=\"\",NA(),IF(OR(COLUMN()<7,COLUMN()>184),NA(),AVERAGE(EV11:EZ11))),IF(INDEX(INDIRECT(Graph!$C$2&\"!$1:$99999\",TRUE),MATCH(EW$10,INDIRECT(Graph!$C$2&\"!$A:$A\",TRUE),0),MATCH($A11,INDIRECT(Graph!$C$2&\"!$4:$4\",TRUE),0))=0,31,INDEX(INDIRECT(Graph!$C$2&\"!$1:$99999\",TRUE),MATCH(EW$10,INDIRECT(Graph!$C$2&\"!$A:$A\",TRUE),0),MATCH($A11,INDIRECT(Graph!$C$2&\"!$4:$4\",TRUE),0)))))","v":25},{"$f":"IF(ISERR(IF(Graph!$C$4=\"Trend\",IF(IF(OR(COLUMN()<7,COLUMN()>184),NA(),AVERAGE(EW11:FA11))=\"\",NA(),IF(OR(COLUMN()<7,COLUMN()>184),NA(),AVERAGE(EW11:FA11))),IF(INDEX(INDIRECT(Graph!$C$2&\"!$1:$99999\",TRUE),MATCH(EX$10,INDIRECT(Graph!$C$2&\"!$A:$A\",TRUE),0),MATCH($A11,INDIRECT(Graph!$C$2&\"!$4:$4\",TRUE),0))=0,31,INDEX(INDIRECT(Graph!$C$2&\"!$1:$99999\",TRUE),MATCH(EX$10,INDIRECT(Graph!$C$2&\"!$A:$A\",TRUE),0),MATCH($A11,INDIRECT(Graph!$C$2&\"!$4:$4\",TRUE),0))))),NA(),IF(Graph!$C$4=\"Trend\",IF(IF(OR(COLUMN()<7,COLUMN()>184),NA(),AVERAGE(EW11:FA11))=\"\",NA(),IF(OR(COLUMN()<7,COLUMN()>184),NA(),AVERAGE(EW11:FA11))),IF(INDEX(INDIRECT(Graph!$C$2&\"!$1:$99999\",TRUE),MATCH(EX$10,INDIRECT(Graph!$C$2&\"!$A:$A\",TRUE),0),MATCH($A11,INDIRECT(Graph!$C$2&\"!$4:$4\",TRUE),0))=0,31,INDEX(INDIRECT(Graph!$C$2&\"!$1:$99999\",TRUE),MATCH(EX$10,INDIRECT(Graph!$C$2&\"!$A:$A\",TRUE),0),MATCH($A11,INDIRECT(Graph!$C$2&\"!$4:$4\",TRUE),0)))))","v":25},{"$f":"IF(ISERR(IF(Graph!$C$4=\"Trend\",IF(IF(OR(COLUMN()<7,COLUMN()>184),NA(),AVERAGE(EX11:FB11))=\"\",NA(),IF(OR(COLUMN()<7,COLUMN()>184),NA(),AVERAGE(EX11:FB11))),IF(INDEX(INDIRECT(Graph!$C$2&\"!$1:$99999\",TRUE),MATCH(EY$10,INDIRECT(Graph!$C$2&\"!$A:$A\",TRUE),0),MATCH($A11,INDIRECT(Graph!$C$2&\"!$4:$4\",TRUE),0))=0,31,INDEX(INDIRECT(Graph!$C$2&\"!$1:$99999\",TRUE),MATCH(EY$10,INDIRECT(Graph!$C$2&\"!$A:$A\",TRUE),0),MATCH($A11,INDIRECT(Graph!$C$2&\"!$4:$4\",TRUE),0))))),NA(),IF(Graph!$C$4=\"Trend\",IF(IF(OR(COLUMN()<7,COLUMN()>184),NA(),AVERAGE(EX11:FB11))=\"\",NA(),IF(OR(COLUMN()<7,COLUMN()>184),NA(),AVERAGE(EX11:FB11))),IF(INDEX(INDIRECT(Graph!$C$2&\"!$1:$99999\",TRUE),MATCH(EY$10,INDIRECT(Graph!$C$2&\"!$A:$A\",TRUE),0),MATCH($A11,INDIRECT(Graph!$C$2&\"!$4:$4\",TRUE),0))=0,31,INDEX(INDIRECT(Graph!$C$2&\"!$1:$99999\",TRUE),MATCH(EY$10,INDIRECT(Graph!$C$2&\"!$A:$A\",TRUE),0),MATCH($A11,INDIRECT(Graph!$C$2&\"!$4:$4\",TRUE),0)))))","v":25},{"$f":"IF(ISERR(IF(Graph!$C$4=\"Trend\",IF(IF(OR(COLUMN()<7,COLUMN()>184),NA(),AVERAGE(EY11:FC11))=\"\",NA(),IF(OR(COLUMN()<7,COLUMN()>184),NA(),AVERAGE(EY11:FC11))),IF(INDEX(INDIRECT(Graph!$C$2&\"!$1:$99999\",TRUE),MATCH(EZ$10,INDIRECT(Graph!$C$2&\"!$A:$A\",TRUE),0),MATCH($A11,INDIRECT(Graph!$C$2&\"!$4:$4\",TRUE),0))=0,31,INDEX(INDIRECT(Graph!$C$2&\"!$1:$99999\",TRUE),MATCH(EZ$10,INDIRECT(Graph!$C$2&\"!$A:$A\",TRUE),0),MATCH($A11,INDIRECT(Graph!$C$2&\"!$4:$4\",TRUE),0))))),NA(),IF(Graph!$C$4=\"Trend\",IF(IF(OR(COLUMN()<7,COLUMN()>184),NA(),AVERAGE(EY11:FC11))=\"\",NA(),IF(OR(COLUMN()<7,COLUMN()>184),NA(),AVERAGE(EY11:FC11))),IF(INDEX(INDIRECT(Graph!$C$2&\"!$1:$99999\",TRUE),MATCH(EZ$10,INDIRECT(Graph!$C$2&\"!$A:$A\",TRUE),0),MATCH($A11,INDIRECT(Graph!$C$2&\"!$4:$4\",TRUE),0))=0,31,INDEX(INDIRECT(Graph!$C$2&\"!$1:$99999\",TRUE),MATCH(EZ$10,INDIRECT(Graph!$C$2&\"!$A:$A\",TRUE),0),MATCH($A11,INDIRECT(Graph!$C$2&\"!$4:$4\",TRUE),0)))))","v":25},{"$f":"IF(ISERR(IF(Graph!$C$4=\"Trend\",IF(IF(OR(COLUMN()<7,COLUMN()>184),NA(),AVERAGE(EZ11:FD11))=\"\",NA(),IF(OR(COLUMN()<7,COLUMN()>184),NA(),AVERAGE(EZ11:FD11))),IF(INDEX(INDIRECT(Graph!$C$2&\"!$1:$99999\",TRUE),MATCH(FA$10,INDIRECT(Graph!$C$2&\"!$A:$A\",TRUE),0),MATCH($A11,INDIRECT(Graph!$C$2&\"!$4:$4\",TRUE),0))=0,31,INDEX(INDIRECT(Graph!$C$2&\"!$1:$99999\",TRUE),MATCH(FA$10,INDIRECT(Graph!$C$2&\"!$A:$A\",TRUE),0),MATCH($A11,INDIRECT(Graph!$C$2&\"!$4:$4\",TRUE),0))))),NA(),IF(Graph!$C$4=\"Trend\",IF(IF(OR(COLUMN()<7,COLUMN()>184),NA(),AVERAGE(EZ11:FD11))=\"\",NA(),IF(OR(COLUMN()<7,COLUMN()>184),NA(),AVERAGE(EZ11:FD11))),IF(INDEX(INDIRECT(Graph!$C$2&\"!$1:$99999\",TRUE),MATCH(FA$10,INDIRECT(Graph!$C$2&\"!$A:$A\",TRUE),0),MATCH($A11,INDIRECT(Graph!$C$2&\"!$4:$4\",TRUE),0))=0,31,INDEX(INDIRECT(Graph!$C$2&\"!$1:$99999\",TRUE),MATCH(FA$10,INDIRECT(Graph!$C$2&\"!$A:$A\",TRUE),0),MATCH($A11,INDIRECT(Graph!$C$2&\"!$4:$4\",TRUE),0)))))","v":25},{"$f":"IF(ISERR(IF(Graph!$C$4=\"Trend\",IF(IF(OR(COLUMN()<7,COLUMN()>184),NA(),AVERAGE(FA11:FE11))=\"\",NA(),IF(OR(COLUMN()<7,COLUMN()>184),NA(),AVERAGE(FA11:FE11))),IF(INDEX(INDIRECT(Graph!$C$2&\"!$1:$99999\",TRUE),MATCH(FB$10,INDIRECT(Graph!$C$2&\"!$A:$A\",TRUE),0),MATCH($A11,INDIRECT(Graph!$C$2&\"!$4:$4\",TRUE),0))=0,31,INDEX(INDIRECT(Graph!$C$2&\"!$1:$99999\",TRUE),MATCH(FB$10,INDIRECT(Graph!$C$2&\"!$A:$A\",TRUE),0),MATCH($A11,INDIRECT(Graph!$C$2&\"!$4:$4\",TRUE),0))))),NA(),IF(Graph!$C$4=\"Trend\",IF(IF(OR(COLUMN()<7,COLUMN()>184),NA(),AVERAGE(FA11:FE11))=\"\",NA(),IF(OR(COLUMN()<7,COLUMN()>184),NA(),AVERAGE(FA11:FE11))),IF(INDEX(INDIRECT(Graph!$C$2&\"!$1:$99999\",TRUE),MATCH(FB$10,INDIRECT(Graph!$C$2&\"!$A:$A\",TRUE),0),MATCH($A11,INDIRECT(Graph!$C$2&\"!$4:$4\",TRUE),0))=0,31,INDEX(INDIRECT(Graph!$C$2&\"!$1:$99999\",TRUE),MATCH(FB$10,INDIRECT(Graph!$C$2&\"!$A:$A\",TRUE),0),MATCH($A11,INDIRECT(Graph!$C$2&\"!$4:$4\",TRUE),0)))))","v":25},{"$f":"IF(ISERR(IF(Graph!$C$4=\"Trend\",IF(IF(OR(COLUMN()<7,COLUMN()>184),NA(),AVERAGE(FB11:FF11))=\"\",NA(),IF(OR(COLUMN()<7,COLUMN()>184),NA(),AVERAGE(FB11:FF11))),IF(INDEX(INDIRECT(Graph!$C$2&\"!$1:$99999\",TRUE),MATCH(FC$10,INDIRECT(Graph!$C$2&\"!$A:$A\",TRUE),0),MATCH($A11,INDIRECT(Graph!$C$2&\"!$4:$4\",TRUE),0))=0,31,INDEX(INDIRECT(Graph!$C$2&\"!$1:$99999\",TRUE),MATCH(FC$10,INDIRECT(Graph!$C$2&\"!$A:$A\",TRUE),0),MATCH($A11,INDIRECT(Graph!$C$2&\"!$4:$4\",TRUE),0))))),NA(),IF(Graph!$C$4=\"Trend\",IF(IF(OR(COLUMN()<7,COLUMN()>184),NA(),AVERAGE(FB11:FF11))=\"\",NA(),IF(OR(COLUMN()<7,COLUMN()>184),NA(),AVERAGE(FB11:FF11))),IF(INDEX(INDIRECT(Graph!$C$2&\"!$1:$99999\",TRUE),MATCH(FC$10,INDIRECT(Graph!$C$2&\"!$A:$A\",TRUE),0),MATCH($A11,INDIRECT(Graph!$C$2&\"!$4:$4\",TRUE),0))=0,31,INDEX(INDIRECT(Graph!$C$2&\"!$1:$99999\",TRUE),MATCH(FC$10,INDIRECT(Graph!$C$2&\"!$A:$A\",TRUE),0),MATCH($A11,INDIRECT(Graph!$C$2&\"!$4:$4\",TRUE),0)))))","v":25},{"$f":"IF(ISERR(IF(Graph!$C$4=\"Trend\",IF(IF(OR(COLUMN()<7,COLUMN()>184),NA(),AVERAGE(FC11:FG11))=\"\",NA(),IF(OR(COLUMN()<7,COLUMN()>184),NA(),AVERAGE(FC11:FG11))),IF(INDEX(INDIRECT(Graph!$C$2&\"!$1:$99999\",TRUE),MATCH(FD$10,INDIRECT(Graph!$C$2&\"!$A:$A\",TRUE),0),MATCH($A11,INDIRECT(Graph!$C$2&\"!$4:$4\",TRUE),0))=0,31,INDEX(INDIRECT(Graph!$C$2&\"!$1:$99999\",TRUE),MATCH(FD$10,INDIRECT(Graph!$C$2&\"!$A:$A\",TRUE),0),MATCH($A11,INDIRECT(Graph!$C$2&\"!$4:$4\",TRUE),0))))),NA(),IF(Graph!$C$4=\"Trend\",IF(IF(OR(COLUMN()<7,COLUMN()>184),NA(),AVERAGE(FC11:FG11))=\"\",NA(),IF(OR(COLUMN()<7,COLUMN()>184),NA(),AVERAGE(FC11:FG11))),IF(INDEX(INDIRECT(Graph!$C$2&\"!$1:$99999\",TRUE),MATCH(FD$10,INDIRECT(Graph!$C$2&\"!$A:$A\",TRUE),0),MATCH($A11,INDIRECT(Graph!$C$2&\"!$4:$4\",TRUE),0))=0,31,INDEX(INDIRECT(Graph!$C$2&\"!$1:$99999\",TRUE),MATCH(FD$10,INDIRECT(Graph!$C$2&\"!$A:$A\",TRUE),0),MATCH($A11,INDIRECT(Graph!$C$2&\"!$4:$4\",TRUE),0)))))","v":25},{"$f":"IF(ISERR(IF(Graph!$C$4=\"Trend\",IF(IF(OR(COLUMN()<7,COLUMN()>184),NA(),AVERAGE(FD11:FH11))=\"\",NA(),IF(OR(COLUMN()<7,COLUMN()>184),NA(),AVERAGE(FD11:FH11))),IF(INDEX(INDIRECT(Graph!$C$2&\"!$1:$99999\",TRUE),MATCH(FE$10,INDIRECT(Graph!$C$2&\"!$A:$A\",TRUE),0),MATCH($A11,INDIRECT(Graph!$C$2&\"!$4:$4\",TRUE),0))=0,31,INDEX(INDIRECT(Graph!$C$2&\"!$1:$99999\",TRUE),MATCH(FE$10,INDIRECT(Graph!$C$2&\"!$A:$A\",TRUE),0),MATCH($A11,INDIRECT(Graph!$C$2&\"!$4:$4\",TRUE),0))))),NA(),IF(Graph!$C$4=\"Trend\",IF(IF(OR(COLUMN()<7,COLUMN()>184),NA(),AVERAGE(FD11:FH11))=\"\",NA(),IF(OR(COLUMN()<7,COLUMN()>184),NA(),AVERAGE(FD11:FH11))),IF(INDEX(INDIRECT(Graph!$C$2&\"!$1:$99999\",TRUE),MATCH(FE$10,INDIRECT(Graph!$C$2&\"!$A:$A\",TRUE),0),MATCH($A11,INDIRECT(Graph!$C$2&\"!$4:$4\",TRUE),0))=0,31,INDEX(INDIRECT(Graph!$C$2&\"!$1:$99999\",TRUE),MATCH(FE$10,INDIRECT(Graph!$C$2&\"!$A:$A\",TRUE),0),MATCH($A11,INDIRECT(Graph!$C$2&\"!$4:$4\",TRUE),0)))))","v":25},{"$f":"IF(ISERR(IF(Graph!$C$4=\"Trend\",IF(IF(OR(COLUMN()<7,COLUMN()>184),NA(),AVERAGE(FE11:FI11))=\"\",NA(),IF(OR(COLUMN()<7,COLUMN()>184),NA(),AVERAGE(FE11:FI11))),IF(INDEX(INDIRECT(Graph!$C$2&\"!$1:$99999\",TRUE),MATCH(FF$10,INDIRECT(Graph!$C$2&\"!$A:$A\",TRUE),0),MATCH($A11,INDIRECT(Graph!$C$2&\"!$4:$4\",TRUE),0))=0,31,INDEX(INDIRECT(Graph!$C$2&\"!$1:$99999\",TRUE),MATCH(FF$10,INDIRECT(Graph!$C$2&\"!$A:$A\",TRUE),0),MATCH($A11,INDIRECT(Graph!$C$2&\"!$4:$4\",TRUE),0))))),NA(),IF(Graph!$C$4=\"Trend\",IF(IF(OR(COLUMN()<7,COLUMN()>184),NA(),AVERAGE(FE11:FI11))=\"\",NA(),IF(OR(COLUMN()<7,COLUMN()>184),NA(),AVERAGE(FE11:FI11))),IF(INDEX(INDIRECT(Graph!$C$2&\"!$1:$99999\",TRUE),MATCH(FF$10,INDIRECT(Graph!$C$2&\"!$A:$A\",TRUE),0),MATCH($A11,INDIRECT(Graph!$C$2&\"!$4:$4\",TRUE),0))=0,31,INDEX(INDIRECT(Graph!$C$2&\"!$1:$99999\",TRUE),MATCH(FF$10,INDIRECT(Graph!$C$2&\"!$A:$A\",TRUE),0),MATCH($A11,INDIRECT(Graph!$C$2&\"!$4:$4\",TRUE),0)))))","v":25},{"$f":"IF(ISERR(IF(Graph!$C$4=\"Trend\",IF(IF(OR(COLUMN()<7,COLUMN()>184),NA(),AVERAGE(FF11:FJ11))=\"\",NA(),IF(OR(COLUMN()<7,COLUMN()>184),NA(),AVERAGE(FF11:FJ11))),IF(INDEX(INDIRECT(Graph!$C$2&\"!$1:$99999\",TRUE),MATCH(FG$10,INDIRECT(Graph!$C$2&\"!$A:$A\",TRUE),0),MATCH($A11,INDIRECT(Graph!$C$2&\"!$4:$4\",TRUE),0))=0,31,INDEX(INDIRECT(Graph!$C$2&\"!$1:$99999\",TRUE),MATCH(FG$10,INDIRECT(Graph!$C$2&\"!$A:$A\",TRUE),0),MATCH($A11,INDIRECT(Graph!$C$2&\"!$4:$4\",TRUE),0))))),NA(),IF(Graph!$C$4=\"Trend\",IF(IF(OR(COLUMN()<7,COLUMN()>184),NA(),AVERAGE(FF11:FJ11))=\"\",NA(),IF(OR(COLUMN()<7,COLUMN()>184),NA(),AVERAGE(FF11:FJ11))),IF(INDEX(INDIRECT(Graph!$C$2&\"!$1:$99999\",TRUE),MATCH(FG$10,INDIRECT(Graph!$C$2&\"!$A:$A\",TRUE),0),MATCH($A11,INDIRECT(Graph!$C$2&\"!$4:$4\",TRUE),0))=0,31,INDEX(INDIRECT(Graph!$C$2&\"!$1:$99999\",TRUE),MATCH(FG$10,INDIRECT(Graph!$C$2&\"!$A:$A\",TRUE),0),MATCH($A11,INDIRECT(Graph!$C$2&\"!$4:$4\",TRUE),0)))))","v":25},{"$f":"IF(ISERR(IF(Graph!$C$4=\"Trend\",IF(IF(OR(COLUMN()<7,COLUMN()>184),NA(),AVERAGE(FG11:FK11))=\"\",NA(),IF(OR(COLUMN()<7,COLUMN()>184),NA(),AVERAGE(FG11:FK11))),IF(INDEX(INDIRECT(Graph!$C$2&\"!$1:$99999\",TRUE),MATCH(FH$10,INDIRECT(Graph!$C$2&\"!$A:$A\",TRUE),0),MATCH($A11,INDIRECT(Graph!$C$2&\"!$4:$4\",TRUE),0))=0,31,INDEX(INDIRECT(Graph!$C$2&\"!$1:$99999\",TRUE),MATCH(FH$10,INDIRECT(Graph!$C$2&\"!$A:$A\",TRUE),0),MATCH($A11,INDIRECT(Graph!$C$2&\"!$4:$4\",TRUE),0))))),NA(),IF(Graph!$C$4=\"Trend\",IF(IF(OR(COLUMN()<7,COLUMN()>184),NA(),AVERAGE(FG11:FK11))=\"\",NA(),IF(OR(COLUMN()<7,COLUMN()>184),NA(),AVERAGE(FG11:FK11))),IF(INDEX(INDIRECT(Graph!$C$2&\"!$1:$99999\",TRUE),MATCH(FH$10,INDIRECT(Graph!$C$2&\"!$A:$A\",TRUE),0),MATCH($A11,INDIRECT(Graph!$C$2&\"!$4:$4\",TRUE),0))=0,31,INDEX(INDIRECT(Graph!$C$2&\"!$1:$99999\",TRUE),MATCH(FH$10,INDIRECT(Graph!$C$2&\"!$A:$A\",TRUE),0),MATCH($A11,INDIRECT(Graph!$C$2&\"!$4:$4\",TRUE),0)))))","v":12},{"$f":"IF(ISERR(IF(Graph!$C$4=\"Trend\",IF(IF(OR(COLUMN()<7,COLUMN()>184),NA(),AVERAGE(FH11:FL11))=\"\",NA(),IF(OR(COLUMN()<7,COLUMN()>184),NA(),AVERAGE(FH11:FL11))),IF(INDEX(INDIRECT(Graph!$C$2&\"!$1:$99999\",TRUE),MATCH(FI$10,INDIRECT(Graph!$C$2&\"!$A:$A\",TRUE),0),MATCH($A11,INDIRECT(Graph!$C$2&\"!$4:$4\",TRUE),0))=0,31,INDEX(INDIRECT(Graph!$C$2&\"!$1:$99999\",TRUE),MATCH(FI$10,INDIRECT(Graph!$C$2&\"!$A:$A\",TRUE),0),MATCH($A11,INDIRECT(Graph!$C$2&\"!$4:$4\",TRUE),0))))),NA(),IF(Graph!$C$4=\"Trend\",IF(IF(OR(COLUMN()<7,COLUMN()>184),NA(),AVERAGE(FH11:FL11))=\"\",NA(),IF(OR(COLUMN()<7,COLUMN()>184),NA(),AVERAGE(FH11:FL11))),IF(INDEX(INDIRECT(Graph!$C$2&\"!$1:$99999\",TRUE),MATCH(FI$10,INDIRECT(Graph!$C$2&\"!$A:$A\",TRUE),0),MATCH($A11,INDIRECT(Graph!$C$2&\"!$4:$4\",TRUE),0))=0,31,INDEX(INDIRECT(Graph!$C$2&\"!$1:$99999\",TRUE),MATCH(FI$10,INDIRECT(Graph!$C$2&\"!$A:$A\",TRUE),0),MATCH($A11,INDIRECT(Graph!$C$2&\"!$4:$4\",TRUE),0)))))","v":12},{"$f":"IF(ISERR(IF(Graph!$C$4=\"Trend\",IF(IF(OR(COLUMN()<7,COLUMN()>184),NA(),AVERAGE(FI11:FM11))=\"\",NA(),IF(OR(COLUMN()<7,COLUMN()>184),NA(),AVERAGE(FI11:FM11))),IF(INDEX(INDIRECT(Graph!$C$2&\"!$1:$99999\",TRUE),MATCH(FJ$10,INDIRECT(Graph!$C$2&\"!$A:$A\",TRUE),0),MATCH($A11,INDIRECT(Graph!$C$2&\"!$4:$4\",TRUE),0))=0,31,INDEX(INDIRECT(Graph!$C$2&\"!$1:$99999\",TRUE),MATCH(FJ$10,INDIRECT(Graph!$C$2&\"!$A:$A\",TRUE),0),MATCH($A11,INDIRECT(Graph!$C$2&\"!$4:$4\",TRUE),0))))),NA(),IF(Graph!$C$4=\"Trend\",IF(IF(OR(COLUMN()<7,COLUMN()>184),NA(),AVERAGE(FI11:FM11))=\"\",NA(),IF(OR(COLUMN()<7,COLUMN()>184),NA(),AVERAGE(FI11:FM11))),IF(INDEX(INDIRECT(Graph!$C$2&\"!$1:$99999\",TRUE),MATCH(FJ$10,INDIRECT(Graph!$C$2&\"!$A:$A\",TRUE),0),MATCH($A11,INDIRECT(Graph!$C$2&\"!$4:$4\",TRUE),0))=0,31,INDEX(INDIRECT(Graph!$C$2&\"!$1:$99999\",TRUE),MATCH(FJ$10,INDIRECT(Graph!$C$2&\"!$A:$A\",TRUE),0),MATCH($A11,INDIRECT(Graph!$C$2&\"!$4:$4\",TRUE),0)))))","v":12},{"$f":"IF(ISERR(IF(Graph!$C$4=\"Trend\",IF(IF(OR(COLUMN()<7,COLUMN()>184),NA(),AVERAGE(FJ11:FN11))=\"\",NA(),IF(OR(COLUMN()<7,COLUMN()>184),NA(),AVERAGE(FJ11:FN11))),IF(INDEX(INDIRECT(Graph!$C$2&\"!$1:$99999\",TRUE),MATCH(FK$10,INDIRECT(Graph!$C$2&\"!$A:$A\",TRUE),0),MATCH($A11,INDIRECT(Graph!$C$2&\"!$4:$4\",TRUE),0))=0,31,INDEX(INDIRECT(Graph!$C$2&\"!$1:$99999\",TRUE),MATCH(FK$10,INDIRECT(Graph!$C$2&\"!$A:$A\",TRUE),0),MATCH($A11,INDIRECT(Graph!$C$2&\"!$4:$4\",TRUE),0))))),NA(),IF(Graph!$C$4=\"Trend\",IF(IF(OR(COLUMN()<7,COLUMN()>184),NA(),AVERAGE(FJ11:FN11))=\"\",NA(),IF(OR(COLUMN()<7,COLUMN()>184),NA(),AVERAGE(FJ11:FN11))),IF(INDEX(INDIRECT(Graph!$C$2&\"!$1:$99999\",TRUE),MATCH(FK$10,INDIRECT(Graph!$C$2&\"!$A:$A\",TRUE),0),MATCH($A11,INDIRECT(Graph!$C$2&\"!$4:$4\",TRUE),0))=0,31,INDEX(INDIRECT(Graph!$C$2&\"!$1:$99999\",TRUE),MATCH(FK$10,INDIRECT(Graph!$C$2&\"!$A:$A\",TRUE),0),MATCH($A11,INDIRECT(Graph!$C$2&\"!$4:$4\",TRUE),0)))))","v":12},{"$f":"IF(ISERR(IF(Graph!$C$4=\"Trend\",IF(IF(OR(COLUMN()<7,COLUMN()>184),NA(),AVERAGE(FK11:FO11))=\"\",NA(),IF(OR(COLUMN()<7,COLUMN()>184),NA(),AVERAGE(FK11:FO11))),IF(INDEX(INDIRECT(Graph!$C$2&\"!$1:$99999\",TRUE),MATCH(FL$10,INDIRECT(Graph!$C$2&\"!$A:$A\",TRUE),0),MATCH($A11,INDIRECT(Graph!$C$2&\"!$4:$4\",TRUE),0))=0,31,INDEX(INDIRECT(Graph!$C$2&\"!$1:$99999\",TRUE),MATCH(FL$10,INDIRECT(Graph!$C$2&\"!$A:$A\",TRUE),0),MATCH($A11,INDIRECT(Graph!$C$2&\"!$4:$4\",TRUE),0))))),NA(),IF(Graph!$C$4=\"Trend\",IF(IF(OR(COLUMN()<7,COLUMN()>184),NA(),AVERAGE(FK11:FO11))=\"\",NA(),IF(OR(COLUMN()<7,COLUMN()>184),NA(),AVERAGE(FK11:FO11))),IF(INDEX(INDIRECT(Graph!$C$2&\"!$1:$99999\",TRUE),MATCH(FL$10,INDIRECT(Graph!$C$2&\"!$A:$A\",TRUE),0),MATCH($A11,INDIRECT(Graph!$C$2&\"!$4:$4\",TRUE),0))=0,31,INDEX(INDIRECT(Graph!$C$2&\"!$1:$99999\",TRUE),MATCH(FL$10,INDIRECT(Graph!$C$2&\"!$A:$A\",TRUE),0),MATCH($A11,INDIRECT(Graph!$C$2&\"!$4:$4\",TRUE),0)))))","v":12},{"$f":"IF(ISERR(IF(Graph!$C$4=\"Trend\",IF(IF(OR(COLUMN()<7,COLUMN()>184),NA(),AVERAGE(FL11:FP11))=\"\",NA(),IF(OR(COLUMN()<7,COLUMN()>184),NA(),AVERAGE(FL11:FP11))),IF(INDEX(INDIRECT(Graph!$C$2&\"!$1:$99999\",TRUE),MATCH(FM$10,INDIRECT(Graph!$C$2&\"!$A:$A\",TRUE),0),MATCH($A11,INDIRECT(Graph!$C$2&\"!$4:$4\",TRUE),0))=0,31,INDEX(INDIRECT(Graph!$C$2&\"!$1:$99999\",TRUE),MATCH(FM$10,INDIRECT(Graph!$C$2&\"!$A:$A\",TRUE),0),MATCH($A11,INDIRECT(Graph!$C$2&\"!$4:$4\",TRUE),0))))),NA(),IF(Graph!$C$4=\"Trend\",IF(IF(OR(COLUMN()<7,COLUMN()>184),NA(),AVERAGE(FL11:FP11))=\"\",NA(),IF(OR(COLUMN()<7,COLUMN()>184),NA(),AVERAGE(FL11:FP11))),IF(INDEX(INDIRECT(Graph!$C$2&\"!$1:$99999\",TRUE),MATCH(FM$10,INDIRECT(Graph!$C$2&\"!$A:$A\",TRUE),0),MATCH($A11,INDIRECT(Graph!$C$2&\"!$4:$4\",TRUE),0))=0,31,INDEX(INDIRECT(Graph!$C$2&\"!$1:$99999\",TRUE),MATCH(FM$10,INDIRECT(Graph!$C$2&\"!$A:$A\",TRUE),0),MATCH($A11,INDIRECT(Graph!$C$2&\"!$4:$4\",TRUE),0)))))","v":12},{"$f":"IF(ISERR(IF(Graph!$C$4=\"Trend\",IF(IF(OR(COLUMN()<7,COLUMN()>184),NA(),AVERAGE(FM11:FQ11))=\"\",NA(),IF(OR(COLUMN()<7,COLUMN()>184),NA(),AVERAGE(FM11:FQ11))),IF(INDEX(INDIRECT(Graph!$C$2&\"!$1:$99999\",TRUE),MATCH(FN$10,INDIRECT(Graph!$C$2&\"!$A:$A\",TRUE),0),MATCH($A11,INDIRECT(Graph!$C$2&\"!$4:$4\",TRUE),0))=0,31,INDEX(INDIRECT(Graph!$C$2&\"!$1:$99999\",TRUE),MATCH(FN$10,INDIRECT(Graph!$C$2&\"!$A:$A\",TRUE),0),MATCH($A11,INDIRECT(Graph!$C$2&\"!$4:$4\",TRUE),0))))),NA(),IF(Graph!$C$4=\"Trend\",IF(IF(OR(COLUMN()<7,COLUMN()>184),NA(),AVERAGE(FM11:FQ11))=\"\",NA(),IF(OR(COLUMN()<7,COLUMN()>184),NA(),AVERAGE(FM11:FQ11))),IF(INDEX(INDIRECT(Graph!$C$2&\"!$1:$99999\",TRUE),MATCH(FN$10,INDIRECT(Graph!$C$2&\"!$A:$A\",TRUE),0),MATCH($A11,INDIRECT(Graph!$C$2&\"!$4:$4\",TRUE),0))=0,31,INDEX(INDIRECT(Graph!$C$2&\"!$1:$99999\",TRUE),MATCH(FN$10,INDIRECT(Graph!$C$2&\"!$A:$A\",TRUE),0),MATCH($A11,INDIRECT(Graph!$C$2&\"!$4:$4\",TRUE),0)))))","v":12},{"$f":"IF(ISERR(IF(Graph!$C$4=\"Trend\",IF(IF(OR(COLUMN()<7,COLUMN()>184),NA(),AVERAGE(FN11:FR11))=\"\",NA(),IF(OR(COLUMN()<7,COLUMN()>184),NA(),AVERAGE(FN11:FR11))),IF(INDEX(INDIRECT(Graph!$C$2&\"!$1:$99999\",TRUE),MATCH(FO$10,INDIRECT(Graph!$C$2&\"!$A:$A\",TRUE),0),MATCH($A11,INDIRECT(Graph!$C$2&\"!$4:$4\",TRUE),0))=0,31,INDEX(INDIRECT(Graph!$C$2&\"!$1:$99999\",TRUE),MATCH(FO$10,INDIRECT(Graph!$C$2&\"!$A:$A\",TRUE),0),MATCH($A11,INDIRECT(Graph!$C$2&\"!$4:$4\",TRUE),0))))),NA(),IF(Graph!$C$4=\"Trend\",IF(IF(OR(COLUMN()<7,COLUMN()>184),NA(),AVERAGE(FN11:FR11))=\"\",NA(),IF(OR(COLUMN()<7,COLUMN()>184),NA(),AVERAGE(FN11:FR11))),IF(INDEX(INDIRECT(Graph!$C$2&\"!$1:$99999\",TRUE),MATCH(FO$10,INDIRECT(Graph!$C$2&\"!$A:$A\",TRUE),0),MATCH($A11,INDIRECT(Graph!$C$2&\"!$4:$4\",TRUE),0))=0,31,INDEX(INDIRECT(Graph!$C$2&\"!$1:$99999\",TRUE),MATCH(FO$10,INDIRECT(Graph!$C$2&\"!$A:$A\",TRUE),0),MATCH($A11,INDIRECT(Graph!$C$2&\"!$4:$4\",TRUE),0)))))","v":12},{"$f":"IF(ISERR(IF(Graph!$C$4=\"Trend\",IF(IF(OR(COLUMN()<7,COLUMN()>184),NA(),AVERAGE(FO11:FS11))=\"\",NA(),IF(OR(COLUMN()<7,COLUMN()>184),NA(),AVERAGE(FO11:FS11))),IF(INDEX(INDIRECT(Graph!$C$2&\"!$1:$99999\",TRUE),MATCH(FP$10,INDIRECT(Graph!$C$2&\"!$A:$A\",TRUE),0),MATCH($A11,INDIRECT(Graph!$C$2&\"!$4:$4\",TRUE),0))=0,31,INDEX(INDIRECT(Graph!$C$2&\"!$1:$99999\",TRUE),MATCH(FP$10,INDIRECT(Graph!$C$2&\"!$A:$A\",TRUE),0),MATCH($A11,INDIRECT(Graph!$C$2&\"!$4:$4\",TRUE),0))))),NA(),IF(Graph!$C$4=\"Trend\",IF(IF(OR(COLUMN()<7,COLUMN()>184),NA(),AVERAGE(FO11:FS11))=\"\",NA(),IF(OR(COLUMN()<7,COLUMN()>184),NA(),AVERAGE(FO11:FS11))),IF(INDEX(INDIRECT(Graph!$C$2&\"!$1:$99999\",TRUE),MATCH(FP$10,INDIRECT(Graph!$C$2&\"!$A:$A\",TRUE),0),MATCH($A11,INDIRECT(Graph!$C$2&\"!$4:$4\",TRUE),0))=0,31,INDEX(INDIRECT(Graph!$C$2&\"!$1:$99999\",TRUE),MATCH(FP$10,INDIRECT(Graph!$C$2&\"!$A:$A\",TRUE),0),MATCH($A11,INDIRECT(Graph!$C$2&\"!$4:$4\",TRUE),0)))))","v":12},{"$f":"IF(ISERR(IF(Graph!$C$4=\"Trend\",IF(IF(OR(COLUMN()<7,COLUMN()>184),NA(),AVERAGE(FP11:FT11))=\"\",NA(),IF(OR(COLUMN()<7,COLUMN()>184),NA(),AVERAGE(FP11:FT11))),IF(INDEX(INDIRECT(Graph!$C$2&\"!$1:$99999\",TRUE),MATCH(FQ$10,INDIRECT(Graph!$C$2&\"!$A:$A\",TRUE),0),MATCH($A11,INDIRECT(Graph!$C$2&\"!$4:$4\",TRUE),0))=0,31,INDEX(INDIRECT(Graph!$C$2&\"!$1:$99999\",TRUE),MATCH(FQ$10,INDIRECT(Graph!$C$2&\"!$A:$A\",TRUE),0),MATCH($A11,INDIRECT(Graph!$C$2&\"!$4:$4\",TRUE),0))))),NA(),IF(Graph!$C$4=\"Trend\",IF(IF(OR(COLUMN()<7,COLUMN()>184),NA(),AVERAGE(FP11:FT11))=\"\",NA(),IF(OR(COLUMN()<7,COLUMN()>184),NA(),AVERAGE(FP11:FT11))),IF(INDEX(INDIRECT(Graph!$C$2&\"!$1:$99999\",TRUE),MATCH(FQ$10,INDIRECT(Graph!$C$2&\"!$A:$A\",TRUE),0),MATCH($A11,INDIRECT(Graph!$C$2&\"!$4:$4\",TRUE),0))=0,31,INDEX(INDIRECT(Graph!$C$2&\"!$1:$99999\",TRUE),MATCH(FQ$10,INDIRECT(Graph!$C$2&\"!$A:$A\",TRUE),0),MATCH($A11,INDIRECT(Graph!$C$2&\"!$4:$4\",TRUE),0)))))","v":11},{"$f":"IF(ISERR(IF(Graph!$C$4=\"Trend\",IF(IF(OR(COLUMN()<7,COLUMN()>184),NA(),AVERAGE(FQ11:FU11))=\"\",NA(),IF(OR(COLUMN()<7,COLUMN()>184),NA(),AVERAGE(FQ11:FU11))),IF(INDEX(INDIRECT(Graph!$C$2&\"!$1:$99999\",TRUE),MATCH(FR$10,INDIRECT(Graph!$C$2&\"!$A:$A\",TRUE),0),MATCH($A11,INDIRECT(Graph!$C$2&\"!$4:$4\",TRUE),0))=0,31,INDEX(INDIRECT(Graph!$C$2&\"!$1:$99999\",TRUE),MATCH(FR$10,INDIRECT(Graph!$C$2&\"!$A:$A\",TRUE),0),MATCH($A11,INDIRECT(Graph!$C$2&\"!$4:$4\",TRUE),0))))),NA(),IF(Graph!$C$4=\"Trend\",IF(IF(OR(COLUMN()<7,COLUMN()>184),NA(),AVERAGE(FQ11:FU11))=\"\",NA(),IF(OR(COLUMN()<7,COLUMN()>184),NA(),AVERAGE(FQ11:FU11))),IF(INDEX(INDIRECT(Graph!$C$2&\"!$1:$99999\",TRUE),MATCH(FR$10,INDIRECT(Graph!$C$2&\"!$A:$A\",TRUE),0),MATCH($A11,INDIRECT(Graph!$C$2&\"!$4:$4\",TRUE),0))=0,31,INDEX(INDIRECT(Graph!$C$2&\"!$1:$99999\",TRUE),MATCH(FR$10,INDIRECT(Graph!$C$2&\"!$A:$A\",TRUE),0),MATCH($A11,INDIRECT(Graph!$C$2&\"!$4:$4\",TRUE),0)))))","v":10},{"$f":"IF(ISERR(IF(Graph!$C$4=\"Trend\",IF(IF(OR(COLUMN()<7,COLUMN()>184),NA(),AVERAGE(FR11:FV11))=\"\",NA(),IF(OR(COLUMN()<7,COLUMN()>184),NA(),AVERAGE(FR11:FV11))),IF(INDEX(INDIRECT(Graph!$C$2&\"!$1:$99999\",TRUE),MATCH(FS$10,INDIRECT(Graph!$C$2&\"!$A:$A\",TRUE),0),MATCH($A11,INDIRECT(Graph!$C$2&\"!$4:$4\",TRUE),0))=0,31,INDEX(INDIRECT(Graph!$C$2&\"!$1:$99999\",TRUE),MATCH(FS$10,INDIRECT(Graph!$C$2&\"!$A:$A\",TRUE),0),MATCH($A11,INDIRECT(Graph!$C$2&\"!$4:$4\",TRUE),0))))),NA(),IF(Graph!$C$4=\"Trend\",IF(IF(OR(COLUMN()<7,COLUMN()>184),NA(),AVERAGE(FR11:FV11))=\"\",NA(),IF(OR(COLUMN()<7,COLUMN()>184),NA(),AVERAGE(FR11:FV11))),IF(INDEX(INDIRECT(Graph!$C$2&\"!$1:$99999\",TRUE),MATCH(FS$10,INDIRECT(Graph!$C$2&\"!$A:$A\",TRUE),0),MATCH($A11,INDIRECT(Graph!$C$2&\"!$4:$4\",TRUE),0))=0,31,INDEX(INDIRECT(Graph!$C$2&\"!$1:$99999\",TRUE),MATCH(FS$10,INDIRECT(Graph!$C$2&\"!$A:$A\",TRUE),0),MATCH($A11,INDIRECT(Graph!$C$2&\"!$4:$4\",TRUE),0)))))","v":10},{"$f":"IF(ISERR(IF(Graph!$C$4=\"Trend\",IF(IF(OR(COLUMN()<7,COLUMN()>184),NA(),AVERAGE(FS11:FW11))=\"\",NA(),IF(OR(COLUMN()<7,COLUMN()>184),NA(),AVERAGE(FS11:FW11))),IF(INDEX(INDIRECT(Graph!$C$2&\"!$1:$99999\",TRUE),MATCH(FT$10,INDIRECT(Graph!$C$2&\"!$A:$A\",TRUE),0),MATCH($A11,INDIRECT(Graph!$C$2&\"!$4:$4\",TRUE),0))=0,31,INDEX(INDIRECT(Graph!$C$2&\"!$1:$99999\",TRUE),MATCH(FT$10,INDIRECT(Graph!$C$2&\"!$A:$A\",TRUE),0),MATCH($A11,INDIRECT(Graph!$C$2&\"!$4:$4\",TRUE),0))))),NA(),IF(Graph!$C$4=\"Trend\",IF(IF(OR(COLUMN()<7,COLUMN()>184),NA(),AVERAGE(FS11:FW11))=\"\",NA(),IF(OR(COLUMN()<7,COLUMN()>184),NA(),AVERAGE(FS11:FW11))),IF(INDEX(INDIRECT(Graph!$C$2&\"!$1:$99999\",TRUE),MATCH(FT$10,INDIRECT(Graph!$C$2&\"!$A:$A\",TRUE),0),MATCH($A11,INDIRECT(Graph!$C$2&\"!$4:$4\",TRUE),0))=0,31,INDEX(INDIRECT(Graph!$C$2&\"!$1:$99999\",TRUE),MATCH(FT$10,INDIRECT(Graph!$C$2&\"!$A:$A\",TRUE),0),MATCH($A11,INDIRECT(Graph!$C$2&\"!$4:$4\",TRUE),0)))))","v":10},{"$f":"IF(ISERR(IF(Graph!$C$4=\"Trend\",IF(IF(OR(COLUMN()<7,COLUMN()>184),NA(),AVERAGE(FT11:FX11))=\"\",NA(),IF(OR(COLUMN()<7,COLUMN()>184),NA(),AVERAGE(FT11:FX11))),IF(INDEX(INDIRECT(Graph!$C$2&\"!$1:$99999\",TRUE),MATCH(FU$10,INDIRECT(Graph!$C$2&\"!$A:$A\",TRUE),0),MATCH($A11,INDIRECT(Graph!$C$2&\"!$4:$4\",TRUE),0))=0,31,INDEX(INDIRECT(Graph!$C$2&\"!$1:$99999\",TRUE),MATCH(FU$10,INDIRECT(Graph!$C$2&\"!$A:$A\",TRUE),0),MATCH($A11,INDIRECT(Graph!$C$2&\"!$4:$4\",TRUE),0))))),NA(),IF(Graph!$C$4=\"Trend\",IF(IF(OR(COLUMN()<7,COLUMN()>184),NA(),AVERAGE(FT11:FX11))=\"\",NA(),IF(OR(COLUMN()<7,COLUMN()>184),NA(),AVERAGE(FT11:FX11))),IF(INDEX(INDIRECT(Graph!$C$2&\"!$1:$99999\",TRUE),MATCH(FU$10,INDIRECT(Graph!$C$2&\"!$A:$A\",TRUE),0),MATCH($A11,INDIRECT(Graph!$C$2&\"!$4:$4\",TRUE),0))=0,31,INDEX(INDIRECT(Graph!$C$2&\"!$1:$99999\",TRUE),MATCH(FU$10,INDIRECT(Graph!$C$2&\"!$A:$A\",TRUE),0),MATCH($A11,INDIRECT(Graph!$C$2&\"!$4:$4\",TRUE),0)))))","v":9},{"$f":"IF(ISERR(IF(Graph!$C$4=\"Trend\",IF(IF(OR(COLUMN()<7,COLUMN()>184),NA(),AVERAGE(FU11:FY11))=\"\",NA(),IF(OR(COLUMN()<7,COLUMN()>184),NA(),AVERAGE(FU11:FY11))),IF(INDEX(INDIRECT(Graph!$C$2&\"!$1:$99999\",TRUE),MATCH(FV$10,INDIRECT(Graph!$C$2&\"!$A:$A\",TRUE),0),MATCH($A11,INDIRECT(Graph!$C$2&\"!$4:$4\",TRUE),0))=0,31,INDEX(INDIRECT(Graph!$C$2&\"!$1:$99999\",TRUE),MATCH(FV$10,INDIRECT(Graph!$C$2&\"!$A:$A\",TRUE),0),MATCH($A11,INDIRECT(Graph!$C$2&\"!$4:$4\",TRUE),0))))),NA(),IF(Graph!$C$4=\"Trend\",IF(IF(OR(COLUMN()<7,COLUMN()>184),NA(),AVERAGE(FU11:FY11))=\"\",NA(),IF(OR(COLUMN()<7,COLUMN()>184),NA(),AVERAGE(FU11:FY11))),IF(INDEX(INDIRECT(Graph!$C$2&\"!$1:$99999\",TRUE),MATCH(FV$10,INDIRECT(Graph!$C$2&\"!$A:$A\",TRUE),0),MATCH($A11,INDIRECT(Graph!$C$2&\"!$4:$4\",TRUE),0))=0,31,INDEX(INDIRECT(Graph!$C$2&\"!$1:$99999\",TRUE),MATCH(FV$10,INDIRECT(Graph!$C$2&\"!$A:$A\",TRUE),0),MATCH($A11,INDIRECT(Graph!$C$2&\"!$4:$4\",TRUE),0)))))","v":9},{"$f":"IF(ISERR(IF(Graph!$C$4=\"Trend\",IF(IF(OR(COLUMN()<7,COLUMN()>184),NA(),AVERAGE(FV11:FZ11))=\"\",NA(),IF(OR(COLUMN()<7,COLUMN()>184),NA(),AVERAGE(FV11:FZ11))),IF(INDEX(INDIRECT(Graph!$C$2&\"!$1:$99999\",TRUE),MATCH(FW$10,INDIRECT(Graph!$C$2&\"!$A:$A\",TRUE),0),MATCH($A11,INDIRECT(Graph!$C$2&\"!$4:$4\",TRUE),0))=0,31,INDEX(INDIRECT(Graph!$C$2&\"!$1:$99999\",TRUE),MATCH(FW$10,INDIRECT(Graph!$C$2&\"!$A:$A\",TRUE),0),MATCH($A11,INDIRECT(Graph!$C$2&\"!$4:$4\",TRUE),0))))),NA(),IF(Graph!$C$4=\"Trend\",IF(IF(OR(COLUMN()<7,COLUMN()>184),NA(),AVERAGE(FV11:FZ11))=\"\",NA(),IF(OR(COLUMN()<7,COLUMN()>184),NA(),AVERAGE(FV11:FZ11))),IF(INDEX(INDIRECT(Graph!$C$2&\"!$1:$99999\",TRUE),MATCH(FW$10,INDIRECT(Graph!$C$2&\"!$A:$A\",TRUE),0),MATCH($A11,INDIRECT(Graph!$C$2&\"!$4:$4\",TRUE),0))=0,31,INDEX(INDIRECT(Graph!$C$2&\"!$1:$99999\",TRUE),MATCH(FW$10,INDIRECT(Graph!$C$2&\"!$A:$A\",TRUE),0),MATCH($A11,INDIRECT(Graph!$C$2&\"!$4:$4\",TRUE),0)))))","v":2},{"$f":"IF(ISERR(IF(Graph!$C$4=\"Trend\",IF(IF(OR(COLUMN()<7,COLUMN()>184),NA(),AVERAGE(FW11:GA11))=\"\",NA(),IF(OR(COLUMN()<7,COLUMN()>184),NA(),AVERAGE(FW11:GA11))),IF(INDEX(INDIRECT(Graph!$C$2&\"!$1:$99999\",TRUE),MATCH(FX$10,INDIRECT(Graph!$C$2&\"!$A:$A\",TRUE),0),MATCH($A11,INDIRECT(Graph!$C$2&\"!$4:$4\",TRUE),0))=0,31,INDEX(INDIRECT(Graph!$C$2&\"!$1:$99999\",TRUE),MATCH(FX$10,INDIRECT(Graph!$C$2&\"!$A:$A\",TRUE),0),MATCH($A11,INDIRECT(Graph!$C$2&\"!$4:$4\",TRUE),0))))),NA(),IF(Graph!$C$4=\"Trend\",IF(IF(OR(COLUMN()<7,COLUMN()>184),NA(),AVERAGE(FW11:GA11))=\"\",NA(),IF(OR(COLUMN()<7,COLUMN()>184),NA(),AVERAGE(FW11:GA11))),IF(INDEX(INDIRECT(Graph!$C$2&\"!$1:$99999\",TRUE),MATCH(FX$10,INDIRECT(Graph!$C$2&\"!$A:$A\",TRUE),0),MATCH($A11,INDIRECT(Graph!$C$2&\"!$4:$4\",TRUE),0))=0,31,INDEX(INDIRECT(Graph!$C$2&\"!$1:$99999\",TRUE),MATCH(FX$10,INDIRECT(Graph!$C$2&\"!$A:$A\",TRUE),0),MATCH($A11,INDIRECT(Graph!$C$2&\"!$4:$4\",TRUE),0)))))","v":2},{"$f":"IF(ISERR(IF(Graph!$C$4=\"Trend\",IF(IF(OR(COLUMN()<7,COLUMN()>184),NA(),AVERAGE(FX11:GB11))=\"\",NA(),IF(OR(COLUMN()<7,COLUMN()>184),NA(),AVERAGE(FX11:GB11))),IF(INDEX(INDIRECT(Graph!$C$2&\"!$1:$99999\",TRUE),MATCH(FY$10,INDIRECT(Graph!$C$2&\"!$A:$A\",TRUE),0),MATCH($A11,INDIRECT(Graph!$C$2&\"!$4:$4\",TRUE),0))=0,31,INDEX(INDIRECT(Graph!$C$2&\"!$1:$99999\",TRUE),MATCH(FY$10,INDIRECT(Graph!$C$2&\"!$A:$A\",TRUE),0),MATCH($A11,INDIRECT(Graph!$C$2&\"!$4:$4\",TRUE),0))))),NA(),IF(Graph!$C$4=\"Trend\",IF(IF(OR(COLUMN()<7,COLUMN()>184),NA(),AVERAGE(FX11:GB11))=\"\",NA(),IF(OR(COLUMN()<7,COLUMN()>184),NA(),AVERAGE(FX11:GB11))),IF(INDEX(INDIRECT(Graph!$C$2&\"!$1:$99999\",TRUE),MATCH(FY$10,INDIRECT(Graph!$C$2&\"!$A:$A\",TRUE),0),MATCH($A11,INDIRECT(Graph!$C$2&\"!$4:$4\",TRUE),0))=0,31,INDEX(INDIRECT(Graph!$C$2&\"!$1:$99999\",TRUE),MATCH(FY$10,INDIRECT(Graph!$C$2&\"!$A:$A\",TRUE),0),MATCH($A11,INDIRECT(Graph!$C$2&\"!$4:$4\",TRUE),0)))))","v":2},{"$f":"IF(ISERR(IF(Graph!$C$4=\"Trend\",IF(IF(OR(COLUMN()<7,COLUMN()>184),NA(),AVERAGE(FY11:GC11))=\"\",NA(),IF(OR(COLUMN()<7,COLUMN()>184),NA(),AVERAGE(FY11:GC11))),IF(INDEX(INDIRECT(Graph!$C$2&\"!$1:$99999\",TRUE),MATCH(FZ$10,INDIRECT(Graph!$C$2&\"!$A:$A\",TRUE),0),MATCH($A11,INDIRECT(Graph!$C$2&\"!$4:$4\",TRUE),0))=0,31,INDEX(INDIRECT(Graph!$C$2&\"!$1:$99999\",TRUE),MATCH(FZ$10,INDIRECT(Graph!$C$2&\"!$A:$A\",TRUE),0),MATCH($A11,INDIRECT(Graph!$C$2&\"!$4:$4\",TRUE),0))))),NA(),IF(Graph!$C$4=\"Trend\",IF(IF(OR(COLUMN()<7,COLUMN()>184),NA(),AVERAGE(FY11:GC11))=\"\",NA(),IF(OR(COLUMN()<7,COLUMN()>184),NA(),AVERAGE(FY11:GC11))),IF(INDEX(INDIRECT(Graph!$C$2&\"!$1:$99999\",TRUE),MATCH(FZ$10,INDIRECT(Graph!$C$2&\"!$A:$A\",TRUE),0),MATCH($A11,INDIRECT(Graph!$C$2&\"!$4:$4\",TRUE),0))=0,31,INDEX(INDIRECT(Graph!$C$2&\"!$1:$99999\",TRUE),MATCH(FZ$10,INDIRECT(Graph!$C$2&\"!$A:$A\",TRUE),0),MATCH($A11,INDIRECT(Graph!$C$2&\"!$4:$4\",TRUE),0)))))","v":2},{"$f":"IF(ISERR(IF(Graph!$C$4=\"Trend\",IF(IF(OR(COLUMN()<7,COLUMN()>184),NA(),AVERAGE(FZ11:GD11))=\"\",NA(),IF(OR(COLUMN()<7,COLUMN()>184),NA(),AVERAGE(FZ11:GD11))),IF(INDEX(INDIRECT(Graph!$C$2&\"!$1:$99999\",TRUE),MATCH(GA$10,INDIRECT(Graph!$C$2&\"!$A:$A\",TRUE),0),MATCH($A11,INDIRECT(Graph!$C$2&\"!$4:$4\",TRUE),0))=0,31,INDEX(INDIRECT(Graph!$C$2&\"!$1:$99999\",TRUE),MATCH(GA$10,INDIRECT(Graph!$C$2&\"!$A:$A\",TRUE),0),MATCH($A11,INDIRECT(Graph!$C$2&\"!$4:$4\",TRUE),0))))),NA(),IF(Graph!$C$4=\"Trend\",IF(IF(OR(COLUMN()<7,COLUMN()>184),NA(),AVERAGE(FZ11:GD11))=\"\",NA(),IF(OR(COLUMN()<7,COLUMN()>184),NA(),AVERAGE(FZ11:GD11))),IF(INDEX(INDIRECT(Graph!$C$2&\"!$1:$99999\",TRUE),MATCH(GA$10,INDIRECT(Graph!$C$2&\"!$A:$A\",TRUE),0),MATCH($A11,INDIRECT(Graph!$C$2&\"!$4:$4\",TRUE),0))=0,31,INDEX(INDIRECT(Graph!$C$2&\"!$1:$99999\",TRUE),MATCH(GA$10,INDIRECT(Graph!$C$2&\"!$A:$A\",TRUE),0),MATCH($A11,INDIRECT(Graph!$C$2&\"!$4:$4\",TRUE),0)))))","v":2},{"$f":"IF(ISERR(IF(Graph!$C$4=\"Trend\",IF(IF(OR(COLUMN()<7,COLUMN()>184),NA(),AVERAGE(GA11:GE11))=\"\",NA(),IF(OR(COLUMN()<7,COLUMN()>184),NA(),AVERAGE(GA11:GE11))),IF(INDEX(INDIRECT(Graph!$C$2&\"!$1:$99999\",TRUE),MATCH(GB$10,INDIRECT(Graph!$C$2&\"!$A:$A\",TRUE),0),MATCH($A11,INDIRECT(Graph!$C$2&\"!$4:$4\",TRUE),0))=0,31,INDEX(INDIRECT(Graph!$C$2&\"!$1:$99999\",TRUE),MATCH(GB$10,INDIRECT(Graph!$C$2&\"!$A:$A\",TRUE),0),MATCH($A11,INDIRECT(Graph!$C$2&\"!$4:$4\",TRUE),0))))),NA(),IF(Graph!$C$4=\"Trend\",IF(IF(OR(COLUMN()<7,COLUMN()>184),NA(),AVERAGE(GA11:GE11))=\"\",NA(),IF(OR(COLUMN()<7,COLUMN()>184),NA(),AVERAGE(GA11:GE11))),IF(INDEX(INDIRECT(Graph!$C$2&\"!$1:$99999\",TRUE),MATCH(GB$10,INDIRECT(Graph!$C$2&\"!$A:$A\",TRUE),0),MATCH($A11,INDIRECT(Graph!$C$2&\"!$4:$4\",TRUE),0))=0,31,INDEX(INDIRECT(Graph!$C$2&\"!$1:$99999\",TRUE),MATCH(GB$10,INDIRECT(Graph!$C$2&\"!$A:$A\",TRUE),0),MATCH($A11,INDIRECT(Graph!$C$2&\"!$4:$4\",TRUE),0)))))","v":2},{"$f":"IF(ISERR(IF(Graph!$C$4=\"Trend\",IF(IF(OR(COLUMN()<7,COLUMN()>184),NA(),AVERAGE(GB11:GF11))=\"\",NA(),IF(OR(COLUMN()<7,COLUMN()>184),NA(),AVERAGE(GB11:GF11))),IF(INDEX(INDIRECT(Graph!$C$2&\"!$1:$99999\",TRUE),MATCH(GC$10,INDIRECT(Graph!$C$2&\"!$A:$A\",TRUE),0),MATCH($A11,INDIRECT(Graph!$C$2&\"!$4:$4\",TRUE),0))=0,31,INDEX(INDIRECT(Graph!$C$2&\"!$1:$99999\",TRUE),MATCH(GC$10,INDIRECT(Graph!$C$2&\"!$A:$A\",TRUE),0),MATCH($A11,INDIRECT(Graph!$C$2&\"!$4:$4\",TRUE),0))))),NA(),IF(Graph!$C$4=\"Trend\",IF(IF(OR(COLUMN()<7,COLUMN()>184),NA(),AVERAGE(GB11:GF11))=\"\",NA(),IF(OR(COLUMN()<7,COLUMN()>184),NA(),AVERAGE(GB11:GF11))),IF(INDEX(INDIRECT(Graph!$C$2&\"!$1:$99999\",TRUE),MATCH(GC$10,INDIRECT(Graph!$C$2&\"!$A:$A\",TRUE),0),MATCH($A11,INDIRECT(Graph!$C$2&\"!$4:$4\",TRUE),0))=0,31,INDEX(INDIRECT(Graph!$C$2&\"!$1:$99999\",TRUE),MATCH(GC$10,INDIRECT(Graph!$C$2&\"!$A:$A\",TRUE),0),MATCH($A11,INDIRECT(Graph!$C$2&\"!$4:$4\",TRUE),0)))))","v":1}]
[]
[]
[]
[]
[]
[]
[]
[]
[]
[]
[]
[]
[]
[]
[]
[]
[]
[]
[]
[]
[]
[]
[]
[]
[]
[]
[]
[]
[]
[]
[]
[]
[]
[]
[]
[]
[]
[]
[]
[]
[]
[]
[]
[]
[]
[]
[]
[]
[]
[]
[]
[]
[]
[]
[]
[]
[]
[]
[]
[]
[]
[]
[]
[]
[]
[]
[]
[]
[]
[]
[]
[]
[]
[]
[]
[]
[]
[]
[]
[]
[]
[]
[]
[]
[]
[]
[]
[]
[]
[]
[]
[]
[]
[]
[]
[]
[]
[]
[]
[]
[]
[]
[]
[]
[]
[]
[]
[]
[]
[]
[]
[]
[]
[]
[]
[]
[]
[]
[]
[]
[]
[]
[]
[]
[]
[]
[]
[]
[]
[]
[]
[]
[]
[]
[]
[]
[]
[]
[]
["2013-12-28",0,0,0,0,0,0,0,0,0,0,0,0,0,0,0,0,0,0,0,0,0,0,0,0,0,0,0,0,0,0,0,0,0,0,0,0,0,0,0,0,0,0,0,0,0,0,0,0,0,0,0,0,0,0,0,0,0,0,0,0,0,0,0,0,0,0,0,0,0,0,0,0,0,0,0,0,0,0,0,0,0,0,0,0,0,0,0,0,0,0,0,0,0,0,0,0,0,0,0,0,0,0,0,0,0,0,0,0,0,0,0,0,0,0,0,0,0,0,0,0,0,0,0,0,0,0,0,0,0,0,0,0,0,0,0,0,0,0,0,0,0,0,0,0,0,0,0,0,0,0,0,0,0,0,0,0,0,0,0,0,0,0,0,0,0,0,0,0,0,0,0,0,0,0,0,0,0,0,0,0,0,0,0,0]
["2013-12-29",0,0,0,0,0,0,0,0,0,0,0,0,0,0,0,0,0,0,0,0,0,0,0,0,0,0,0,0,0,0,0,0,0,0,0,0,0,0,0,0,0,0,0,0,0,0,0,0,0,0,0,0,0,0,0,0,0,0,0,0,0,0,0,0,0,0,0,0,0,0,0,0,0,0,0,0,0,0,0,0,0,0,0,0,0,0,0,0,0,0,0,0,0,0,0,0,0,0,0,0,0,0,0,0,0,0,0,0,0,0,0,0,0,0,0,0,0,0,0,0,0,0,0,0,0,0,0,0,0,0,0,0,0,0,0,0,0,0,0,0,0,0,0,0,0,0,0,0,0,0,0,0,0,0,0,0,0,0,0,0,0,0,0,0,0,0,0,0,0,0,0,0,0,0,0,0,0,0,0,0,0,0,0,0]
["2013-12-30",0,0,0,0,0,0,0,0,0,0,0,0,0,0,0,0,0,0,0,0,0,0,0,0,0,0,0,0,0,0,0,0,0,0,0,0,0,0,0,0,0,0,0,0,0,0,0,0,0,0,0,0,0,0,0,0,0,0,0,0,0,0,0,0,0,0,0,0,0,0,0,0,0,0,0,0,0,0,0,0,0,0,0,0,0,0,0,0,0,0,0,0,0,0,0,0,0,0,0,0,0,0,0,0,0,0,0,0,0,0,0,0,0,0,0,0,0,0,0,0,0,0,0,0,0,0,0,0,0,0,0,0,0,0,0,0,0,0,0,0,0,0,0,0,0,0,0,0,0,0,0,0,0,0,0,0,0,0,0,0,0,0,0,0,0,0,0,0,0,0,0]
["2014-01-01",0,0,0,0,0,0,0,0,0,0,0,0,0,0,0,0,0,0,0,0,0,0,0,0,0,0,0,0,0,0,0,0,0,0,0,0,0,0,0,0,0,0,0,0,0,0,0,0,0,0,0,0,0,0,0,0,0,0,0,0,0,0,0,0,0,0,0,0,0,0,0,0,0,0,0,0,0,0,0,0,0,0,0,0,0,0,0,0,0,0,0,0,0,0,0,0,0,0,0,0,0,0,0,0,0,0,0,0,0,0,0,0,0,0,0,0,0,0,0,0,0,0,0,0,0,0,0,0,0,0,0,0,0,0,0,0,0,0,0,0,0,0,0,0,0,0,0,0,0,0,0,0,0,0,0,0,0,0,0,0,0,0,0,0,0,0,0,0,0,0,0,0,0,0,0,0,0,0,0,0,0,0,0,0]
["2014-01-02",0,0,0,0,0,0,0,0,0,0,0,0,0,0,0,0,0,0,0,0,0,0,0,0,0,0,0,0,0,0,0,0,0,0,0,0,0,0,0,0,0,0,0,0,0,0,0,0,0,0,0,0,0,0,0,0,0,0,0,0,0,0,0,0,0,0,0,0,0,0,0,0,0,0,0,0,0,0,0,0,0,0,0,0,0,0,0,0,0,0,0,0,0,0,0,0,0,0,0,0,0,0,0,0,0,0,0,0,0,0,0,0,0,0,0,0,0,0,0,0,0,0,0,0,0,0,0,0,0,0,0,0,0,0,0,0,0,0,0,0,0,0,0,0,0,0,0,0,0,0,0,0,0,0,0,0,0,0,0,0,0,0,0,0,0,0,0,0,0,0,0,0,0,0,0,0,0,0,0,0,0,0,0,0]
["2014-01-03",0,0,0,0,0,0,0,0,0,0,0,0,0,0,0,0,0,0,0,0,0,0,0,0,0,0,0,0,0,0,0,0,0,0,0,0,0,0,0,0,0,0,0,0,0,0,0,0,0,0,0,0,0,0,0,0,0,0,0,0,0,0,0,0,0,0,0,0,0,0,0,0,0,0,0,0,0,0,0,0,0,0,0,0,0,0,0,0,0,0,0,0,0,0,0,0,0,0,0,0,0,0,0,0,0,0,0,0,0,0,0,0,0,0,0,0,0,0,0,0,0,0,0,0,0,0,0,0,0,0,0,0,0,0,0,0,0,0,0,0,0,0,0,0,0,0,0,0,0,0,0,0,0,0,0,0,0,0,0,0,0,0,0,0,0,0,0,0,0,0,0,0,0,0,0,0,0,0,0,0,0,0,0,0]
["2014-01-04",0,0,0,0,0,0,0,0,0,0,0,0,0,0,0,0,0,0,0,0,0,0,0,0,0,0,0,0,0,0,0,0,0,0,0,0,0,0,0,0,0,0,0,0,0,0,0,0,0,0,0,0,0,0,0,0,0,0,0,0,0,0,0,0,0,0,0,0,0,0,0,0,0,0,0,0,0,0,0,0,0,0,0,0,0,0,0,0,0,0,0,0,0,0,0,0,0,0,0,0,0,0,0,0,0,0,0,0,0,0,0,0,0,0,0,0,0,0,0,0,0,0,0,0,0,0,0,0,0,0,0,0,0,0,0,0,0,0,0,0,0,0,0,0,0,0,0,0,0,0,0,0,0,0,0,0,0,0,0,0,0]
["2014-01-06",0,0,0,0,0,0,0,0,0,0,0,0,0,0,0,0,0,0,0,0,0,0,0,0,0,0,0,0,0,0,0,0,0,0,0,0,0,0,0,0,0,0,0,0,0,0,0,0,0,0,0,0,0,0,0,0,0,0,0,0,0,0,0,0,0,0,0,0,0,0,0,0,0,0,0,0,0,0,0,0,0,0,0,0,0,0,0,0,0,0,0,0,0,0,0,0,0,0,0,0,0,0,0,0,0,0,0,0,0,0,0,0,0,0,0,0,0,0,0,0,0,0,0,0,0,0,0,0,0,0,0,0,0,0,0,0,0,0,0,0,0,0,0,0,0,0,0,0,0,0,0,0,0,0,0,0,0,0,0,0,0,0,0,0,0,0,0,0,0,0,0,0,0,0,0,0,0,0,0,0,0,0,0,0]
["2014-01-07",0,0,0,0,0,0,0,0,0,0,0,0,0,0,0,0,0,0,0,0,0,0,0,0,0,0,0,0,0,0,0,0,0,0,0,0,0,0,0,0,0,0,0,0,0,0,0,0,0,0,0,0,0,0,0,0,0,0,0,0,0,0,0,0,0,0,0,0,0,0,0,0,0,0,0,0,0,0,0,0,0,0,0,0,0,0,0,0,0,0,0,0,0,0,0,0,0,0,0,0,0,0,0,0,0,0,0,0,0,0,0,0,0,0,0,0,0,0,0,0,0,0,0,0,0,0,0,0,0,0,0,0,0,0,0,0,0,0,0,0,0,0,0,0,0,0,0,0,0,0,0,0,0,0,0,0,0,0,0,0,0,0,0,0,0,0,0,0,0,0,0,0,0,0,0,0,0,0,0,0,0,0,0,0]
["2014-01-08",0,0,0,0,0,0,0,0,0,0,0,0,0,0,0,0,0,0,0,0,0,0,0,0,0,0,0,0,0,0,0,0,0,0,0,0,0,0,0,0,0,0,0,0,0,0,0,0,0,0,0,0,0,0,0,0,0,0,0,0,0,0,0,0,0,0,0,0,0,0,0,0,0,0,0,0,0,0,0,0,0,0,0,0,0,0,0,0,0,0,0,0,0,0,0,0,0,0,0,0,0,0,0,0,0,0,0,0,0,0,0,0,0,0,0,0,0,0,0,0,0,0,0,0,0,0,0,0,0,0,0,0,0,0,0,0,0,0,0,0,0,0,0,0,0,0,0,0,0,0,0,0,0,0,0,0,0,0,0,0,0,0,0,0,0,0,0,0,0,0,0,0,0,0,0,0,0,0,0,0,0,0,0,0]
["2014-01-09",0,0,0,0,0,0,0,0,0,0,0,0,0,0,0,0,0,0,0,0,0,0,0,0,0,0,0,0,0,0,0,0,0,0,0,0,0,0,0,0,0,0,0,0,0,0,0,0,0,0,0,0,0,0,0,0,0,0,0,0,0,0,0,0,0,0,0,0,0,0,0,0,0,0,0,0,0,0,0,0,0,0,0,0,0,0,0,0,0,0,0,0,0,0,0,0,0,0,0,0,0,0,0,0,0,0,0,0,0,0,0,0,0,0,0,0,0,0,0,0,0,0,0,0,0,0,0,0,0,0,0,0,0,0,0,0,0,0,0,0,0,0,0,0,0,0,0,0,0,0,0,0,0,0,0,0,0,0,0,0,0,0,0,0,0,0,0,0,0,0,0,0,0,0,0,0,0,0,0,0,0,0,0,0]
["2014-01-10",0,0,0,0,0,0,0,0,0,0,0,0,0,0,0,0,0,0,0,0,0,0,0,0,0,0,0,0,0,0,0,0,0,0,0,0,0,0,0,0,0,0,0,0,0,0,0,0,0,0,0,0,0,0,0,0,0,0,0,0,0,0,0,0,0,0,0,0,0,0,0,0,0,0,0,0,0,0,0,0,0,0,0,0,0,0,0,0,0,0,0,0,0,0,0,0,0,0,0,0,0,0,0,0,0,0,0,0,0,0,0,0,0,0,0,0,0,0,0,0,0,0,0,0,0,0,0,0,0,0,0,0,0,0,0,0,0,0,0,0,0,0,0,0,0,0,0,0,0,0,0,0,0,0,0,0,0,0,0,0,0,0,0,0,0,0,0,0,0,0,0,0,0,0,0,0,0,0,0,0,0,0,0,0]
["2014-01-11",0,0,0,0,0,0,0,0,0,0,0,0,0,0,0,0,0,0,0,0,0,0,0,0,0,0,0,0,0,0,0,0,0,0,0,0,0,0,0,0,0,0,0,0,0,0,0,0,0,0,0,0,0,0,0,0,0,0,0,0,0,0,0,0,0,0,0,0,0,0,0,0,0,0,0,0,0,0,0,0,0,0,0,0,0,0,0,0,0,0,0,0,0,0,0,0,0,0,0,0,0,0,0,0,0,0,0,0,0,0,0,0,0,0,0,0,0,0,0,0,0,0,0,0,0,0,0,0,0,0,0,0,0,0,0,0,0,0,0,0,0,0,0,0,0,0,0,0,0,0,0,0,0,0,0,0,0,0,0,0,0,0,0,0,0,0,0,0,0,0,0,0,0,0,0,0,0,0,0,0,0,0,0,0]
["2014-01-12",0,0,0,0,0,0,0,0,0,0,0,0,0,0,0,0,0,0,0,0,0,0,0,0,0,0,0,0,0,0,0,0,0,0,0,0,0,0,0,0,0,0,0,0,0,0,0,0,0,0,0,0,0,0,0,0,0,0,0,0,0,0,0,0,0,0,0,0,0,0,0,0,0,0,0,0,0,0,0,0,0,0,0,0,0,0,0,0,0,0,0,0,0,0,0,0,0,0,0,0,0,0,0,0,0,0,0,0,0,0,0,0,0,0,0,0,0,0,0,0,0,0,0,0,0,0,0,0,0,0,0,0,0,0,0,0,0,0,0,0,0,0,0,0,0,0,0,0,0,0,0,0,0,0,0,0,0,0,0,0,0,0,0,0,0,0,0,0,0,0,0,0,0,0,0,0,0,0,0,0,0,0,0,0]
["2014-01-13",0,0,0,0,0,0,0,0,0,0,0,0,0,0,0,0,0,0,0,0,0,0,0,0,0,0,0,0,0,0,0,0,0,0,0,0,0,0,0,0,0,0,0,0,0,0,0,0,0,0,0,0,0,0,0,0,0,0,0,0,0,0,0,0,0,0,0,0,0,0,0,0,0,0,0,0,0,0,0,0,0,0,0,0,0,0,0,0,0,0,0,0,0,0,0,0,0,0,0,0,0,0,0,0,0,0,0,0,0,0,0,0,0,0,0,0,0,0,0,0,0,0,0,0,0,0,0,0,0,0,0,0,0,0,0,0,0,0,0,0,0,0,0,0,0,0,0,0,0,0,0,0,0,0,0,0,0,0,0,0,0,0,0,0,0,0,0,0,0,0,0,0,0,0,0,0,0,0,0,0,0,0,0,0]
["2014-01-14",0,0,0,0,0,0,0,0,0,0,0,0,0,0,0,0,0,0,0,0,0,0,0,0,0,0,0,0,0,0,0,0,0,0,0,0,0,0,0,0,0,0,0,0,0,0,0,0,0,0,0,0,0,0,0,0,0,0,0,0,0,0,0,0,0,0,0,0,0,0,0,0,0,0,0,0,0,0,0,0,0,0,0,0,0,0,0,0,0,0,0,0,0,0,0,0,0,0,0,0,0,0,0,0,0,0,0,0,0,0,0,0,0,0,0,0,0,0,0,0,0,0,0,0,0,0,0,0,0,0,0,0,0,0,0,0,0,0,0,0,0,0,0,0,0,0,0,0,0,0,0,0,0,0,0,0,0,0,0,0,0,0,0,0,0,0,0,0,0,0,0,0,0,0,0,0,0,0,0,0,0,0,0,0]
["2014-01-15",0,0,0,0,0,0,0,0,0,0,0,0,0,0,0,0,0,0,0,0,0,0,0,0,0,0,0,0,0,0,0,0,0,0,0,0,0,0,0,0,0,0,0,0,0,0,0,0,0,0,0,0,0,0,0,0,0,0,0,0,0,0,0,0,0,0,0,0,0,0,0,0,0,0,0,0,0,0,0,0,0,0,0,0,0,0,0,0,0,0,0,0,0,0,0,0,0,0,0,0,0,0,0,0,0,0,0,0,0,0,0,0,0,0,0,0,0,0,0,0,0,0,0,0,0,0,0,0,0,0,0,0,0,0,0,0,0,0,0,0,0,0,0,0,0,0,0,0,0,0,0,0,0,0,0,0,0,0,0,0,0,0,0,0,0,0,0,0,0,0,0,0,0,0,0,0,0,0,0,0,0,0,0,0]
["2014-01-16",0,0,0,0,0,0,0,0,0,0,0,0,0,0,0,0,0,0,0,0,0,0,0,0,0,0,0,0,0,0,0,0,0,0,0,0,0,0,0,0,0,0,0,0,0,0,0,0,0,0,0,0,0,0,0,0,0,0,0,0,0,0,0,0,0,0,0,0,0,0,0,0,0,0,0,0,0,0,0,0,0,0,0,0,0,0,0,0,0,0,0,0,0,0,0,0,0,0,0,0,0,0,0,0,0,0,0,0,0,0,0,0,0,0,0,0,0,0,0,0,0,0,0,0,0,0,0,0,0,0,0,0,0,0,0,0,0,0,0,0,0,0,0,0,0,0,0,0,0,0,0,0,0,0,0,0,0,0,0,0,0,0,0,0,0,0,0,0,0,0,0,0,0,0,0,0,0,0,0,0,0,0,0,0]
["2014-01-17",0,0,0,0,0,0,0,0,0,0,0,0,0,0,0,0,0,0,0,0,0,0,0,0,0,0,0,0,0,0,0,0,0,0,0,0,0,0,0,0,0,0,0,0,0,0,0,0,0,0,0,0,0,0,0,0,0,0,0,0,0,0,0,0,0,0,0,0,0,0,0,0,0,0,0,0,0,0,0,0,0,0,0,0,0,0,0,0,0,0,0,0,0,0,0,0,0,0,0,0,0,0,0,0,0,0,0,0,0,0,0,0,0,0,0,0,0,0,0,0,0,0,0,0,0,0,0,0,0,0,0,0,0,0,0,0,0,0,0,0,0,0,0,0,0,0,0,0,0,0,0,0,0,0,0,0,0,0,0,0,0,0,0,0,0,0,0,0,0,0,0,0,0,0,0,0,0,0,0,0,0,0,0,0]
["2014-01-19",0,0,0,0,0,0,0,0,0,0,0,0,0,0,0,0,0,0,0,0,0,0,0,0,0,0,0,0,0,0,0,0,0,0,0,0,0,0,0,0,0,0,0,0,0,0,0,0,0,0,0,0,0,0,0,0,0,0,0,0,0,0,0,0,0,0,0,0,0,0,0,0,0,0,0,0,0,0,0,0,0,0,0,0,0,0,0,0,0,0,0,0,0,0,0,0,0,0,0,0,0,0,0,0,0,0,0,0,0,0,0,0,0,0,0,0,0,0,0,0,0,0,0,0,0,0,0,0,0,0,0,0,0,0,0,0,0,0,0,0,0,0,0,0,0,0,0,0,0,0,0,0,0,0,0,0,0,0,0,0,0,0,0,0,0,0,0,0,0,0,0,0,0,0,0,0,0,0,0,0,0,0,0,0]
["2014-01-20",0,0,0,0,0,0,0,0,0,0,0,0,0,0,0,0,0,0,0,0,0,0,0,0,0,0,0,0,0,0,0,0,0,0,0,0,0,0,0,0,0,0,0,0,0,0,0,0,0,0,0,0,0,0,0,0,0,0,0,0,0,0,0,0,0,0,0,0,0,0,0,0,0,0,0,0,0,0,0,0,0,0,0,0,0,0,0,0,0,0,0,0,0,0,0,0,0,0,0,0,0,0,0,0,0,0,0,0,0,0,0,0,0,0,0,0,0,0,0,0,0,0,0,0,0,0,0,0,0,0,0,0,0,0,0,0,0,0,0,0,0,0,0,0,0,0,0,0,0,0,0,0,0,0,0,0,0,0,0,0,0,0,0,0,0,0,0,0,0,0,0,0,0,0,0,0,0,0,0,0,0,0,0,0]
["2014-01-21",0,0,0,0,0,0,0,0,0,0,0,0,0,0,0,0,0,0,0,0,0,0,0,0,0,0,0,0,0,0,0,0,0,0,0,0,0,0,0,0,0,0,0,0,0,0,0,0,0,0,0,0,0,0,0,0,0,0,0,0,0,0,0,0,0,0,0,0,0,0,0,0,0,0,0,0,0,0,0,0,0,0,0,0,0,0,0,0,0,0,0,0,0,0,0,0,0,0,0,0,0,0,0,0,0,0,0,0,0,0,0,0,0,0,0,0,0,0,0,0,0,0,0,0,0,0,0,0,0,0,0,0,0,0,0,0,0,0,0,0,0,0,0,0,0,0,0,0,0,0,0,0,0,0,0,0,0,0,0,0,0,0,0,0,0,0,0,0,0,0,0,0,0,0,0,0,0,0,0,0,0,0]
["2014-01-22",0,0,0,0,0,0,0,0,0,0,0,0,0,0,0,0,0,0,0,0,0,0,0,0,0,0,0,0,0,0,0,0,0,0,0,0,0,0,0,0,0,0,0,0,0,0,0,0,0,0,0,0,0,0,0,0,0,0,0,0,0,0,0,0,0,0,0,0,0,0,0,0,0,0,0,0,0,0,0,0,0,0,0,0,0,0,0,0,0,0,0,0,0,0,0,0,0,0,0,0,0,0,0,0,0,0,0,0,0,0,0,0,0,0,0,0,0,0,0,0,0,0,0,0,0,0,0,0,0,0,0,0,0,0,0,0,0,0,0,0]
["2014-01-23",0,0,0,0,0,0,0,0,0,0,0,0,0,0,0,0,0,0,0,0,0,0,0,0,0,0,0,0,0,0,0,0,0,0,0,0,0,0,0,0,0,0,0,0,0,0,0,0,0,0,0,0,0,0,0,0,0,0,0,0,0,0,0,0,0,0,0,0,0,0,0,0,0,0,0,0,0,0,0,0,0,0,0,0,0,0,0,0,0,0,0,0,0,0,0,0,0,0,0,0,0,0,0,0,0,0,0,0,0,0,0,0,0,0,0,0,0,0,0,0,0,0,0,0,0,0,0,0,0,0,0,0,0,0,0,0,0,0,0,0,0,0,0,0,0,0,0,0,0,0,0,0,0,0,0,0,0,0,0,0,0,0,0,0,0,0,0,0,0,0,0,0,0,0,0,0,0,0,0,0,0,0,0,0]
["2014-01-24",0,0,0,0,0,0,0,0,0,0,0,0,0,0,0,0,0,0,0,0,0,0,0,0,0,0,0,0,0,0,0,0,0,0,0,0,0,0,0,0,0,0,0,0,0,0,0,0,0,0,0,0,0,0,0,0,0,0,0,0,0,0,0,0,0,0,0,0,0,0,0,0,0,0,0,0,0,0,0,0,0,0,0,0,0,0,0,0,0,0,0,0,0,0,0,0,0,0,0,0,0,0,0,0,0,0,0,0,0,0,0,0,0,0,0,0,0,0,0,0,0,0,0,0,0,0,0,0,0,0,0,0,0,0,0,0,0,0,0,0,0,0,0,0,0,0,0,0,0,0,0,0,0,0,0,0,0,0,0,0,0,0,0,0,0,0,0,0,0,0,0,0,0,0,0,0,0,0,0,0,0,0,0,0]
["2014-01-25",0,0,0,0,0,0,0,0,0,0,0,0,0,0,0,0,0,0,0,0,0,0,0,0,0,0,0,0,0,0,0,0,0,0,0,0,0,0,0,0,0,0,0,0,0,0,0,0,0,0,0,0,0,0,0,0,0,0,0,0,0,0,0,0,0,0,0,0,0,0,0,0,0,0,0,0,0,0,0,0,0,0,0,0,0,0,0,0,0,0,0,0,0,0,0,0,0,0,0,0,0,0,0,0,0,0,0,0,0,0,0,0,0,0,0,0,0,0,0,0,0,0,0,0,0,0,0,0,0,0,0,0,0,0,0,0,0,0,0,0,0,0,0,0,0,0,0,0,0,0,0,0,0,0,0,0,0,0,0,0,0,0,0,0,0,0,0,0,0,0,0,0,0,0,0,0,0,0,0,0,0,0,0,0]
["2014-01-26",0,0,0,0,0,0,0,0,0,0,0,0,0,0,0,0,0,0,0,0,0,0,0,0,0,0,0,0,0,0,0,0,0,0,0,0,0,0,0,0,0,0,0,0,0,0,0,0,0,0,0,0,0,0,0,0,0,0,0,0,0,0,0,0,0,0,0,0,0,0,0,0,0,0,0,0,0,0,0,0,0,0,0,0,0,0,0,0,0,0,0,0,0,0,0,0,0,0,0,0,0,0,0,0,0,0,0,0,0,0,0,0,0,0,0,0,0,0,0,0,0,0,0,0,0,0,0,0,0,0,0,0,0,0,0,0,0,0,0,0,0,0,0,0,0,0,0,0,0,0,0,0,0,0,0,0,0,0,0,0,0,0,0,0,0,0,0,0,0,0,0,0,0,0,0,0,0,0,0,0,0,0,0,0]
["2014-01-27",0,0,0,0,0,0,0,0,0,0,0,0,0,0,0,0,0,0,0,0,0,0,0,0,0,0,0,0,0,0,0,0,0,0,0,0,0,0,0,0,0,0,0,0,0,0,0,0,0,0,0,0,0,0,0,0,0,0,0,0,0,0,0,0,0,0,0,0,0,0,0,0,0,0,0,0,0,0,0,0,0,0,0,0,0,0,0,0,0,0,0,0,0,0,0,0,0,0,0,0,0,0,0,0,0,0,0,0,0,0,0,0,0,0,0,0,0,0,0,0,0,0,0,0,0,0,0,0,0,0,0,0,0,0,0,0,0,0,0,0,0,0,0,0,0,0,0,0,0,0,0,0,0,0,0,0,0,0,0,0,0,0,0,0,0,0,0,0,0,0,0,0,0,0,0,0,0,0,0,0,0,0,0,0]
["2014-01-28",0,0,0,0,0,0,0,0,0,0,0,0,0,0,0,0,0,0,0,0,0,0,0,0,0,0,0,0,0,0,0,0,0,0,0,0,0,0,0,0,0,0,0,0,0,0,0,0,0,0,0,0,0,0,0,0,0,0,0,0,0,0,0,0,0,0,0,0,0,0,0,0,0,0,0,0,0,0,0,0,0,0,0,0,0,0,0,0,0,0,0,0,0,0,0,0,0,0,0,0,0,0,0,0,0,0,0,0,0,0,0,0,0,0,0,0,0,0,0,0,0,0,0,0,0,0,0,0,0,0,0,0,0,0,0,0,0,0,0,0,0,0,0,0,0,0,0,0,0,0,0,0,0,0,0,0,0,0,0,0,0,0,0,0,0,0,0,0,0,0,0,0,0,0,0,0,0,0,0,0,0,0,0,0]
["2014-01-29",0,0,0,0,0,0,0,0,0,0,0,0,0,0,0,0,0,0,0,0,0,0,0,0,0,0,0,0,0,0,0,0,0,0,0,0,0,0,0,0,0,0,0,0,0,0,0,0,0,0,0,0,0,0,0,0,0,0,0,0,0,0,0,0,0,0,0,0,0,0,0,0,0,0,0,0,0,0,0,0,0,0,0,0,0,0,0,0,0,0,0,0,0,0,0,0,0,0,0,0,0,0,0,0,0,0,0,0,0,0,0,0,0,0,0,0,0,0,0,0,0,0,0,0,0,0,0,0,0,0,0,0,0,0,0,0,0,0,0,0,0,0,0,0,0,0,0,0,0,0,0,0,0,0,0,0,0,0,0,0,0,0,0,0,0,0,0,0,0,0,0,0,0,0,0,0,0,0,0,0,0,0,0,0]
["2014-01-30",0,0,0,0,0,0,0,0,0,0,0,0,0,0,0,0,0,0,0,0,0,0,0,0,0,0,0,0,0,0,0,0,0,0,0,0,0,0,0,0,0,0,0,0,0,0,0,0,0,0,0,0,0,0,0,0,0,0,0,0,0,0,0,0,0,0,0,0,0,0,0,0,0,0,0,0,0,0,0,0,0,0,0,0,0,0,0,0,0,0,0,0,0,0,0,0,0,0,0,0,0,0,0,0,0,0,0,0,0,0,0,0,0,0,0,0,0,0,0,0,0,0,0,0,0,0,0,0,0,0,0,0,0,0,0,0,0,0,0,0,0,0,0,0,0,0,0,0,0,0,0,0,0,0,0,0,0,0,0,0,0,0,0,0,0,0,0,0,0,0,0,0,0,0,0,0,0,0,0,0,0,0,0,0]
["2014-01-31",0,0,0,0,0,0,0,0,0,0,0,0,0,0,0,0,0,0,0,0,0,0,0,0,0,0,0,0,0,0,0,0,0,0,0,0,0,0,0,0,0,0,0,0,0,0,0,0,0,0,0,0,0,0,0,0,0,0,0,0,0,0,0,0,0,0,0,0,0,0,0,0,0,0,0,0,0,0,0,0,0,0,0,0,0,0,0,0,0,0,0,0,0,0,0,0,0,0,0,0,0,0,0,0,0,0,0,0,0,0,0,0,0,0,0,0,0,0,0,0,0,0,0,0,0,0,0,0,0,0,0,0,0,0,0,0,0,0,0,0,0,0,0,0,0,0,0,0,0,0,0,0,0,0,0,0,0,0,0,0,0,0,0,0,0,0,0,0,0,0,0,0,0,0,0,0,0,0,0,0,0,0,0,0]
["2014-02-02",0,0,0,0,0,0,0,0,0,0,0,0,0,0,0,0,0,0,0,0,0,0,0,0,0,0,0,0,0,0,0,0,0,0,0,0,0,0,0,0,0,0,0,0,0,0,0,0,0,0,0,0,0,0,0,0,0,0,0,0,0,0,0,0,0,0,0,0,0,0,0,0,0,0,0,0,0,0,0,0,0,0,0,0,0,0,0,0,0,0,0,0,0,0,0,0,0,0,0,0,0,0,0,0,0,0,0,0,0,0,0,0,0,0,0,0,0,0,0,0,0,0,0,0,0,0,0,0,0,0,0,0,0,0,0,0,0,0,0,0,0,0,0,0,0,0,0,0,0,0,0,0,0,0,0,0,0,0,0,0,0,0,0,0,0,0,0,0,0,0,0,0,0,0,0,0,0,0,0,0,0,0,0,0]
["2014-02-04",0,0,0,0,0,0,0,0,0,0,0,0,0,0,0,0,0,0,0,0,0,0,0,0,0,0,0,0,0,0,0,0,0,0,0,0,0,0,0,0,0,0,0,0,0,0,0,0,0,0,0,0,0,0,0,0,0,0,0,0,0,0,0,0,0,0,0,0,0,0,0,0,0,0,0,0,0,0,0,0,0,0,0,0,0,0,0,0,0,0,0,0,0,0,0,0,0,0,0,0,0,0,0,0,0,0,0,0,0,0,0,0,0,0,0,0,0,0,0,0,0,0,0,0,0,0,0,0,0,0,0,0,0,0,0,0,0,0,0,0,0,0,0,0,0,0,0,0,0,0,0,0,0,0,0,0,0,0,0,0,0,0,0,0,0,0,0,0,0,0,0,0,0,0,0,0,0,0,0,0,0,0,0,0]
["2014-02-05",0,0,0,0,0,0,0,0,0,0,0,0,0,0,0,0,0,0,0,0,0,0,0,0,0,0,0,0,0,0,0,0,0,0,0,0,0,0,0,0,0,0,0,0,0,0,0,0,0,0,0,0,0,0,0,0,0,0,0,0,0,0,0,0,0,0,0,0,0,0,0,0,0,0,0,0,0,0,0,0,0,0,0,0,0,0,0,0,0,0,0,0,0,0,0,0,0,0,0,0,0,0,0,0,0,0,0,0,0,0,0,0,0,0,0,0,0,0,0,0,0,0,0,0,0,0,0,0,0,0,0,0,0,0,0,0,0,0,0,0,0,0,0,0,0,0,0,0,0,0,0,0,0,0,0,0,0,0,0,0,0,0,0,0,0,0,0,0,0,0,0,0,0,0,0,0,0,0,0,0,0,0,0,0]
["2014-02-06",0,0,0,0,0,0,0,0,0,0,0,0,0,0,0,0,0,0,0,0,0,0,0,0,0,0,0,0,0,0,0,0,0,0,0,0,0,0,0,0,0,0,0,0,0,0,0,0,0,0,0,0,0,0,0,0,0,0,0,0,0,0,0,0,0,0,0,0,0,0,0,0,0,0,0,0,0,0,0,0,0,0,0,0,0,0,0,0,0,0,0,0,0,0,0,0,0,0,0,0,0,0,0,0,0,0,0,0,0,0,0,0,0,0,0,0,0,0,0,0,0,0,0,0,0,0,0,0,0,0,0,0,0,0,0,0,0,0,0,0,0,0,0,0,0,0,0,0,0,0,0,0,0,0,0,0,0,0,0,0,0,0,0,0,0,0,0,0,0,0,0,0,0,0,0,0,0,0,0,0,0,0,0,0]
["2014-02-07",0,0,0,0,0,0,0,0,0,0,0,0,0,0,0,0,0,0,0,0,0,0,0,0,0,0,0,0,0,0,0,0,0,0,0,0,0,0,0,0,0,0,0,0,0,0,0,0,0,0,0,0,0,0,0,0,0,0,0,0,0,0,0,0,0,0,0,0,0,0,0,0,0,0,0,0,0,0,0,0,0,0,0,0,0,0,0,0,0,0,0,0,0,0,0,0,0,0,0,0,0,0,0,0,0,0,0,0,0,0,0,0,0,0,0,0,0,0,0,0,0,0,0,0,0,0,0,0,0,0,0,0,0,0,0,0,0,0,0,0,0,0,0,0,0,0,0,0,0,0,0,0,0,0,0,0,0,0,0,0,0,0,0,0,0,0,0,0,0,0,0,0,0,0,0,0,0,0,0,0,0,0,0,0]
["2014-02-08",0,0,0,0,0,0,0,0,0,0,0,0,0,0,0,0,0,0,0,0,0,0,0,0,0,0,0,0,0,0,0,0,0,0,0,0,0,0,0,0,0,0,0,0,0,0,0,0,0,0,0,0,0,0,0,0,0,0,0,0,0,0,0,0,0,0,0,0,0,0,0,0,0,0,0,0,0,0,0,0,0,0,0,0,0,0,0,0,0,0,0,0,0,0,0,0,0,0,0,0,0,0,0,0,0,0,0,0,0,0,0,0,0,0,0,0,0,0,0,0,0,0,0,0,0,0,0,0,0,0,0,0,0,0,0,0,0,0,0,0,0,0,0,0,0,0,0,0,0,0,0,0,0,0,0,0,0,0,0,0,0,0,0,0,0,0,0,0,0,0,0,0,0,0,0,0,0,0,0,0,0,0,0,0]
["2014-02-10",0,0,0,0,0,0,0,0,0,0,0,0,0,0,0,0,0,0,0,0,0,0,0,0,0,0,0,0,0,0,0,0,0,0,0,0,0,0,0,0,0,0,0,0,0,0,0,0,0,0,0,0,0,0,0,0,0,0,0,0,0,0,0,0,0,0,0,0,0,0,0,0,0,0,0,0,0,0,0,0,0,0,0,0,0,0,0,0,0,0,0,0,0,0,0,0,0,0,0,0,0,0,0,0,0,0,0,0,0,0,0,0,0,0,0,0,0,0,0,0,0,0,0,0,0,0,0,0,0,0,0,0,0,0,0,0,0,0,0,0,0,0,0,0,0,0,0,0,0,0,0,0,0,0,0,0,0,0,0,0,0,0,0,0,0,0,0,0,0,0,0,0,0,0,0,0,0,0,0,0,0,0,0,0]
["2014-02-11",0,0,0,0,0,0,0,0,0,0,0,0,0,0,0,0,0,0,0,0,0,0,0,0,0,0,0,0,0,0,0,0,0,0,0,0,0,0,0,0,0,0,0,0,0,0,0,0,0,0,0,0,0,0,0,0,0,0,0,0,0,0,0,0,0,0,0,0,0,0,0,0,0,0,0,0,0,0,0,0,0,0,0,0,0,0,0,0,0,0,0,0,0,0,0,0,0,0,0,0,0,0,0,0,0,0,0,0,0,0,0,0,0,0,0,0,0,0,0,0,0,0,0,0,0,0,0,0,0,0,0,0,0,0,0,0,0,0,0,0,0,0,0,0,0,0,0,0,0,0,0,0,0,0,0,0,0,0,0,0,0,0,0,0,0,0,0,0,0,0,0,0,0,0,0,0,0,0,0,0,0,0,0,0]
["2014-02-12",0,0,0,0,0,0,0,0,0,0,0,0,0,0,0,0,0,0,0,0,0,0,0,0,0,0,0,0,0,0,0,0,0,0,0,0,0,0,0,0,0,0,0,0,0,0,0,0,0,0,0,0,0,0,0,0,0,0,0,0,0,0,0,0,0,0,0,0,0,0,0,0,0,0,0,0,0,0,0,0,0,0,0,0,0,0,0,0,0,0,0,0,0,0,0,0,0,0,0,0,0,0,0,0,0,0,0,0,0,0,0,0,0,0,0,0,0,0,0,0,0,0,0,0,0,0,0,0,0,0,0,0,0,0,0,0,0,0,0,0,0,0,0,0,0,0,0,0,0,0,0,0,0,0,0,0,0,0,0,0,0,0,0,0,0,0,0,0,0,0,0,0,0,0,0,0,0,0,0,0,0,0,0,0]
["2014-02-13",0,0,0,0,0,0,0,0,0,0,0,0,0,0,0,0,0,0,0,0,0,0,0,0,0,0,0,0,0,0,0,0,0,0,0,0,0,0,0,0,0,0,0,0,0,0,0,0,0,0,0,0,0,0,0,0,0,0,0,0,0,0,0,0,0,0,0,0,0,0,0,0,0,0,0,0,0,0,0,0,0,0,0,0,0,0,0,0,0,0,0,0,0,0,0,0,0,0,0,0,0,0,0,0,0,0,0,0,0,0,0,0,0,0,0,0,0,0,0,0,0,0,0,0,0,0,0,0,0,0,0,0,0,0,0,0,0,0,0,0,0,0,0,0,0,0,0,0,0,0,0,0,0,0,0,0,0,0,0,0,0,0,0,0,0,0,0,0,0,0,0,0,0,0,0,0,0,0,0,0,0,0,0,0]
["2014-02-14",0,0,0,0,0,0,0,0,0,0,0,0,0,0,0,0,0,0,0,0,0,0,0,0,0,0,0,0,0,0,0,0,0,0,0,0,0,0,0,0,0,0,0,0,0,0,0,0,0,0,0,0,0,0,0,0,0,0,0,0,0,0,0,0,0,0,0,0,0,0,0,0,0,0,0,0,0,0,0,0,0,0,0,0,0,0,0,0,0,0,0,0,0,0,0,0,0,0,0,0,0,0,0,0,0,0,0,0,0,0,0,0,0,0,0,0,0,0,0,0,0,0,0,0,0,0,0,0,0,0,0,0,0,0,0,0,0,0,0,0,0,0,0,0,0,0,0,0,0,0,0,0,0,0,0,0,0,0,0,0,0,0,0,0,0,0,0,0,0,0,0,0,0,0,0,0,0,0,0,0,0,0,0,0]
["2014-02-15",0,0,0,0,0,0,0,0,0,0,0,0,0,0,0,0,0,0,0,0,0,0,0,0,0,0,0,0,0,0,0,0,0,0,0,0,0,0,0,0,0,0,0,0,0,0,0,0,0,0,0,0,0,0,0,0,0,0,0,0,0,0,0,0,0,0,0,0,0,0,0,0,0,0,0,0,0,0,0,0,0,0,0,0,0,0,0,0,0,0,0,0,0,0,0,0,0,0,0,0,0,0,0,0,0,0,0,0,0,0,0,0,0,0,0,0,0,0,0,0,0,0,0,0,0,0,0,0,0,0,0,0,0,0,0,0,0,0,0,0,0,0,0,0,0,0,0,0,0,0,0,0,0,0,0,0,0,0,0,0,0,0,0,0,0,0,0,0,0,0,0,0,0,0,0,0,0,0,0,0,0,0,0,0]
["2014-02-16",0,0,0,0,0,0,0,0,0,0,0,0,0,0,0,0,0,0,0,0,0,0,0,0,0,0,0,0,0,0,0,0,0,0,0,0,0,0,0,0,0,0,0,0,0,0,0,0,0,0,0,0,0,0,0,0,0,0,0,0,0,0,0,0,0,0,0,0,0,0,0,0,0,0,0,0,0,0,0,0,0,0,0,0,0,0,0,0,0,0,0,0,0,0,0,0,0,0,0,0,0,0,0,0,0,0,0,0,0,0,0,0,0,0,0,0,0,0,0,0,0,0,0,0,0,0,0,0,0,0,0,0,0,0,0,0,0,0,0,0,0,0,0,0,0,0,0,0,0,0,0,0,0,0,0,0,0,0,0,0,0,0,0,0,0,0,0,0,0,0,0,0,0,0,0,0,0,0,0,0,0,0,0,0]
["2014-02-17",0,0,0,0,0,0,0,0,0,0,0,0,0,0,0,0,0,0,0,0,0,0,0,0,0,0,0,0,0,0,0,0,0,0,0,0,0,0,0,0,0,0,0,0,0,0,0,0,0,0,0,0,0,0,0,0,0,0,0,0,0,0,0,0,0,0,0,0,0,0,0,0,0,0,0,0,0,0,0,0,0,0,0,0,0,0,0,0,0,0,0,0,0,0,0,0,0,0,0,0,0,0,0,0,0,0,0,0,0,0,0,0,0,0,0,0,0,0,0,0,0,0,0,0,0,0,0,0,0,0,0,0,0,0,0,0,0,0,0,0,0,0,0,0,0,0,0,0,0,0,0,0,0,0,0,0,0,0,0,0,0,0,0,0,0,0,0,0,0,0,0,0,0,0,0,0,0,0,0,0,0,0,0,0]
["2014-02-18",0,0,0,0,0,0,0,0,0,0,0,0,0,0,0,0,0,0,0,0,0,0,0,0,0,0,0,0,0,0,0,0,0,0,0,0,0,0,0,0,0,0,0,0,0,0,0,0,0,0,0,0,0,0,0,0,0,0,0,0,0,0,0,0,0,0,0,0,0,0,0,0,0,0,0,0,0,0,0,0,0,0,0,0,0,0,0,0,0,0,0,0,0,0,0,0,0,0,0,0,0,0,0,0,0,0,0,0,0,0,0,0,0,0,0,0,0,0,0,0,0,0,0,0,0,0,0,0,0,0,0,0,0,0,0,0,0,0,0,0,0,0,0,0,0,0,0,0,0,0,0,0,0,0,0,0,0,0,0,0,0,0,0,0,0,0,0,0,0,0,0,0,0,0,0,0,0,0,0,0,0,0,0,0]
["2014-02-19",0,0,0,0,0,0,0,0,0,0,0,0,0,0,0,0,0,0,0,0,0,0,0,0,0,0,0,0,0,0,0,0,0,0,0,0,0,0,0,0,0,0,0,0,0,0,0,0,0,0,0,0,0,0,0,0,0,0,0,0,0,0,0,0,0,0,0,0,0,0,0,0,0,0,0,0,0,0,0,0,0,0,0,0,0,0,0,0,0,0,0,0,0,0,0,0,0,0,0,0,0,0,0,0,0,0,0,0,0,0,0,0,0,0,0,0,0,0,0,0,0,0,0,0,0,0,0,0,0,0,0,0,0,0,0,0,0,0,0,0,0,0,0,0,0,0,0,0,0,0,0,0,0,0,0,0,0,0,0,0,0,0,0,0,0,0,0,0,0,0,0,0,0,0,0,0,0,0,0,0,0,0,0,0]
["2014-02-20",0,0,0,0,0,0,0,0,0,0,0,0,0,0,0,0,0,0,0,0,0,0,0,0,0,0,0,0,0,0,0,0,0,0,0,0,0,0,0,0,0,0,0,0,0,0,0,0,0,0,0,0,0,0,0,0,0,0,0,0,0,0,0,0,0,0,0,0,0,0,0,0,0,0,0,0,0,0,0,0,0,0,0,0,0,0,0,0,0,0,0,0,0,0,0,0,0,0,0,0,0,0,0,0,0,0,0,0,0,0,0,0,0,0,0,0,0,0,0,0,0,0,0,0,0,0,0,0,0,0,0,0,0,0,0,0,0,0,0,0,0,0,0,0,0,0,0,0,0,0,0,0,0,0,0,0,0,0,0,0,0,0,0,0,0,0,0,0,0,0,0,0,0,0,0,0,0,0,0,0,0,0,0,0]
["2014-02-21",0,0,0,0,0,0,0,0,0,0,0,0,0,0,0,0,0,0,0,0,0,0,0,0,0,0,0,0,0,0,0,0,0,0,0,0,0,0,0,0,0,0,0,0,0,0,0,0,0,0,0,0,0,0,0,0,0,0,0,0,0,0,0,0,0,0,0,0,0,0,0,0,0,0,0,0,0,0,0,0,0,0,0,0,0,0,0,0,0,0,0,0,0,0,0,0,0,0,0,0,0,0,0,0,0,0,0,0,0,0,0,0,0,0,0,0,0,0,0,0,0,0,0,0,0,0,0,0,0,0,0,0,0,0,0,0,0,0,0,0,0,0,0,0,0,0,0,0,0,0,0,0,0,0,0,0,0,0,0,0,0,0,0,0,0,0,0,0,0,0,0,0,0,0,0,0,0,0,0,0,0,0,0,0]
["2014-02-22",0,0,0,0,0,0,0,0,0,0,0,0,0,0,0,0,0,0,0,0,0,0,0,0,0,0,0,0,0,0,0,0,0,0,0,0,0,0,0,0,0,0,0,0,0,0,0,0,0,0,0,0,0,0,0,0,0,0,0,0,0,0,0,0,0,0,0,0,0,0,0,0,0,0,0,0,0,0,0,0,0,0,0,0,0,0,0,0,0,0,0,0,0,0,0,0,0,0,0,0,0,0,0,0,0,0,0,0,0,0,0,0,0,0,0,0,0,0,0,0,0,0,0,0,0,0,0,0,0,0,0,0,0,0,0,0,0,0,0,0,0,0,0,0,0,0,0,0,0,0,0,0,0,0,0,0,0,0,0,0,0,0,0,0,0,0,0,0,0,0,0,0,0,0,0,0,0,0,0,0,0,0,0,0]
["2014-02-23",0,0,0,0,0,0,0,0,0,0,0,0,0,0,0,0,0,0,0,0,0,0,0,0,0,0,0,0,0,0,0,0,0,0,0,0,0,0,0,0,0,0,0,0,0,0,0,0,0,0,0,0,0,0,0,0,0,0,0,0,0,0,0,0,0,0,0,0,0,0,0,0,0,0,0,0,0,0,0,0,0,0,0,0,0,0,0,0,0,0,0,0,0,0,0,0,0,0,0,0,0,0,0,0,0,0,0,0,0,0,0,0,0,0,0,0,0,0,0,0,0,0,0,0,0,0,0,0,0,0,0,0,0,0,0,0,0,0,0,0,0,0,0,0,0,0,0,0,0,0,0,0,0,0,0,0,0,0,0,0,0,0,0,0,0,0,0,0,0,0,0,0,0,0,0,0,0,0,0,0,0,0,0,0]
["2014-02-24",0,0,0,0,0,0,0,0,0,0,0,0,0,0,0,0,0,0,0,0,0,0,0,0,0,0,0,0,0,0,0,0,0,0,0,0,0,0,0,0,0,0,0,0,0,0,0,0,0,0,0,0,0,0,0,0,0,0,0,0,0,0,0,0,0,0,0,0,0,0,0,0,0,0,0,0,0,0,0,0,0,0,0,0,0,0,0,0,0,0,0,0,0,0,0,0,0,0,0,0,0,0,0,0,0,0,0,0,0,0,0,0,0,0,0,0,0,0,0,0,0,0,0,0,0,0,0,0,0,0,0,0,0,0,0,0,0,0,0,0,0,0,0,0,0,0,0,0,0,0,0,0,0,0,0,0,0,0,0,0,0,0,0,0,0,0,0,0,0,0,0,0,0,0,0,0,0,0,0,0,0,0,0,0]
["2014-02-25",0,0,0,0,0,0,0,0,0,0,0,0,0,0,0,0,0,0,0,0,0,0,0,0,0,0,0,0,0,0,0,0,0,0,0,0,0,0,0,0,0,0,0,0,0,0,0,0,0,0,0,0,0,0,0,0,0,0,0,0,0,0,0,0,0,0,0,0,0,0,0,0,0,0,0,0,0,0,0,0,0,0,0,0,0,0,0,0,0,0,0,0,0,0,0,0,0,0,0,0,0,0,0,0,0,0,0,0,0,0,0,0,0,0,0,0,0,0,0,0,0,0,0,0,0,0,0,0,0,0,0,0,0,0,0,0,0,0,0,0,0,0,0,0,0,0,0,0,0,0,0,0,0,0,0,0,0,0,0,0,0,0,0,0,0,0,0,0,0,0,0,0,0,0,0,0,0,0,0,0,0,0,0,0]
["2014-02-26",0,0,0,0,0,0,0,0,0,0,0,0,0,0,0,0,0,0,0,0,0,0,0,0,0,0,0,0,0,0,0,0,0,0,0,0,0,0,0,0,0,0,0,0,0,0,0,0,0,0,0,0,0,0,0,0,0,0,0,0,0,0,0,0,0,0,0,0,0,0,0,0,0,0,0,0,0,0,0,0,0,0,0,0,0,0,0,0,0,0,0,0,0,0,0,0,0,0,0,0,0,0,0,0,0,0,0,0,0,0,0,0,0,0,0,0,0,0,0,0,0,0,0,0,0,0,0,0,0,0,0,0,0,0,0,0,0,0,0,0,0,0,0,0,0,0,0,0,0,0,0,0,0,0,0,0,0,0,0,0,0,0,0,0,0,0,0,0,0,0,0,0,0,0,0,0,0,0,0,0,0,0,0,0]
["2014-02-27",0,0,0,0,0,0,0,0,0,0,0,0,0,0,0,0,0,0,0,0,0,0,0,0,0,0,0,0,0,0,0,0,0,0,0,0,0,0,0,0,0,0,0,0,0,0,0,0,0,0,0,0,0,0,0,0,0,0,0,0,0,0,0,0,0,0,0,0,0,0,0,0,0,0,0,0,0,0,0,0,0,0,0,0,0,0,0,0,0,0,0,0,0,0,0,0,0,0,0,0,0,0,0,0,0,0,0,0,0,0,0,0,0,0,0,0,0,0,0,0,0,0,0,0,0,0,0,0,0,0,0,0,0,0,0,0,0,0,0,0,0,0,0,0,0,0,0,0,0,0,0,0,0,0,0,0,0,0,0,0,0,0,0,0,0,0,0,0,0,0,0,0,0,0,0,0,0,0,0,0,0,0,0,0]
["2014-02-28",0,0,0,0,0,0,0,0,0,0,0,0,0,0,0,0,0,0,0,0,0,0,0,0,0,0,0,0,0,0,0,0,0,0,0,0,0,0,0,0,0,0,0,0,0,0,0,0,0,0,0,0,0,0,0,0,0,0,0,0,0,0,0,0,0,0,0,0,0,0,0,0,0,0,0,0,0,0,0,0,0,0,0,0,0,0,0,0,0,0,0,0,0,0,0,0,0,0,0,0,0,0,0,0,0,0,0,0,0,0,0,0,0,0,0,0,0,0,0,0,0,0,0,0,0,0,0,0,0,0,0,0,0,0,0,0,0,0,0,0,0,0,0,0,0,0,0,0,0,0,0,0,0,0,0,0,0,0,0,0,0,0,0,0,0,0,0,0,0,0,0,0,0,0,0,0,0,0,0,0,0,0,0,0]
["2014-03-09",0,0,0,0,0,0,0,0,0,0,0,0,0,0,0,0,0,0,0,0,0,0,0,0,0,0,0,0,0,0,0,0,0,0,0,0,0,0,0,0,0,0,0,0,0,0,0,0,0,0,0,0,0,0,0,0,0,0,0,0,0,0,0,0,0,0,0,0,0,0,0,0,0,0,0,0,0,0,0,0,0,0,0,0,0,0,0,0,0,0,0,0,0,0,0,0,0,0,0,0,0,0,0,0,0,0,0,0,0,0,0,0,0,0,0,0,0,0,0,0,0,0,0,0,0,0,0,0,0,0,0,0,0,0,0,0,0,0,0,0,0,0,0,0,0,0,0,0,0,0,0,0,0,0,0,0,0,0,0,0,0,0,0,0,0,0,0,0,0,0,0,0,0,0,0,0,0,0,0,0,0,0,0,0]
["2014-03-10",0,0,0,0,0,0,0,0,0,0,0,0,0,0,0,0,0,0,0,0,0,0,0,0,0,0,0,0,0,0,0,0,0,0,0,0,0,0,0,0,0,0,0,0,0,0,0,0,0,0,0,0,0,0,0,0,0,0,0,0,0,0,0,0,0,0,0,0,0,0,0,0,0,0,0,0,0,0,0,0,0,0,0,0,0,0,0,0,0,0,0,0,0,0,0,0,0,0,0,0,0,0,0,0,0,0,0,0,0,0,0,0,0,0,0,0,0,0,0,0,0,0,0,0,0,0,0,0,0,0,0,0,0,0,0,0,0,0,0,0,0,0,0,0,0,0,0,0,0,0,0,0,0,0,0,0,0,0,0,0,0,0,0,0,0,0,0,0,0,0,0,0,0,0,0,0,0,0,0,0,0,0,0,0]
["2014-03-11",0,0,0,0,0,0,0,0,0,0,0,0,0,0,0,0,0,0,0,0,0,0,0,0,0,0,0,0,0,0,0,0,0,0,0,0,0,0,0,0,0,0,0,0,0,0,0,0,0,0,0,0,0,0,0,0,0,0,0,0,0,0,0,0,0,0,0,0,0,0,0,0,0,0,0,0,0,0,0,0,0,0,0,0,0,0,0,0,0,0,0,0,0,0,0,0,0,0,0,0,0,0,0,0,0,0,0,0,0,0,0,0,0,0,0,0,0,0,0,0,0,0,0,0,0,0,0,0,0,0,0,0,0,0,0,0,0,0,0,0,0,0,0,0,0,0,0,0,0,0,0,0,0,0,0,0,0,0,0,0,0,0,0,0,0,0,0,0,0,0,0,0,0,0,0,0,0,0,0,0,0,0,0,0]
["2014-03-12",0,0,0,0,0,0,0,0,0,0,0,0,0,0,0,0,0,0,0,0,0,0,0,0,0,0,0,0,0,0,0,0,0,0,0,0,0,0,0,0,0,0,0,0,0,0,0,0,0,0,0,0,0,0,0,0,0,0,0,0,0,0,0,0,0,0,0,0,0,0,0,0,0,0,0,0,0,0,0,0,0,0,0,0,0,0,0,0,0,0,0,0,0,0,0,0,0,0,0,0,0,0,0,0,0,0,0,0,0,0,0,0,0,0,0,0,0,0,0,0,0,0,0,0,0,0,0,0,0,0,0,0,0,0,0,0,0,0,0,0,0,0,0,0,0,0,0,0,0,0,0,0,0,0,0,0,0,0,0,0,0,0,0,0,0,0,0,0,0,0,0,0,0,0,0,0,0,0,0,0,0,0,0,0]
["2014-03-13",0,0,0,0,0,0,0,0,0,0,0,0,0,0,0,0,0,0,0,0,0,0,0,0,0,0,0,0,0,0,0,0,0,0,0,0,0,0,0,0,0,0,0,0,0,0,0,0,0,0,0,0,0,0,0,0,0,0,0,0,0,0,0,0,0,0,0,0,0,0,0,0,0,0,0,0,0,0,0,0,0,0,0,0,0,0,0,0,0,0,0,0,0,0,0,0,0,0,0,0,0,0,0,0,0,0,0,0,0,0,0,0,0,0,0,0,0,0,0,0,0,0,0,0,0,0,0,0,0,0,0,0,0,0,0,0,0,0,0,0,0,0,0,0,0,0,0,0,0,0,0,0,0,0,0,0,0,0,0,0,0,0,0,0,0,0,0,0,0,0,0,0,0,0,0,0,0,0,0,0,0,0,0,0]
["2014-03-15",0,0,0,0,0,0,0,0,0,0,0,0,0,0,0,0,0,0,0,0,0,0,0,0,0,0,0,0,0,0,0,0,0,0,0,0,0,0,0,0,0,0,0,0,0,0,0,0,0,0,0,0,0,0,0,0,0,0,0,0,0,0,0,0,0,0,0,0,0,0,0,0,0,0,0,0,0,0,0,0,0,0,0,0,0,0,0,0,0,0,0,0,0,0,0,0,0,0,0,0,0,0,0,0,0,0,0,0,0,0,0,0,0,0,0,0,0,0,0,0,0,0,0,0,0,0,0,0,0,0,0,0,0,0,0,0,0,0,0,0,0,0,0,0,0,0,0,0,0,0,0,0,0,0,0,0,0,0,0,0,0,0,0,0,0,0,0,0,0,0,0,0,0,0,0,0,0,0,0,0,0,0,0,0]
["2014-03-16",1,1,0,0,0,0,0,0,0,0,0,0,0,0,0,0,0,0,0,0,0,0,0,0,0,0,0,0,0,0,0,0,0,0,0,0,0,0,0,0,0,0,0,0,0,0,0,0,0,0,0,0,0,0,0,0,0,0,0,0,0,0,0,0,0,0,0,0,0,0,0,0,0,0,0,0,0,0,0,0,0,0,0,0,0,0,0,0,0,0,0,0,0,0,0,0,0,0,0,0,0,0,0,0,0,0,0,0,0,0,0,0,0,0,0,0,0,0,0,0,0,0,0,0,0,0,0,0,0,0,0,0,0,0,0,0,0,0,0,0,0,0,0,0,0,0,0,0,0,0,0,0,0,0,0,0,0,0,0,0,0,0,0,0,0,0,0,0,0,0,0,0,0,0,0,0,0,0,0,0,0,0,0,0]
["2014-03-17",0,0,0,0,0,0,0,0,0,0,0,0,0,0,0,0,0,0,0,0,0,0,0,0,0,0,0,0,0,0,0,0,0,0,0,0,0,0,0,0,0,0,0,0,0,0,0,0,0,0,0,0,0,0,0,0,0,0,0,0,0,0,0,0,0,0,0,0,0,0,0,0,0,0,0,0,0,0,0,0,0,0,0,0,0,0,0,0,0,0,0,0,0,0,0,0,0,0,0,0,0,0,0,0,0,0,0,0,0,0,0,0,0,0,0,0,0,0,0,0,0,0,0,0,0,0,0,0,0,0,0,0,0,0,0,0,0,0,0,0,0,0,0,0,0,0,0,0,0,0,0,0,0,0,0,0,0,0,0,0,0,0,0,0,0,0,0,0,0,0,0,0,0,0,0,0,0,0,0,0,0,0,0,0]
["2014-03-18",1,1,1,1,1,1,1,1,1,1,1,1,1,0,0,0,0,0,0,0,0,0,0,0,0,0,0,0,0,0,0,0,0,0,0,0,0,0,0,0,0,0,0,0,0,0,0,0,0,0,0,0,0,0,0,0,0,0,0,0,0,0,0,0,0,0,0,0,0,0,0,0,0,0,0,0,0,0,0,0,0,0,0,0,0,0,0,0,0,0,0,0,0,0,0,0,0,0,0,0,0,0,0,0,0,0,0,0,0,0,0,0,0,0,0,0,0,0,0,0,0,0,0,0,0,0,0,0,0,0,0,0,0,0,0,0,0,0,0,0,0,0,0,0,0,0,0,0,0,0,0,0,0,0,0,0,0,0,0,0,0,0,0,0,0,0,0,0,0,0,0,0,0,0,0,0,0,0,0,0,0,0,0,0]
["2014-03-19",1,1,1,1,1,1,1,1,1,1,1,1,1,1,1,1,1,1,1,0,0,0,0,0,0,0,0,0,0,0,0,0,0,0,0,0,0,0,0,0,0,0,0,0,0,0,0,0,0,0,0,0,0,0,0,0,0,0,0,0,0,0,0,0,0,0,0,0,0,0,0,0,0,0,0,0,0,0,0,0,0,0,0,0,0,0,0,0,0,0,0,0,0,0,0,0,0,0,0,0,0,0,0,0,0,0,0,0,0,0,0,0,0,0,0,0,0,0,0,0,0,0,0,0,0,0,0,0,0,0,0,0,0,0,0,0,0,0,0,0,0,0,0,0,0,0,0,0,0,0,0,0,0,0,0,0,0,0,0,0,0,0,0,0,0,0,0,0,0,0,0,0,0,0,0,0,0,0,0,0,0,0,0,0]
["2014-03-20",1,1,1,1,3,1,1,1,1,1,1,1,1,1,1,1,1,1,1,1,1,1,1,1,1,1,1,1,1,1,1,1,1,1,1,1,1,1,1,1,1,2,1,1,1,1,1,1,1,1,1,1,1,1,1,1,1,1,1,1,0,0,0,0,0,0,0,0,0,0,0,0,0,0,0,0,0,0,0,0,0,0,0,0,0,0,0,0,0,0,0,0,0,0,0,0,0,0,0,0,0,0,0,0,0,0,0,0,0,0,0,0,0,0,0,0,0,0,0,0,0,0,0,0,0,0,0,0,0,0,0,0,0,0,0,0,0,0,0,0,0,0,0,0,0,0,0,0,0,0,0,0,0,0,0,0,0,0,0,0,0,0,0,0,0,0,0,0,0,0,0,0,0,0,0,0,0,0,0,0,0,0,0,0]
["2014-03-21",1,1,1,1,1,1,1,1,1,1,1,1,1,1,1,1,1,2,1,1,1,1,1,1,1,1,1,1,1,1,1,1,1,1,1,1,1,1,1,1,1,1,1,1,1,1,1,1,1,1,1,1,1,1,1,1,1,1,1,1,0,0,0,0,0,0,0,0,0,0,0,0,0,0,0,0,0,0,0,0,0,0,0,0,0,0,0,0,0,0,0,0,0,0,0,0,0,0,0,0,0,0,0,0,0,0,0,0,0,0,0,0,0,0,0,0,0,0,0,0,0,0,0,0,0,0,0,0,0,0,0,0,0,0,0,0,0,0,0,0,0,0,0,0,0,0,0,0,0,0,0,0,0,0,0,0,0,0,0,0,0,0,0,0,0,0,0,0,0,0,0,0,0,0,0,0,0,0,0,0,0,0,0,0]
["2014-03-22",1,1,3,1,1,1,1,1,1,0,0,0,0,0,0,0,0,0,0,0,0,0,0,0,0,0,0,0,0,0,0,0,0,0,0,0,0,0,0,0,0,0,0,0,0,0,0,0,0,0,0,0,0,0,0,0,0,0,0,0,0,0,0,0,0,0,0,0,0,0,0,0,0,0,0,0,0,0,0,0,0,0,0,0,0,0,0,0,0,0,0,0,0,0,0,0,0,0,0,0,0,0,0,0,0,0,0,0,0,0,0,0,0,0,0,0,0,0,0,0,0,0,0,0,0,0,0,0,0,0,0,0,0,0,0,0,0,0,0,0,0,0,0,0,0,0,0,0,0,0,0,0,0,0,0,0,0,0,0,0,0,0,0,0,0,0,0,0,0,0,0,0,0,0,0,0,0,0,0,0,0,0,0,0]
["2014-03-23",0,0,0,0,0,0,0,0,0,0,0,0,0,0,0,0,0,0,0,0,0,0,0,0,0,0,0,0,0,0,0,0,0,0,0,0,0,0,0,0,0,0,0,0,0,0,0,0,0,0,0,0,0,0,0,0,0,0,0,0,0,0,0,0,0,0,0,0,0,0,0,0,0,0,0,0,0,0,0,0,0,0,0,0,0,0,0,0,0,0,0,0,0,0,0,0,0,0,0,0,0,0,0,0,0,0,0,0,0,0,0,0,0,0,0,0,0,0,0,0,0,0,0,0,0,0,0,0,0,0,0,0,0,0,0,0,0,0,0,0,0,0,0,0,0,0,0,0,0,0,0,0,0,0,0,0,0,0,0,0,0,0,0,0,0,0,0,0,0,0,0,0,0,0,0,0,0,0,0,0,0,0,0,0]
["2014-03-24",0,0,0,0,0,0,0,0,0,0,0,0,0,0,0,0,0,0,0,0,0,0,0,0,0,0,0,0,0,0,0,0,0,0,0,0,0,0,0,0,0,0,0,0,0,0,0,0,0,0,0,0,0,0,0,0,0,0,0,0,0,0,0,0,0,0,0,0,0,0,0,0,0,0,0,0,0,0,0,0,0,0,0,0,0,0,0,0,0,0,0,0,0,0,0,0,0,0,0,0,0,0,0,0,0,0,0,0,0,0,0,0,0,0,0,0,0,0,0,0,0,0,0,0,0,0,0,0,0,0,0,0,0,0,0,0,0,0,0,0,0,0,0,0,0,0,0,0,0,0,0,0,0,0,0,0,0,0,0,0,0,0,0,0,0,0,0,0,0,0,0,0,0,0,0,0,0,0,0,0,0,0,0,0]
["2014-03-25",1,1,2,1,1,2,1,1,0,0,0,0,0,0,0,0,0,0,0,0,0,0,0,0,0,0,0,0,0,0,0,0,0,0,0,0,0,0,0,0,0,0,0,0,0,0,0,0,0,0,0,0,0,0,0,0,0,0,0,0,0,0,0,0,0,0,0,0,0,0,0,0,0,0,0,0,0,0,0,0,0,0,0,0,0,0,0,0,0,0,0,0,0,0,0,0,0,0,0,0,0,0,0,0,0,0,0,0,0,0,0,0,0,0,0,0,0,0,0,0,0,0,0,0,0,0,0,0,0,0,0,0,0,0,0,0,0,0,0,0,0,0,0,0,0,0,0,0,0,0,0,0,0,0,0,0,0,0,0,0,0,0,0,0,0,0,0,0,0,0,0,0,0,0,0,0,0,0,0,0,0,0,0,0]
["2014-03-26",1,1,1,1,0,0,0,0,0,0,0,0,0,0,0,0,0,0,0,0,0,0,0,0,0,0,0,0,0,0,0,0,0,0,0,0,0,0,0,0,0,0,0,0,0,0,0,0,0,0,0,0,0,0,0,0,0,0,0,0,0,0,0,0,0,0,0,0,0,0,0,0,0,0,0,0,0,0,0,0,0,0,0,0,0,0,0,0,0,0,0,0,0,0,0,0,0,0,0,0,0,0,0,0,0,0,0,0,0,0,0,0,0,0,0,0,0,0,0,0,0,0,0,0,0,0,0,0,0,0,0,0,0,0,0,0,0,0,0,0,0,0,0,0,0,0,0,0,0,0,0,0,0,0,0,0,0,0,0,0,0,0,0,0,0,0,0,0,0,0,0,0,0,0,0,0,0,0,0,0,0,0,0,0]
["2014-03-27",0,0,0,0,0,0,0,0,0,0,0,0,0,0,0,0,0,0,0,0,0,0,0,0,0,0,0,0,0,0,0,0,0,0,0,0,0,0,0,0,0,0,0,0,0,0,0,0,0,0,0,0,0,0,0,0,0,0,0,0,0,0,0,0,0,0,0,0,0,0,0,0,0,0,0,0,0,0,0,0,0,0,0,0,0,0,0,0,0,0,0,0,0,0,0,0,0,0,0,0,0,0,0,0,0,0,0,0,0,0,0,0,0,0,0,0,0,0,0,0,0,0,0,0,0,0,0,0,0,0,0,0,0,0,0,0,0,0,0,0,0,0,0,0,0,0,0,0,0,0,0,0,0,0,0,0,0,0,0,0,0,0,0,0,0,0,0,0,0,0,0,0,0,0,0,0,0,0,0,0,0,0,0,0]
["2014-03-28",1,1,1,2,1,2,1,1,1,1,2,1,1,0,0,0,0,0,0,0,0,0,0,0,0,0,0,0,0,0,0,0,0,0,0,0,0,0,0,0,0,0,0,0,0,0,0,0,0,0,0,0,0,0,0,0,0,0,0,0,0,0,0,0,0,0,0,0,0,0,0,0,0,0,0,0,0,0,0,0,0,0,0,0,0,0,0,0,0,0,0,0,0,0,0,0,0,0,0,0,0,0,0,0,0,0,0,0,0,0,0,0,0,0,0,0,0,0,0,0,0,0,0,0,0,0,0,0,0,0,0,0,0,0,0,0,0,0,0,0,0,0,0,0,0,0,0,0,0,0,0,0,0,0,0,0,0,0,0,0,0,0,0,0,0,0,0,0,0,0,0,0,0,0,0,0,0,0,0,0,0,0,0,0]
["2014-03-29",0,0,0,0,0,0,0,0,0,0,0,0,0,0,0,0,0,0,0,0,0,0,0,0,0,0,0,0,0,0,0,0,0,0,0,0,0,0,0,0,0,0,0,0,0,0,0,0,0,0,0,0,0,0,0,0,0,0,0,0,0,0,0,0,0,0,0,0,0,0,0,0,0,0,0,0,0,0,0,0,0,0,0,0,0,0,0,0,0,0,0,0,0,0,0,0,0,0,0,0,0,0,0,0,0,0,0,0,0,0,0,0,0,0,0,0,0,0,0,0,0,0,0,0,0,0,0,0,0,0,0,0,0,0,0,0,0,0,0,0,0,0,0,0,0,0,0,0,0,0,0,0,0,0,0,0,0,0,0,0,0,0,0,0,0,0,0,0,0,0,0,0,0,0,0,0,0,0,0,0,0,0,0,0]
["2014-03-30",0,0,0,0,0,0,0,0,0,0,0,0,0,0,0,0,0,0,0,0,0,0,0,0,0,0,0,0,0,0,0,0,0,0,0,0,0,0,0,0,0,0,0,0,0,0,0,0,0,0,0,0,0,0,0,0,0,0,0,0,0,0,0,0,0,0,0,0,0,0,0,0,0,0,0,0,0,0,0,0,0,0,0,0,0,0,0,0,0,0,0,0,0,0,0,0,0,0,0,0,0,0,0,0,0,0,0,0,0,0,0,0,0,0,0,0,0,0,0,0,0,0,0,0,0,0,0,0,0,0,0,0,0,0,0,0,0,0,0,0,0,0,0,0,0,0,0,0,0,0,0,0,0,0,0,0,0,0,0,0,0,0,0,0,0,0,0,0,0,0,0,0,0,0,0,0,0,0,0,0,0,0,0,0]
["2014-03-31",4,5,0,2,1,3,12,1,2,0,0,0,0,0,0,0,0,0,0,0,0,0,0,0,0,0,0,0,0,0,0,0,0,0,0,0,0,0,0,0,0,0,0,0,0,0,0,0,0,0,0,0,0,0,0,0,0,0,0,0,0,0,0,0,0,0,0,0,0,0,0,0,0,0,0,0,0,0,0,0,0,0,0,0,0,0,0,0,0,0,0,0,0,0,0,0,0,0,0,0,0,0,0,0,0,0,0,0,0,0,0,0,0,0,0,0,0,0,0,0,0,0,0,0,0,0,0,0,0,0,0,0,0,0,0,0,0,0,0,0,0,0,0,0,0,0,0,0,0,0,0,0,0,0,0,0,0,0,0,0,0,0,0,0,0,0,0,0,0,0,0,0,0,0,0,0,0,0,0,0,0,0,0,0]
["2014-04-01",0,0,0,0,0,0,0,0,0,0,0,0,0,0,0,0,0,0,0,0,0,0,0,0,0,0,0,0,0,0,0,0,0,0,0,0,0,0,0,0,0,0,0,0,0,0,0,0,0,0,0,0,0,0,0,0,0,0,0,0,0,0,0,0,0,0,0,0,0,0,0,0,0,0,0,0,0,0,0,0,0,0,0,0,0,0,0,0,0,0,0,0,0,0,0,0,0,0,0,0,0,0,0,0,0,0,0,0,0,0,0,0,0,0,0,0,0,0,0,0,0,0,0,0,0,0,0,0,0,0,0,0,0,0,0,0,0,0,0,0,0,0,0,0,0,0,0,0,0,0,0,0,0,0,0,0,0,0,0,0,0,0,0,0,0,0,0,0,0,0,0,0,0,0,0,0,0,0,0,0,0,0,0,0]
["2014-04-02",0,0,0,0,0,0,0,0,0,0,0,0,0,0,0,0,0,0,0,0,0,0,0,0,0,0,0,0,0,0,0,0,0,0,0,0,0,0,0,0,0,0,0,0,0,0,0,0,0,0,0,0,0,0,0,0,0,0,0,0,0,0,0,0,0,0,0,0,0,0,0,0,0,0,0,0,0,0,0,0,0,0,0,0,0,0,0,0,0,0,0,0,0,0,0,0,0,0,0,0,0,0,0,0,0,0,0,0,0,0,0,0,0,0,0,0,0,0,0,0,0,0,0,0,0,0,0,0,0,0,0,0,0,0,0,0,0,0,0,0,0,0,0,0,0,0,0,0,0,0,0,0,0,0,0,0,0,0,0,0,0,0,0,0,0,0,0,0,0,0,0,0,0,0,0,0,0,0,0,0,0,0,0,0]
["2014-04-04",0,0,0,0,0,0,0,0,0,0,0,0,0,0,0,0,0,0,0,0,0,0,0,0,0,0,0,0,0,0,0,0,0,0,0,0,0,0,0,0,0,0,0,0,0,0,0,0,0,0,0,0,0,0,0,0,0,0,0,0,0,0,0,0,0,0,0,0,0,0,0,0,0,0,0,0,0,0,0,0,0,0,0,0,0,0,0,0,0,0,0,0,0,0,0,0,0,0,0,0,0,0,0,0,0,0,0,0,0,0,0,0,0,0,0,0,0,0,0,0,0,0,0,0,0,0,0,0,0,0,0,0,0,0,0,0,0,0,0,0,0,0,0,0,0,0,0,0,0,0,0,0,0,0,0,0,0,0,0,0,0,0,0,0,0,0,0,0,0,0,0,0,0,0,0,0,0,0,0,0,0,0,0,0]
["2014-04-05",0,0,0,0,0,0,0,0,0,0,0,0,0,0,0,0,0,0,0,0,0,0,0,0,0,0,0,0,0,0,0,0,0,0,0,0,0,0,0,0,0,0,0,0,0,0,0,0,0,0,0,0,0,0,0,0,0,0,0,0,0,0,0,0,0,0,0,0,0,0,0,0,0,0,0,0,0,0,0,0,0,0,0,0,0,0,0,0,0,0,0,0,0,0,0,0,0,0,0,0,0,0,0,0,0,0,0,0,0,0,0,0,0,0,0,0,0,0,0,0,0,0,0,0,0,0,0,0,0,0,0,0,0,0,0,0,0,0,0,0,0,0,0,0,0,0,0,0,0,0,0,0,0,0,0,0,0,0,0,0,0,0,0,0,0,0,0,0,0,0,0,0,0,0,0,0,0,0,0,0,0,0,0,0]
["2014-04-06",0,0,0,0,0,0,0,0,0,0,0,0,0,0,0,0,0,0,0,0,0,0,0,0,0,0,0,0,0,0,0,0,0,0,0,0,0,0,0,0,0,0,0,0,0,0,0,0,0,0,0,0,0,0,0,0,0,0,0,0,0,0,0,0,0,0,0,0,0,0,0,0,0,0,0,0,0,0,0,0,0,0,0,0,0,0,0,0,0,0,0,0,0,0,0,0,0,0,0,0,0,0,0,0,0,0,0,0,0,0,0,0,0,0,0,0,0,0,0,0,0,0,0,0,0,0,0,0,0,0,0,0,0,0,0,0,0,0,0,0,0,0,0,0,0,0,0,0,0,0,0,0,0,0,0,0,0,0,0,0,0,0,0,0,0,0,0,0,0,0,0,0,0,0,0,0,0,0,0,0,0,0,0,0]
["2014-04-07",0,0,0,0,0,0,0,0,0,0,0,0,0,0,0,0,0,0,0,0,0,0,0,0,0,0,0,0,0,0,0,0,0,0,0,0,0,0,0,0,0,0,0,0,0,0,0,0,0,0,0,0,0,0,0,0,0,0,0,0,0,0,0,0,0,0,0,0,0,0,0,0,0,0,0,0,0,0,0,0,0,0,0,0,0,0,0,0,0,0,0,0,0,0,0,0,0,0,0,0,0,0,0,0,0,0,0,0,0,0,0,0,0,0,0,0,0,0,0,0,0,0,0,0,0,0,0,0,0,0,0,0,0,0,0,0,0,0,0,0,0,0,0,0,0,0,0,0,0,0,0,0,0,0,0,0,0,0,0,0,0,0,0,0,0,0,0,0,0,0,0,0,0,0,0,0,0,0,0,0,0,0,0,0]
["2014-04-08",0,0,0,0,0,0,0,0,0,0,0,0,0,0,0,0,0,0,0,0,0,0,0,0,0,0,0,0,0,0,0,0,0,0,0,0,0,0,0,0,0,0,0,0,0,0,0,0,0,0,0,0,0,0,0,0,0,0,0,0,0,0,0,0,0,0,0,0,0,0,0,0,0,0,0,0,0,0,0,0,0,0,0,0,0,0,0,0,0,0,0,0,0,0,0,0,0,0,0,0,0,0,0,0,0,0,0,0,0,0,0,0,0,0,0,0,0,0,0,0,0,0,0,0,0,0,0,0,0,0,0,0,0,0,0,0,0,0,0,0,0,0,0,0,0,0,0,0,0,0,0,0,0,0,0,0,0,0,0,0,0,0,0,0,0,0,0,0,0,0,0,0,0,0,0,0,0,0,0,0,0,0,0,0]
["2014-04-09",0,0,0,0,0,0,0,0,0,0,0,0,0,0,0,0,0,0,0,0,0,0,0,0,0,0,0,0,0,0,0,0,0,0,0,0,0,0,0,0,0,0,0,0,0,0,0,0,0,0,0,0,0,0,0,0,0,0,0,0,0,0,0,0,0,0,0,0,0,0,0,0,0,0,0,0,0,0,0,0,0,0,0,0,0,0,0,0,0,0,0,0,0,0,0,0,0,0,0,0,0,0,0,0,0,0,0,0,0,0,0,0,0,0,0,0,0,0,0,0,0,0,0,0,0,0,0,0,0,0,0,0,0,0,0,0,0,0,0,0,0,0,0,0,0,0,0,0,0,0,0,0,0,0,0,0,0,0,0,0,0,0,0,0,0,0,0,0,0,0,0,0,0,0,0,0,0,0,0,0,0,0,0,0]
["2014-04-10",0,0,0,0,0,0,0,0,0,0,0,0,0,0,0,0,0,0,0,0,0,0,0,0,0,0,0,0,0,0,0,0,0,0,0,0,0,0,0,0,0,0,0,0,0,0,0,0,0,0,0,0,0,0,0,0,0,0,0,0,0,0,0,0,0,0,0,0,0,0,0,0,0,0,0,0,0,0,0,0,0,0,0,0,0,0,0,0,0,0,0,0,0,0,0,0,0,0,0,0,0,0,0,0,0,0,0,0,0,0,0,0,0,0,0,0,0,0,0,0,0,0,0,0,0,0,0,0,0,0,0,0,0,0,0,0,0,0,0,0,0,0,0,0,0,0,0,0,0,0,0,0,0,0,0,0,0,0,0,0,0,0,0,0,0,0,0,0,0,0,0,0,0,0,0,0,0,0,0,0,0,0,0,0]
["2014-04-11",0,0,0,0,0,0,0,0,0,0,0,0,0,0,0,0,0,0,0,0,0,0,0,0,0,0,0,0,0,0,0,0,0,0,0,0,0,0,0,0,0,0,0,0,0,0,0,0,0,0,0,0,0,0,0,0,0,0,0,0,0,0,0,0,0,0,0,0,0,0,0,0,0,0,0,0,0,0,0,0,0,0,0,0,0,0,0,0,0,0,0,0,0,0,0,0,0,0,0,0,0,0,0,0,0,0,0,0,0,0,0,0,0,0,0,0,0,0,0,0,0,0,0,0,0,0,0,0,0,0,0,0,0,0,0,0,0,0,0,0,0,0,0,0,0,0,0,0,0,0,0,0,0,0,0,0,0,0,0,0,0,0,0,0,0,0,0,0,0,0,0,0,0,0,0,0,0,0,0,0,0,0,0,0]
["2014-04-13",0,0,0,0,0,0,0,0,0,0,0,0,0,0,0,0,0,0,0,0,0,0,0,0,0,0,0,0,0,0,0,0,0,0,0,0,0,0,0,0,0,0,0,0,0,0,0,0,0,0,0,0,0,0,0,0,0,0,0,0,0,0,0,0,0,0,0,0,0,0,0,0,0,0,0,0,0,0,0,0,0,0,0,0,0,0,0,0,0,0,0,0,0,0,0,0,0,0,0,0,0,0,0,0,0,0,0,0,0,0,0,0,0,0,0,0,0,0,0,0,0,0,0,0,0,0,0,0,0,0,0,0,0,0,0,0,0,0,0,0,0,0,0,0,0,0,0,0,0,0,0,0,0,0,0,0,0,0,0,0,0,0,0,0,0,0,0,0,0,0,0,0,0,0,0,0,0,0,0,0,0,0,0,0]
["2014-04-14",0,0,0,0,0,0,0,0,0,0,0,0,0,0,0,0,0,0,0,0,0,0,0,0,0,0,0,0,0,0,0,0,0,0,0,0,0,0,0,0,0,0,0,0,0,0,0,0,0,0,0,0,0,0,0,0,0,0,0,0,0,0,0,0,0,0,0,0,0,0,0,0,0,0,0,0,0,0,0,0,0,0,0,0,0,0,0,0,0,0,0,0,0,0,0,0,0,0,0,0,0,0,0,0,0,0,0,0,0,0,0,0,0,0,0,0,0,0,0,0,0,0,0,0,0,0,0,0,0,0,0,0,0,0,0,0,0,0,0,0,0,0,0,0,0,0,0,0,0,0,0,0,0,0,0,0,0,0,0,0,0,0,0,0,0,0,0,0,0,0,0,0,0,0,0,0,0,0,0,0,0,0,0,0]
["2014-04-15",0,0,0,0,0,0,0,0,0,0,0,0,0,0,0,0,0,0,0,0,0,0,0,0,0,0,0,0,0,0,0,0,0,0,0,0,0,0,0,0,0,0,0,0,0,0,0,0,0,0,0,0,0,0,0,0,0,0,0,0,0,0,0,0,0,0,0,0,0,0,0,0,0,0,0,0,0,0,0,0,0,0,0,0,0,0,0,0,0,0,0,0,0,0,0,0,0,0,0,0,0,0,0,0,0,0,0,0,0,0,0,0,0,0,0,0,0,0,0,0,0,0,0,0,0,0,0,0,0,0,0,0,0,0,0,0,0,0,0,0,0,0,0,0,0,0,0,0,0,0,0,0,0,0,0,0,0,0,0,0,0,0,0,0,0,0,0,0,0,0,0,0,0,0,0,0,0,0,0,0,0,0,0,0]
["2014-04-16",0,0,0,0,0,0,0,0,0,0,0,0,0,0,0,0,0,0,0,0,0,0,0,0,0,0,0,0,0,0,0,0,0,0,0,0,0,0,0,0,0,0,0,0,0,0,0,0,0,0,0,0,0,0,0,0,0,0,0,0,0,0,0,0,0,0,0,0,0,0,0,0,0,0,0,0,0,0,0,0,0,0,0,0,0,0,0,0,0,0,0,0,0,0,0,0,0,0,0,0,0,0,0,0,0,0,0,0,0,0,0,0,0,0,0,0,0,0,0,0,0,0,0,0,0,0,0,0,0,0,0,0,0,0,0,0,0,0,0,0,0,0,0,0,0,0,0,0,0,0,0,0,0,0,0,0,0,0,0,0,0,0,0,0,0,0,0,0,0,0,0,0,0,0,0,0,0,0,0,0,0,0,0,0]
["2014-04-17",0,0,0,0,0,0,0,0,0,0,0,0,0,0,0,0,0,0,0,0,0,0,0,0,0,0,0,0,0,0,0,0,0,0,0,0,0,0,0,0,0,0,0,0,0,0,0,0,0,0,0,0,0,0,0,0,0,0,0,0,0,0,0,0,0,0,0,0,0,0,0,0,0,0,0,0,0,0,0,0,0,0,0,0,0,0,0,0,0,0,0,0,0,0,0,0,0,0,0,0,0,0,0,0,0,0,0,0,0,0,0,0,0,0,0,0,0,0,0,0,0,0,0,0,0,0,0,0,0,0,0,0,0,0,0,0,0,0,0,0,0,0,0,0,0,0,0,0,0,0,0,0,0,0,0,0,0,0,0,0,0,0,0,0,0,0,0,0,0,0,0,0,0,0,0,0,0,0,0,0,0,0,0,0]
["2014-04-18",0,0,0,0,0,0,0,0,0,0,0,0,0,0,0,0,0,0,0,0,0,0,0,0,0,0,0,0,0,0,0,0,0,0,0,0,0,0,0,0,0,0,0,0,0,0,0,0,0,0,0,0,0,0,0,0,0,0,0,0,0,0,0,0,0,0,0,0,0,0,0,0,0,0,0,0,0,0,0,0,0,0,0,0,0,0,0,0,0,0,0,0,0,0,0,0,0,0,0,0,0,0,0,0,0,0,0,0,0,0,0,0,0,0,0,0,0,0,0,0,0,0,0,0,0,0,0,0,0,0,0,0,0,0,0,0,0,0,0,0,0,0,0,0,0,0,0,0,0,0,0,0,0,0,0,0,0,0,0,0,0,0,0,0,0,0,0,0,0,0,0,0,0,0,0,0,0,0,0,0,0,0,0,0]
["2014-04-19",0,0,0,0,0,0,0,0,0,0,0,0,0,0,0,0,0,0,0,0,0,0,0,0,0,0,0,0,0,0,0,0,0,0,0,0,0,0,0,0,0,0,0,0,0,0,0,0,0,0,0,0,0,0,0,0,0,0,0,0,0,0,0,0,0,0,0,0,0,0,0,0,0,0,0,0,0,0,0,0,0,0,0,0,0,0,0,0,0,0,0,0,0,0,0,0,0,0,0,0,0,0,0,0,0,0,0,0,0,0,0,0,0,0,0,0,0,0,0,0,0,0,0,0,0,0,0,0,0,0,0,0,0,0,0,0,0,0,0,0,0,0,0,0,0,0,0,0,0,0,0,0,0,0,0,0,0,0,0,0,0,0,0,0,0,0,0,0,0,0,0,0,0,0,0,0,0,0,0,0,0,0,0,0]
["2014-04-20",0,0,0,0,0,0,0,0,0,0,0,0,0,0,0,0,0,0,0,0,0,0,0,0,0,0,0,0,0,0,0,0,0,0,0,0,0,0,0,0,0,0,0,0,0,0,0,0,0,0,0,0,0,0,0,0,0,0,0,0,0,0,0,0,0,0,0,0,0,0,0,0,0,0,0,0,0,0,0,0,0,0,0,0,0,0,0,0,0,0,0,0,0,0,0,0,0,0,0,0,0,0,0,0,0,0,0,0,0,0,0,0,0,0,0,0,0,0,0,0,0,0,0,0,0,0,0,0,0,0,0,0,0,0,0,0,0,0,0,0,0,0,0,0,0,0,0,0,0,0,0,0,0,0,0,0,0,0,0,0,0,0,0,0,0,0,0,0,0,0,0,0,0,0,0,0,0,0,0,0,0,0,0,0]
["2014-04-21",0,0,0,0,0,0,0,0,0,0,0,0,0,0,0,0,0,0,0,0,0,0,0,0,0,0,0,0,0,0,0,0,0,0,0,0,0,0,0,0,0,0,0,0,0,0,0,0,0,0,0,0,0,0,0,0,0,0,0,0,0,0,0,0,0,0,0,0,0,0,0,0,0,0,0,0,0,0,0,0,0,0,0,0,0,0,0,0,0,0,0,0,0,0,0,0,0,0,0,0,0,0,0,0,0,0,0,0,0,0,0,0,0,0,0,0,0,0,0,0,0,0,0,0,0,0,0,0,0,0,0,0,0,0,0,0,0,0,0,0,0,0,0,0,0,0,0,0,0,0,0,0,0,0,0,0]
["2014-04-22",0,0,0,0,0,0,0,0,0,0,0,0,0,0,0,0,0,0,0,0,0,0,0,0,0,0,0,0,0,0,0,0,0,0,0,0,0,0,0,0,0,0,0,0,0,0,0,0,0,0,0,0,0,0,0,0,0,0,0,0,0,0,0,0,0,0,0,0,0,0,0,0,0,0,0,0,0,0,0,0,0,0,0,0,0,0,0,0,0,0,0,0,0,0,0,0,0,0,0,0,0,0,0,0,0,0,0,0,0,0,0,0,0,0,0,0,0,0,0,0,0,0,0,0,0,0,0,0,0,0,0,0,0,0,0,0,0,0,0,0,0,0,0,0,0,0,0,0,0,0,0,0,0,0,0,0,0,0,0,0,0,0,0,0,0,0,0,0,0,0,0,0,0,0,0,0,0,0,0,0,0,0,0,0]
["2014-04-23",0,0,0,0,0,0,0,0,0,0,0,0,0,0,0,0,0,0,0,0,0,0,0,0,0,0,0,0,0,0,0,0,0,0,0,0,0,0,0,0,0,0,0,0,0,0,0,0,0,0,0,0,0,0,0,0,0,0,0,0,0,0,0,0,0,0,0,0,0,0,0,0,0,0,0,0,0,0,0,0,0,0,0,0,0,0,0,0,0,0,0,0,0,0,0,0,0,0,0,0,0,0,0,0,0,0,0,0,0,0,0,0,0,0,0,0,0,0,0,0,0,0,0,0,0,0,0,0,0,0,0,0,0,0,0,0,0,0,0,0,0,0,0,0,0,0,0,0,0,0,0,0,0,0,0,0,0,0,0,0,0,0,0,0,0,0,0,0,0,0,0,0,0,0,0,0,0,0,0,0,0,0,0,0]
["2014-04-24",0,0,0,0,0,0,0,0,0,0,0,0,0,0,0,0,0,0,0,0,0,0,0,0,0,0,0,0,0,0,0,0,0,0,0,0,0,0,0,0,0,0,0,0,0,0,0,0,0,0,0,0,0,0,0,0,0,0,0,0,0,0,0,0,0,0,0,0,0,0,0,0,0,0,0,0,0,0,0,0,0,0,0,0,0,0,0,0,0,0,0,0,0,0,0,0,0,0,0,0,0,0,0,0,0,0,0,0,0,0,0,0,0,0,0,0,0,0,0,0,0,0,0,0,0,0,0,0,0,0,0,0,0,0,0,0,0,0,0,0,0,0,0,0,0,0,0,0,0,0,0,0,0,0,0,0,0,0,0,0,0,0,0,0,0,0,0,0,0,0,0,0,0,0,0,0,0,0,0,0,0,0,0,0]
["2014-04-25",0,0,0,0,0,0,0,0,0,0,0,0,0,0,0,0,0,0,0,0,0,0,0,0,0,0,0,0,0,0,0,0,0,0,0,0,0,0,0,0,0,0,0,0,0,0,0,0,0,0,0,0,0,0,0,0,0,0,0,0,0,0,0,0,0,0,0,0,0,0,0,0,0,0,0,0,0,0,0,0,0,0,0,0,0,0,0,0,0,0,0,0,0,0,0,0,0,0,0,0,0,0,0,0,0,0,0,0,0,0,0,0,0,0,0,0,0,0,0,0,0,0,0,0,0,0,0,0,0,0,0,0,0,0,0,0,0,0,0,0,0,0,0,0,0,0,0,0,0,0,0,0,0,0,0,0,0,0,0,0,0,0,0,0,0,0,0,0,0,0,0,0,0,0,0,0,0,0,0,0,0,0,0,0]
["2014-04-26",0,0,0,0,0,0,0,0,0,0,0,0,0,0,0,0,0,0,0,0,0,0,0,0,0,0,0,0,0,0,0,0,0,0,0,0,0,0,0,0,0,0,0,0,0,0,0,0,0,0,0,0,0,0,0,0,0,0,0,0,0,0,0,0,0,0,0,0,0,0,0,0,0,0,0,0,0,0,0,0,0,0,0,0,0,0,0,0,0,0,0,0,0,0,0,0,0,0,0,0,0,0,0,0,0,0,0,0,0,0,0,0,0,0,0,0,0,0,0,0,0,0,0,0,0,0,0,0,0,0,0,0,0,0,0,0,0,0,0,0,0,0,0,0,0,0,0,0,0,0,0,0,0,0,0,0,0,0,0,0,0,0,0,0,0,0,0,0,0,0,0,0,0,0,0,0,0,0,0,0,0,0,0,0]
["2014-04-27",0,0,0,0,0,0,0,0,0,0,0,0,0,0,0,0,0,0,0,0,0,0,0,0,0,0,0,0,0,0,0,0,0,0,0,0,0,0,0,0,0,0,0,0,0,0,0,0,0,0,0,0,0,0,0,0,0,0,0,0,0,0,0,0,0,0,0,0,0,0,0,0,0,0,0,0,0,0,0,0,0,0,0,0,0,0,0,0,0,0,0,0,0,0,0,0,0,0,0,0,0,0,0,0,0,0,0,0,0,0,0,0,0,0,0,0,0,0,0,0,0,0,0,0,0,0,0,0,0,0,0,0,0,0,0,0,0,0,0,0,0,0,0,0,0,0,0,0,0,0,0,0,0,0,0,0,0,0,0,0,0,0,0,0,0,0,0,0,0,0,0,0,0,0,0,0,0,0,0,0,0,0,0,0]
["2014-04-29",0,0,0,0,0,0,0,0,0,0,0,0,0,0,0,0,0,0,0,0,0,0,0,0,0,0,0,0,0,0,0,0,0,0,0,0,0,0,0,0,0,0,0,0,0,0,0,0,0,0,0,0,0,0,0,0,0,0,0,0,0,0,0,0,0,0,0,0,0,0,0,0,0,0,0,0,0,0,0,0,0,0,0,0,0,0,0,0,0,0,0,0,0,0,0,0,0,0,0,0,0,0,0,0,0,0,0,0,0,0,0,0,0,0,0,0,0,0,0,0,0,0,0,0,0,0,0,0,0,0,0,0,0,0,0,0,0,0,0,0,0,0,0,0,0,0,0,0,0,0,0,0,0,0,0,0,0,0,0,0,0,0,0,0,0,0,0,0,0,0,0,0,0,0,0,0,0,0,0,0,0,0,0,0]
["2014-05-01",0,0,0,0,0,0,0,0,0,0,0,0,0,0,0,0,0,0,0,0,0,0,0,0,0,0,0,0,0,0,0,0,0,0,0,0,0,0,0,0,0,0,0,0,0,0,0,0,0,0,0,0,0,0,0,0,0,0,0,0,0,0,0,0,0,0,0,0,0,0,0,0,0,0,0,0,0,0,0,0,0,0,0,0,0,0,0,0,0,0,0,0,0,0,0,0,0,0,0,0,0,0,0,0,0,0,0,0,0,0,0,0,0,0,0,0,0,0,0,0,0,0,0,0,0,0,0,0,0,0,0,0,0,0,0,0,0,0,0,0,0,0,0,0,0,0,0,0,0,0,0,0,0,0,0,0,0,0,0,0,0,0,0,0,0,0,0,0,0,0,0,0,0,0,0,0,0,0,0,0,0,0,0,0]
["2014-05-02",0,0,0,0,0,0,0,0,0,0,0,0,0,0,0,0,0,0,0,0,0,0,0,0,0,0,0,0,0,0,0,0,0,0,0,0,0,0,0,0,0,0,0,0,0,0,0,0,0,0,0,0,0,0,0,0,0,0,0,0,0,0,0,0,0,0,0,0,0,0,0,0,0,0,0,0,0,0,0,0,0,0,0,0,0,0,0,0,0,0,0,0,0,0,0,0,0,0,0,0,0,0,0,0,0,0,0,0,0,0,0,0,0,0,0,0,0,0,0,0,0,0,0,0,0,0,0,0,0,0,0,0,0,0,0,0,0,0,0,0,0,0,0,0,0,0,0,0,0,0,0,0,0,0,0,0,0,0,0,0,0,0,0,0,0,0,0,0,0,0,0,0,0,0,0,0,0,0,0,0,0,0,0,0]
["2014-05-03",0,0,0,0,0,0,0,0,0,0,0,0,0,0,0,0,0,0,0,0,0,0,0,0,0,0,0,0,0,0,0,0,0,0,0,0,0,0,0,0,0,0,0,0,0,0,0,0,0,0,0,0,0,0,0,0,0,0,0,0,0,0,0,0,0,0,0,0,0,0,0,0,0,0,0,0,0,0,0,0,0,0,0,0,0,0,0,0,0,0,0,0,0,0,0,0,0,0,0,0,0,0,0,0,0,0,0,0,0,0,0,0,0,0,0,0,0,0,0,0,0,0,0,0,0,0,0,0,0,0,0,0,0,0,0,0,0,0,0,0,0,0,0,0,0,0,0,0,0,0,0,0,0,0,0,0,0,0,0,0,0,0,0,0,0,0,0,0,0,0,0,0,0,0,0,0,0,0,0,0,0,0,0,0]
["2014-05-05",0,0,0,0,0,0,0,0,0,0,0,0,0,0,0,0,0,0,0,0,0,0,0,0,0,0,0,0,0,0,0,0,0,0,0,0,0,0,0,0,0,0,0,0,0,0,0,0,0,0,0,0,0,0,0,0,0,0,0,0,0,0,0,0,0,0,0,0,0,0,0,0,0,0,0,0,0,0,0,0,0,0,0,0,0,0,0,0,0,0,0,0,0,0,0,0,0,0,0,0,0,0,0,0,0,0,0,0,0,0,0,0,0,0,0,0,0,0,0,0,0,0,0,0,0,0,0,0,0,0,0,0,0,0,0,0,0,0,0,0,0,0,0,0,0,0,0,0,0,0,0,0,0,0,0]
["2014-05-08",0,0,0,0,0,0,0,0,0,0,0,0,0,0,0,0,0,0,0,0,0,0,0,0,0,0,0,0,0,0,0,0,0,0,0,0,0,0,0,0,0,0,0,0,0,0,0,0,0,0,0,0,0,0,0,0,0,0,0,0,0,0,0,0,0,0,0,0,0,0,0,0,0,0,0,0]
["2014-05-09",0,0,0,0,0,0,0,0,0,0,0,0,0,0,0,0,0,0,0,0,0,0,0,0,0,0,0,0,0,0,0,0,0,0,0,0,0,0,0,0,0,0,0,0,0,0,0,0,0,0,0,0,0,0,0,0,0,0,0,0,0,0,0,0,0,0,0,0,0,0,0,0,0,0,0,0,0,0,0,0,0,0,0,0,0,0,0,0,0,0,0,0,0,0,0,0,0,0,0,0,0,0,0,0,0,0,0,0,0,0,0]
["2014-05-10",0,0,0,0,0,0,0,0,0,0,0,0,0,0,0,0,0,0,0,0,0,0,0,0,0,0,0,0,0,0,0,0,0,0,0,0,0,0,0,0,0,0,0,0,0,0,0,0,0,0,0,0,0,0,0,0,0,0,0,0,0,0,0,0,0,0,0,0,0,0,0,0,0,0,0,0,0,0,0,0,0,0,0,0,0,0,0,0,0,0,0,0,0,0,0,0,0,0,0,0,0,0,0,0,0,0,0,0,0,0,0,0,0,0,0,0,0,0,0,0,0,0,0,0,0,0,0,0]
["2014-05-11",0,0,0,0,0,0,0,0,0,0,0,0,0,0,0,0,0,0,0,0,0,0,0,0,0,0,0,0,0,0,0,0,0,0,0,0,0,0,0,0,0,0,0,0,0,0,0,0,0,0,0,0,0,0,0,0,0,0,0,0,0,0,0,0,0,0,0,0,0,0,0,0,0,0,0,0,0,0,0,0,0,0,0,0,0,0,0,0,0,0,0,0,0,0,0,0,0,0,0,0,0,0,0,0,0,0,0,0,0,0,0,0,0,0,0,0,0,0,0,0,0,0,0,0,0,0,0,0,0,0,0,0,0,0,0,0,0,0,0,0,0,0,0,0,0,0,0,0,0,0,0,0,0,0,0,0,0,0,0,0,0,0,0,0,0,0,0,0]
["2014-05-12",0,0,0,0,0,0,0,0,0,0,0,0,0,0,0,0,0,0,0,0,0,0,0,0,0,0,0,0,0,0,0,0,0,0,0,0,0,0,0,0,0,0,0,0,0,0,0,0,0,0,0,0,0,0,0,0,0,0,0,0,0,0,0,0,0,0,0,0,0,0,0,0,0,0,0,0,0,0,0,0,0,0,0,0,0,0,0,0,0,0,0,0,0,0,0,0,0,0,0,0,0,0,0,0,0,0,0,0,0,0,0,0,0,0,0,0,0,0,0,0,0,0,0,0,0,0,0,0,0,0,0,0,0,0,0,0,0,0,0,0,0,0,0,0,0,0,0,0,0,0,0,0,0,0,0,0,0,0,0,0,0,0,0,0,0,0,0,0,0,0,0,0,0,0,0,0,0,0,0,0,0,0,0,0]
["2014-05-13",0,0,0,0,0,0,0,0,0,0,0,0,0,0,0,0,0,0,0,0,0,0,0,0,0,0,0,0,0,0,0,0,0,0,0,0,0,0,0,0,0,0,0,0,0,0,0,0,0,0,0,0,0,0,0,0,0,0,0,0,0,0,0,0,0,0,0,0,0,0,0,0,0,0,0,0,0,0,0,0,0,0,0,0,0,0,0,0,0,0,0,0,0,0,0,0,0,0,0,0,0,0,0,0,0,0,0,0,0,0,0,0,0,0,0,0,0,0,0,0,0,0,0,0,0,0,0,0,0,0,0,0,0,0,0,0,0,0,0,0,0,0,0,0,0,0,0,0,0,0,0,0,0,0,0,0,0,0,0,0,0,0,0,0,0,0,0,0,0,0,0,0,0,0,0,0,0,0,0,0,0,0,0,0]
["2014-05-14",0,0,0,0,0,0,0,0,0,0,0,0,0,0,0,0,0,0,0,0,0,0,0,0,0,0,0,0,0,0,0,0,0,0,0,0,0,0,0,0,0,0,0,0,0,0,0,0,0,0,0,0,0,0,0,0,0,0,0,0,0,0,0,0,0,0,0,0,0,0,0,0,0,0,0,0,0,0,0,0,0,0,0,0,0,0,0,0,0,0,0,0,0,0,0,0,0,0,0,0,0,0,0,0,0,0,0,0,0,0,0,0,0,0,0,0,0,0,0,0,0,0,0,0,0,0,0,0,0,0,0,0,0,0,0,0,0,0,0,0,0,0,0,0,0,0,0,0,0,0,0,0,0,0,0,0,0,0,0,0,0,0,0,0,0,0,0,0,0,0,0,0,0,0,0,0,0,0,0,0,0,0,0,0]
["2014-05-15",0,0,0,0,0,0,0,0,0,0,0,0,0,0,0,0,0,0,0,0,0,0,0,0,0,0,0,0,0,0,0,0,0,0,0,0,0,0,0,0,0,0,0,0,0,0,0,0,0,0,0,0,0,0,0,0,0,0,0,0,0,0,0,0,0,0,0,0,0,0,0,0,0,0,0,0,0,0,0,0,0,0,0,0,0,0,0,0,0,0,0,0,0,0,0,0,0,0,0,0,0,0,0,0,0,0,0,0,0,0,0,0,0,0,0,0,0,0,0,0,0,0,0,0,0,0,0,0,0,0,0,0,0,0,0,0,0,0,0,0,0,0,0,0,0,0,0,0,0,0,0,0,0,0,0,0,0,0,0,0,0,0,0,0,0,0,0,0,0,0,0,0,0,0,0,0,0,0,0,0,0,0,0,0]
["2014-05-17",0,0,0,0,0,0,0,0,0,0,0,0,0,0,0,0,0,0,0,0,0,0,0,0,0,0,0,0,0,0,0,0,0,0,0,0,0,0,0,0,0,0,0,0,0,0,0,0,0,0,0,0,0,0,0,0,0,0,0,0,0,0,0,0,0,0,0,0,0,0,0,0,0,0,0,0,0,0,0,0,0,0,0,0,0,0,0,0,0,0,0,0,0,0,0,0,0,0,0,0,0,0,0,0,0,0,0,0,0,0,0,0,0,0,0,0,0,0,0,0,0,0,0,0,0,0,0,0,0,0,0,0,0,0,0,0,0,0,0,0,0,0,0,0,0,0,0,0,0,0,0,0,0,0,0,0,0,0,0,0,0,0,0,0,0,0,0,0,0,0,0,0,0,0,0,0,0,0,0,0,0,0,0,0]
["2014-05-18",0,0,0,0,0,0,0,0,0,0,0,0,0,0,0,0,0,0,0,0,0,0,0,0,0,0,0,0,0,0,0,0,0,0,0,0,0,0,0,0,0,0,0,0,0,0,0,0,0,0,0,0,0,0,0,0,0,0,0,0,0,0,0,0,0,0,0,0,0,0,0,0,0,0,0,0,0,0,0,0,0,0,0,0,0,0,0,0,0,0,0,0,0,0,0,0,0,0,0,0,0,0,0,0,0,0,0,0,0,0,0,0,0,0,0,0,0,0,0,0,0,0,0,0,0,0,0,0,0,0,0,0,0,0,0,0,0,0,0,0,0,0,0,0,0,0,0,0,0,0,0,0,0,0,0,0,0,0,0,0,0,0,0,0,0,0,0,0,0,0,0,0,0,0,0,0,0,0,0,0,0,0,0,0]
["2014-05-19",0,0,0,0,0,0,0,0,0,0,0,0,0,0,0,0,0,0,0,0,0,0,0,0,0,0,0,0,0,0,0,0,0,0,0,0,0,0,0,0,0,0,0,0,0,0,0,0,0,0,0,0,0,0,0,0,0,0,0,0,0,0,0,0,0,0,0,0,0,0,0,0,0,0,0,0,0,0,0,0,0,0,0,0,0,0,0,0,0,0,0,0,0,0,0,0,0,0,0,0,0,0,0,0,0,0,0,0,0,0,0,0,0,0,0,0,0,0,0,0,0,0,0,0,0,0,0,0,0,0,0,0,0,0,0,0,0,0,0,0,0,0,0,0,0,0,0,0,0,0,0,0,0,0,0,0,0,0,0,0,0,0,0,0,0,0,0,0,0,0,0,0,0,0,0,0,0,0,0,0,0,0,0,0]
["2014-05-20",0,0,0,0,0,0,0,0,0,0,0,0,0,0,0,0,0,0,0,0,0,0,0,0,0,0,0,0,0,0,0,0,0,0,0,0,0,0,0,0,0,0,0,0,0,0,0,0,0,0,0,0,0,0,0,0,0,0,0,0,0,0,0,0,0,0,0,0,0,0,0,0,0,0,0,0,0,0,0,0,0,0,0,0,0,0,0,0,0,0,0,0,0,0,0,0,0,0,0,0,0,0,0,0,0,0,0,0,0,0,0,0,0,0,0,0,0,0,0,0,0,0,0,0,0,0,0,0,0,0,0,0,0,0,0,0,0,0,0,0,0,0,0,0,0,0,0,0,0,0,0,0,0,0,0,0,0,0,0,0,0,0,0,0,0,0,0,0,0,0,0,0,0,0,0,0,0,0,0,0,0,0,0,0]
["2014-05-21",0,0,0,0,0,0,0,0,0,0,0,0,0,0,0,0,0,0,0,0,0,0,0,0,0,0,0,0,0,0,0,0,0,0,0,0,0,0,0,0,0,0,0,0,0,0,0,0,0,0,0,0,0,0,0,0,0,0,0,0,0,0,0,0,0,0,0,0,0,0,0,0,0,0,0,0,0,0,0,0,0,0,0,0,0,0,0,0,0,0,0,0,0,0,0,0,0,0,0,0,0,0,0,0,0,0,0,0,0,0,0,0,0,0,0,0,0,0,0,0,0,0,0,0,0,0,0,0,0,0,0,0,0,0,0,0,0,0,0,0,0,0,0,0,0,0,0,0,0,0,0,0,0,0,0,0,0,0,0,0,0,0,0,0,0,0,0,0,0,0,0,0,0,0,0,0,0,0,0,0,0,0,0,0]
["2014-05-23",0,0,0,0,0,0,0,0,0,0,0,0,0,0,0,0,0,0,0,0,0,0,0,0,0,0,0,0,0,0,0,0,0,0,0,0,0,0,0,0,0,0,0,0,0,0,0,0,0,0,0,0,0,0,0,0,0,0,0,0,0,0,0,0,0,0,0,0,0,0,0,0,0,0,0,0,0,0,0,0,0,0,0,0,0,0,0,0,0,0,0,0,0,0,0,0,0,0,0,0,0,0,0,0,0,0,0,0,0,0,0,0,0,0,0,0,0,0,0,0,0,0,0,0,0,0,0,0,0,0,0,0,0,0,0,0,0,0,0,0,0,0,0,0,0,0,0,0,0,0,0,0,0,0,0,0,0,0,0,0,0,0,0,0,0,0,0,0,0,0,0,0,0,0,0,0,0,0,0,0,0,0,0,0]
["2014-05-24",0,0,0,0,0,0,0,0,0,0,0,0,0,0,0,0,0,0,0,0,0,0,0,0,0,0,0,0,0,0,0,0,0,0,0,0,0,0,0,0,0,0,0,0,0,0,0,0,0,0,0,0,0,0,0,0,0,0,0,0,0,0,0,0,0,0,0,0,0,0,0,0,0,0,0,0,0,0,0,0,0,0,0,0,0,0,0,0,0,0,0,0,0,0,0,0,0,0,0,0,0,0,0,0,0,0,0,0,0,0,0,0,0,0,0,0,0,0,0,0,0,0,0,0,0,0,0,0,0,0,0,0,0,0,0,0,0,0,0,0,0,0,0,0,0,0,0,0,0,0,0,0,0,0,0,0,0,0,0,0,0,0,0,0,0,0,0,0,0,0,0,0,0,0,0,0,0,0,0,0,0,0,0,0]
["2014-05-25",0,0,0,0,0,0,0,0,0,0,0,0,0,0,0,0,0,0,0,0,0,0,0,0,0,0,0,0,0,0,0,0,0,0,0,0,0,0,0,0,0,0,0,0,0,0,0,0,0,0,0,0,0,0,0,0,0,0,0,0,0,0,0,0,0,0,0,0,0,0,0,0,0,0,0,0,0,0,0,0,0,0,0,0,0,0,0,0,0,0,0,0,0,0,0,0,0,0,0,0,0,0,0,0,0,0,0,0,0,0,0,0,0,0,0,0,0,0,0,0,0,0,0,0,0,0,0,0,0,0,0,0,0,0,0,0,0,0,0,0,0,0,0,0,0,0,0,0,0,0,0,0,0,0,0,0,0,0,0,0,0,0,0,0,0,0,0,0,0,0,0,0,0,0,0,0,0,0,0,0,0,0,0,0]
["2014-05-26",0,0,0,0,0,0,0,0,0,0,0,0,0,0,0,0,0,0,0,0,0,0,0,0,0,0,0,0,0,0,0,0,0,0,0,0,0,0,0,0,0,0,0,0,0,0,0,0,0,0,0,0,0,0,0,0,0,0,0,0,0,0,0,0,0,0,0,0,0,0,0,0,0,0,0,0,0,0,0,0,0,0,0,0,0,0,0,0,0,0,0,0,0,0,0,0,0,0,0,0,0,0,0,0,0,0,0,0,0,0,0,0,0,0,0,0,0,0,0,0,0,0,0,0,0,0,0,0,0,0,0,0,0,0,0,0,0,0,0,0,0,0,0,0,0,0,0,0,0,0,0,0,0,0,0,0,0,0,0,0,0,0,0,0,0,0,0,0,0,0,0,0,0,0,0,0,0,0,0,0,0,0,0,0]
["2014-05-28",0,0,0,0,0,0,0,0,0,0,0,0,0,0,0,0,0,0,0,0,0,0,0,0,0,0,0,0,0,0,0,0,0,0,0,0,0,0,0,0,0,0,0,0,0,0,0,0,0,0,0,0,0,0,0,0,0,0,0,0,0,0,0,0,0,0,0,0,0,0,0,0,0,0,0,0,0,0,0,0,0,0,0,0,0,0,0,0,0,0,0,0,0,0,0,0,0,0,0,0,0,0,0,0,0,0,0,0,0,0,0,0,0,0,0,0,0,0,0,0,0,0,0,0,0,0,0,0,0,0,0,0,0,0,0,0,0,0,0,0,0,0,0,0,0,0,0,0,0,0,0,0,0,0,0,0,0,0,0,0,0,0,0,0,0,0,0,0,0,0,0,0,0,0,0,0,0,0,0,0,0,0,0,0]
["2014-05-29",1,1,1,1,1,1,1,1,1,1,1,1,1,1,1,1,1,1,1,1,1,1,1,1,1,1,1,1,1,1,1,1,1,1,1,1,1,1,1,1,1,1,1,2,1,1,1,1,1,1,1,1,1,1,1,1,1,1,1,1,0,0,0,0,0,0,0,0,0,0,0,0,0,0,0,0,0,0,0,0,0,0,0,0,0,0,0,0,0,0,0,0,0,0,0,0,0,0,0,0,0,0,0,0,0,0,0,0,0,0,0,0,0,0,0,0,0,0,0,0,0,0,0,0,0,0,0,0,0,0,0,0,0,0,0,0,0,0,0,0,0,0,0,0,0,0,0,0,0,0,0,0,0,0,0,0,0,0,0,0,0,0,0,0,0,0,0,0,0,0,0,0,0,0,0,0,0,0,0,0,0,0,0,0]
["2014-05-30",0,0,0,0,0,0,0,0,0,0,0,0,0,0,0,0,0,0,0,0,0,0,0,0,0,0,0,0,0,0,0,0,0,0,0,0,0,0,0,0,0,0,0,0,0,0,0,0,0,0,0,0,0,0,0,0,0,0,0,0,0,0,0,0,0,0,0,0,0,0,0,0,0,0,0,0,0,0,0,0,0,0,0,0,0,0,0,0,0,0,0,0,0,0,0,0,0,0,0,0,0,0,0,0,0,0,0,0,0,0,0,0,0,0,0,0,0,0,0,0,0,0,0,0,0,0,0,0,0,0,0,0,0,0,0,0,0,0,0,0,0,0,0,0,0,0,0,0,0,0,0,0,0,0,0,0,0,0,0,0,0,0,0,0,0,0,0,0,0,0,0,0,0,0,0,0,0,0,0,0,0,0,0,0]
["2014-05-31",1,1,1,1,1,1,1,1,1,1,1,1,1,1,1,1,1,1,1,1,1,1,1,1,1,1,1,1,1,1,1,1,1,1,1,1,1,1,1,1,1,1,1,1,1,1,1,1,1,1,1,1,1,1,1,1,1,1,1,1,0,0,0,0,0,0,0,0,0,0,0,0,0,0,0,0,0,0,0,0,0,0,0,0,0,0,0,0,0,0,0,0,0,0,0,0,0,0,0,0,0,0,0,0,0,0,0,0,0,0,0,0,0,0,0,0,0,0,0,0,0,0,0,0,0,0,0,0,0,0,0,0,0,0,0,0,0,0,0,0,0,0,0,0,0,0,0,0,0,0,0,0,0,0,0,0,0,0,0,0,0,0,0,0,0,0,0,0,0,0,0,0,0,0,0,0,0,0,0,0,0,0,0,0]
["2014-06-01",0,0,0,0,0,0,0,0,0,0,0,0,0,0,0,0,0,0,0,0,0,0,0,0,0,0,0,0,0,0,0,0,0,0,0,0,0,0,0,0,0,0,0,0,0,0,0,0,0,0,0,0,0,0,0,0,0,0,0,0,0,0,0,0,0,0,0,0,0,0,0,0,0,0,0,0,0,0,0,0,0,0,0,0,0,0,0,0,0,0,0,0,0,0,0,0,0,0,0,0,0,0,0,0,0,0,0,0,0,0,0,0,0,0,0,0,0,0,0]
["2014-06-02",0,0,0,0,0,0,0,0,0,0,0,0,0,0,0,0,0,0,0,0,0,0,0,0,0,0,0,0,0,0,0,0,0,0,0,0,0,0,0,0,0,0,0,0,0,0,0,0,0,0,0,0,0,0,0,0,0,0,0,0,0,0,0,0,0,0,0,0,0,0,0,0,0,0,0,0,0,0,0,0,0,0,0,0,0,0,0,0,0,0,0,0,0,0,0,0,0,0,0,0,0,0,0,0,0,0,0,0,0,0,0,0,0,0,0,0,0,0,0,0,0,0,0,0,0,0,0,0,0,0,0,0,0,0,0,0,0,0,0,0,0,0,0,0,0,0,0,0,0,0,0,0,0,0,0,0,0,0,0,0,0,0,0,0,0,0,0,0,0,0,0,0,0,0,0,0,0,0,0,0,0,0,0,0]
["2014-06-05",0,0,0,0,0,0,0,0,0,0,0,0,0,0,0,0,0,0,0,0,0,0,0,0,0,0,0,0,0,0,0,0,0,0,0,0,0,0,0,0,0,0,0,0,0,0,0,0,0,0,0,0,0,0,0,0,0,0,0,0,0,0,0,0,0,0,0,0,0,0,0,0,0,0,0,0,0,0,0,0,0,0,0,0,0,0,0,0,0,0,0,0,0,0,0,0,0,0,0,0,0,0,0,0,0,0,0,0,0,0,0,0,0,0,0,0,0,0,0,0,0,0,0,0,0,0,0,0,0,0,0,0,0,0,0,0,0,0,0,0,0,0,0,0,0,0,0,0,0,0,0,0,0,0,0,0,0,0,0,0,0,0,0,0,0,0,0,0,0,0,0,0,0,0,0,0,0,0,0,0,0,0,0,0]
["2014-06-06",0,0,0,0,0,0,0,0,0,0,0,0,0,0,0,0,0,0,0,0,0,0,0,0,0,0,0,0,0,0,0,0,0,0,0,0,0,0,0,0,0,0,0,0,0,0,0,0,0,0,0,0,0,0,0,0,0,0,0,0,0,0,0,0,0,0,0,0,0,0,0,0,0,0,0,0,0,0,0,0,0,0,0,0,0,0,0,0,0,0,0,0,0,0,0,0,0,0,0,0,0,0,0,0,0,0,0,0,0,0,0,0,0,0,0,0,0,0,0,0,0,0,0,0,0,0,0,0,0,0,0,0,0,0,0,0,0,0,0,0,0,0,0,0,0,0,0,0,0,0,0,0,0,0,0,0,0,0,0,0,0,0,0,0,0,0,0,0,0,0,0,0,0,0,0,0,0,0,0,0,0,0,0,0]
["2014-06-07",0,0,0,0,0,0,0,0,0,0,0,0,0,0,0,0,0,0,0,0,0,0,0,0,0,0,0,0,0,0,0,0,0,0,0,0,0,0,0,0,0,0,0,0,0,0,0,0,0,0,0,0,0,0,0,0,0,0,0,0,0,0,0,0,0,0,0,0,0,0,0,0,0,0,0,0,0,0,0,0,0,0,0,0,0,0,0,0,0,0,0,0,0,0,0,0,0,0,0,0,0,0,0,0,0,0,0,0,0,0,0,0,0,0,0,0,0,0,0,0,0,0,0,0,0,0,0,0,0,0,0,0,0,0,0,0,0,0,0,0,0,0,0,0,0,0,0,0,0,0,0,0,0,0,0,0,0,0,0,0,0,0,0,0,0,0,0,0,0,0,0,0,0,0,0,0,0,0,0,0,0,0,0,0]
["2014-06-08",0,0,0,0,0,0,0,0,0,0,0,0,0,0,0,0,0,0,0,0,0,0,0,0,0,0,0,0,0,0,0,0,0,0,0,0,0,0,0,0,0,0,0,0,0,0,0,0,0,0,0,0,0,0,0,0,0,0,0,0,0,0,0,0,0,0,0,0,0,0,0,0,0,0,0,0,0,0,0,0,0,0,0,0,0,0,0,0,0,0,0,0,0,0,0,0,0,0,0,0,0,0,0,0,0,0,0,0,0,0,0,0,0,0,0,0,0,0,0,0,0,0,0,0,0,0,0,0,0,0,0,0,0,0,0,0,0,0,0,0,0,0,0,0,0,0,0,0,0,0,0,0,0,0,0,0,0,0,0,0,0,0,0,0,0,0,0,0,0,0,0,0,0,0,0,0,0,0,0,0,0,0,0,0]
["2014-06-09",0,0,0,0,0,0,0,0,0,0,0,0,0,0,0,0,0,0,0,0,0,0,0,0,0,0,0,0,0,0,0,0,0,0,0,0,0,0,0,0,0,0,0,0,0,0,0,0,0,0,0,0,0,0,0,0,0,0,0,0,0,0,0,0,0,0,0,0,0,0,0,0,0,0,0,0,0,0,0,0,0,0,0,0,0,0,0,0,0,0,0,0,0,0,0,0,0,0,0,0,0,0,0,0,0,0,0,0,0,0,0,0,0,0,0,0,0,0,0,0,0,0,0,0,0,0,0,0,0,0,0,0,0,0,0,0,0,0,0,0,0,0,0,0,0,0,0,0,0,0,0,0,0,0,0,0,0,0,0,0,0,0,0,0,0,0,0,0,0,0,0,0,0,0,0,0,0,0,0,0,0,0,0,0]
["2014-06-10",0,0,0,0,0,0,0,0,0,0,0,0,0,0,0,0,0,0,0,0,0,0,0,0,0,0,0,0,0,0,0,0,0,0,0,0,0,0,0,0,0,0,0,0,0,0,0,0,0,0,0,0,0,0,0,0,0,0,0,0,0,0,0,0,0,0,0,0,0,0,0,0,0,0,0,0,0,0,0,0,0,0,0,0,0,0,0,0,0,0,0,0,0,0,0,0,0,0,0,0,0,0,0,0,0,0,0,0,0,0,0,0,0,0,0,0,0,0,0,0,0,0,0,0,0,0,0,0,0,0,0,0,0,0,0,0,0,0,0,0,0,0,0,0,0,0,0,0,0,0,0,0,0,0,0,0,0,0,0,0,0,0,0,0,0,0,0,0,0,0,0,0,0,0,0,0,0,0,0,0,0,0,0,0]
["2014-06-11",0,0,0,0,0,0,0,0,0,0,0,0,0,0,0,0,0,0,0,0,0,0,0,0,0,0,0,0,0,0,0,0,0,0,0,0,0,0,0,0,0,0,0,0,0,0,0,0,0,0,0,0,0,0,0,0,0,0,0,0,0,0,0,0,0,0,0,0,0,0,0,0,0,0,0,0,0,0,0,0,0,0,0,0,0,0,0,0,0,0,0,0,0,0,0,0,0,0,0,0,0,0,0,0,0,0,0,0,0,0,0,0,0,0,0,0,0,0,0,0,0,0,0,0,0,0,0,0,0,0,0,0,0,0,0,0,0,0,0,0,0,0,0,0,0,0,0,0,0,0,0,0,0,0,0,0,0,0,0,0,0,0,0,0,0,0,0,0,0,0,0,0,0,0,0,0,0,0,0,0,0,0,0,0]
["2014-06-12",0,0,0,0,0,0,0,0,0,0,0,0,0,0,0,0,0,0,0,0,0,0,0,0,0,0,0,0,0,0,0,0,0,0,0,0,0,0,0,0,0,0,0,0,0,0,0,0,0,0,0,0,0,0,0,0,0,0,0,0,0,0,0,0,0,0,0,0,0,0,0,0,0,0,0,0,0,0,0,0,0,0,0,0,0,0,0,0,0,0,0,0,0,0,0,0,0,0,0,0,0,0,0,0,0,0,0,0,0,0,0,0,0,0,0,0,0,0,0,0,0,0,0,0,0,0,0,0,0,0,0,0,0,0,0,0,0,0,0,0,0,0,0,0,0,0,0,0,0,0,0,0,0,0,0,0,0,0,0,0,0,0,0,0,0,0,0,0,0,0,0,0,0,0,0,0,0,0,0,0,0,0,0,0]
["2014-06-13",0,0,0,0,0,0,0,0,0,0,0,0,0,0,0,0,0,0,0,0,0,0,0,0,0,0,0,0,0,0,0,0,0,0,0,0,0,0,0,0,0,0,0,0,0,0,0,0,0,0,0,0,0,0,0,0,0,0,0,0,0,0,0,0,0,0,0,0,0,0,0,0,0,0,0,0,0,0,0,0,0,0,0,0,0,0,0,0,0,0,0,0,0,0,0,0,0,0,0,0,0,0,0,0,0,0,0,0,0,0,0,0,0,0,0,0,0,0,0,0,0,0,0,0,0,0,0,0,0,0,0,0,0,0,0,0,0,0,0,0,0,0,0,0,0,0,0,0,0,0,0,0,0,0,0,0,0,0,0,0,0,0,0,0,0,0,0,0,0,0,0,0,0,0,0,0,0,0,0,0,0,0,0,0]
["2014-06-14",0,0,0,0,0,0,0,0,0,0,0,0,0,0,0,0,0,0,0,0,0,0,0,0,0,0,0,0,0,0,0,0,0,0,0,0,0,0,0,0,0,0,0,0,0,0,0,0,0,0,0,0,0,0,0,0,0,0,0,0,0,0,0,0,0,0,0,0,0,0,0,0,0,0,0,0,0,0,0,0,0,0,0,0,0,0,0,0,0,0,0,0,0,0,0,0,0,0,0,0,0,0,0,0,0,0,0,0,0,0,0,0,0,0,0,0,0,0,0,0,0,0,0,0,0,0,0,0,0,0,0,0,0,0,0,0,0,0,0,0,0,0,0,0,0,0,0,0,0,0,0,0,0,0,0,0,0,0,0,0,0,0,0,0,0,0,0,0,0,0,0,0,0,0,0,0,0,0,0,0,0,0,0,0]
["2014-06-15",0,0,0,0,0,0,0,0,0,0,0,0,0,0,0,0,0,0,0,0,0,0,0,0,0,0,0,0,0,0,0,0,0,0,0,0,0,0,0,0,0,0,0,0,0,0,0,0,0,0,0,0,0,0,0,0,0,0,0,0,0,0,0,0,0,0,0,0,0,0,0,0,0,0,0,0,0,0,0,0,0,0,0,0,0,0,0,0,0,0,0,0,0,0,0,0,0,0,0,0,0,0,0,0,0,0,0,0,0,0,0,0,0,0,0,0,0,0,0,0,0,0,0,0,0,0,0,0,0,0,0,0,0,0,0,0,0,0,0,0,0,0,0,0,0,0,0,0,0,0,0,0,0,0,0,0,0,0,0,0,0,0,0,0,0,0,0,0,0,0,0,0,0,0,0,0,0,0,0,0,0,0,0,0]
["2014-06-17",0,0,0,0,0,0,0,0,0,0,0,0,0,0,0,0,0,0,0,0,0,0,0,0,0,0,0,0,0,0,0,0,0,0,0,0,0,0,0,0,0,0,0,0,0,0,0,0,0,0,0,0,0,0,0,0,0,0,0,0,0,0,0,0,0,0,0,0,0,0,0,0,0,0,0,0,0,0,0,0,0,0,0,0,0,0,0,0,0,0,0,0,0,0,0,0,0,0,0,0,0,0,0,0,0,0,0,0,0,0,0,0,0,0,0,0,0,0,0,0,0,0,0,0,0,0,0,0,0,0,0,0,0,0,0,0,0,0,0,0,0,0,0,0,0,0,0,0,0,0,0,0,0,0,0,0,0,0,0,0,0,0,0,0,0,0,0,0,0,0,0,0,0,0,0,0,0,0,0,0,0,0,0,0]
["2014-06-18",0,0,0,0,0,0,0,0,0,0,0,0,0,0,0,0,0,0,0,0,0,0,0,0,0,0,0,0,0,0,0,0,0,0,0,0,0,0,0,0,0,0,0,0,0,0,0,0,0,0,0,0,0,0,0,0,0,0,0,0,0,0,0,0,0,0,0,0,0,0,0,0,0,0,0,0,0,0,0,0,0,0,0,0,0,0,0,0,0,0,0,0,0,0,0,0,0,0,0,0,0,0,0,0,0,0,0,0,0,0,0,0,0,0,0,0,0,0,0,0,0,0,0,0,0,0,0,0,0,0,0,0,0,0,0,0,0,0,0,0,0,0,0,0,0,0,0,0,0,0,0,0,0,0,0,0,0,0,0,0,0,0,0,0,0,0,0,0,0,0,0,0,0,0,0,0,0,0,0,0,0,0,0,0]
["2014-06-19",0,0,0,0,0,0,0,0,0,0,0,0,0,0,0,0,0,0,0,0,0,0,0,0,0,0,0,0,0,0,0,0,0,0,0,0,0,0,0,0,0,0,0,0,0,0,0,0,0,0,0,0,0,0,0,0,0,0,0,0,0,0,0,0,0,0,0,0,0,0,0,0,0,0,0,0,0,0,0,0,0,0,0,0,0,0,0,0,0,0,0,0,0,0,0,0,0,0,0,0,0,0,0,0,0,0,0,0,0,0,0,0,0,0,0,0,0,0,0,0,0,0,0,0,0,0,0,0,0,0,0,0,0,0,0,0,0,0,0,0,0,0,0,0,0,0,0,0,0,0,0,0,0,0,0,0,0,0,0,0,0,0,0,0,0,0,0,0,0,0,0,0,0,0,0,0,0,0,0,0,0,0,0,0]
["2014-06-20",1,1,1,1,1,1,1,1,1,1,1,1,1,1,1,1,1,1,1,1,1,2,1,1,1,1,1,1,1,1,1,1,1,1,1,1,1,1,1,1,1,1,1,1,1,1,1,1,1,1,2,1,1,1,1,1,1,1,1,1,0,0,0,0,0,0,0,0,0,0,0,0,0,0,0,0,0,0,0,0,0,0,0,0,0,0,0,0,0,0,0,0,0,0,0,0,0,0,0,0,0,0,0,0,0,0,0,0,0,0,0,0,0,0,0,0,0,0,0,0,0,0,0,0,0,0,0,0,0,0,0,0,0,0,0,0,0,0,0,0,0,0,0,0,0,0,0,0,0,0,0,0,0,0,0,0,0,0,0,0,0,0,0,0,0,0,0,0,0,0,0,0,0,0,0,0,0,0,0,0,0,0,0,0]
["2014-06-22",1,1,1,1,1,1,1,1,1,1,1,1,1,1,1,1,1,1,1,2,1,1,1,1,1,1,1,1,1,1,1,1,1,1,1,1,1,1,1,1,1,1,1,1,1,1,1,1,1,1,1,1,1,1,1,1,1,1,1,1,0,0,0,0,0,0,0,0,0,0,0,0,0,0,0,0,0,0,0,0,0,0,0,0,0,0,0,0,0,0,0,0,0,0,0,0,0,0,0,0,0,0,0,0,0,0,0,0,0,0,0,0,0,0,0,0,0,0,0,0,0,0,0,0,0,0,0,0,0,0,0,0,0,0,0,0,0,0,0,0,0,0,0,0,0,0,0,0,0,0,0,0,0,0,0,0,0,0,0,0,0,0,0,0,0,0,0,0,0,0,0,0,0,0,0,0,0,0,0,0,0,0,0,0]
["2014-06-23",1,1,1,1,1,1,1,1,1,1,1,1,1,1,1,1,1,1,2,1,1,1,1,1,1,1,1,1,1,1,1,1,1,1,1,1,1,1,1,1,1,1,1,1,1,1,1,1,1,1,1,1,1,1,1,1,1,1,1,1,0,0,0,0,0,0,0,0,0,0,0,0,0,0,0,0,0,0,0,0,0,0,0,0,0,0,0,0,0,0,0,0,0,0,0,0,0,0,0,0,0,0,0,0,0,0,0,0,0,0,0,0,0,0,0,0,0,0,0,0,0,0,0,0,0,0,0,0,0,0,0,0,0,0,0,0,0,0,0,0,0,0,0,0,0,0,0,0,0,0,0,0,0,0,0,0,0,0,0,0,0,0,0,0,0,0,0,0,0,0,0,0,0,0,0,0,0,0,0,0,0,0,0,0]
["2014-06-25",1,1,1,1,1,1,1,1,1,1,1,1,1,1,1,1,1,1,1,1,1,1,1,1,1,1,1,1,1,1,1,1,1,1,1,1,1,1,1,1,1,1,1,1,1,1,1,1,1,1,1,1,1,1,1,1,1,1,1,1,0,0,0,0,0,0,0,0,0,0,0,0,0,0,0,0,0,0,0,0,0,0,0,0,0,0,0,0,0,0,0,0,0,0,0,0,0,0,0,0,0,0,0,0,0,0,0,0,0,0,0,0,0,0,0,0,0,0,0,0,0,0,0,0,0,0,0,0,0,0,0,0,0,0,0,0,0,0,0,0,0,0,0,0,0,0,0,0,0,0,0,0,0,0,0,0,0,0,0,0,0,0,0,0,0,0,0,0,0,0,0,0,0,0,0,0,0,0,0,0,0,0,0,0]
["2014-06-26",1,1,1,1,1,1,1,1,1,1,1,1,1,1,1,1,2,1,1,1,1,1,1,1,1,1,1,1,1,1,1,1,1,1,1,1,1,1,1,1,1,1,1,1,1,1,1,1,1,1,1,1,1,1,1,1,1,1,1,1,0,0,0,0,0,0,0,0,0,0,0,0,0,0,0,0,0,0,0,0,0,0,0,0,0,0,0,0,0,0,0,0,0,0,0,0,0,0,0,0,0,0,0,0,0,0,0,0,0,0,0,0,0,0,0,0,0,0,0,0,0,0,0,0,0,0,0,0,0,0,0,0,0,0,0,0,0,0,0,0,0,0,0,0,0,0,0,0,0,0,0,0,0,0,0,0,0,0,0,0,0,0,0,0,0,0,0,0,0,0,0,0,0,0,0,0,0,0,0,0,0,0,0,0]
["2014-06-27",0,0,0,0,0,0,0,0,0,0,0,0,0,0,0,0,0,0,0,0,0,0,0,0,0,0,0,0,0,0,0,0,0,0,0,0,0,0,0,0,0,0,0,0,0,0,0,0,0,0,0,0,0,0,0,0,0,0,0,0,0,0,0,0,0,0,0,0,0,0,0,0,0,0,0,0,0,0,0,0,0,0,0,0,0,0,0,0,0,0,0,0,0,0,0,0,0,0,0,0,0,0,0,0,0,0,0,0,0,0,0,0,0,0,0,0,0,0,0,0,0,0,0,0,0,0,0,0,0,0,0,0,0,0,0,0,0,0,0,0,0,0,0,0,0,0,0,0,0,0,0,0,0,0,0,0,0,0,0,0,0,0,0,0,0,0,0,0,0,0,0,0,0,0,0,0,0,0,0,0,0,0,0,0]
["2014-06-28",1,1,1,1,1,1,1,1,1,1,1,1,1,1,2,1,1,1,1,1,1,1,1,1,1,1,1,1,1,1,1,1,1,1,1,1,1,1,1,1,1,1,1,1,1,1,1,1,1,1,1,1,1,1,1,1,1,1,1,1,0,0,0,0,0,0,0,0,0,0,0,0,0,0,0,0,0,0,0,0,0,0,0,0,0,0,0,0,0,0,0,0,0,0,0,0,0,0,0,0,0,0,0,0,0,0,0,0,0,0,0,0,0,0,0,0,0,0,0,0,0,0,0,0,0,0,0,0,0,0,0,0,0,0,0,0,0,0,0,0,0,0,0,0,0,0,0,0,0,0,0,0,0,0,0,0,0,0,0,0,0,0,0,0,0,0,0,0,0,0,0,0,0,0,0,0,0,0,0,0,0,0,0,0]
["2014-06-29",0,0,0,0,0,0,0,0,0,0,0,0,0,0,0,0,0,0,0,0,0,0,0,0,0,0,0,0,0,0,0,0,0,0,0,0,0,0,0,0,0,0,0,0,0,0,0,0,0,0,0,0,0,0,0,0,0,0,0,0,0,0,0,0,0,0,0,0,0,0,0,0,0,0,0,0,0,0,0,0,0,0,0,0,0,0,0,0,0,0,0,0,0,0,0,0,0,0,0,0,0,0,0,0,0,0,0,0,0,0,0,0,0,0,0,0,0,0,0,0,0,0,0,0,0,0,0,0,0,0,0,0,0,0,0,0,0,0,0,0,0,0,0,0,0,0,0,0,0,0,0,0,0,0,0,0,0,0,0,0,0,0,0,0,0,0,0,0,0,0,0,0,0,0,0,0,0,0,0,0,0,0,0,0]
["2014-07-02",0,0,0,0,0,0,0,0,0,0,0,0,0,0,0,0,0,0,0,0,0,0,0,0,0,0,0,0,0,0,0,0,0,0,0,0,0,0,0,0,0,0,0,0,0,0,0,0,0,0,0,0,0,0,0,0,0,0,0,0,0,0,0,0,0,0,0,0,0,0,0,0,0,0,0,0,0,0,0,0,0,0,0,0,0,0,0,0,0,0,0,0,0,0,0,0,0,0,0,0,0,0,0,0,0,0,0,0,0,0,0,0,0,0,0,0,0,0,0,0,0,0,0,0,0,0,0,0,0,0,0,0,0,0,0,0,0,0,0,0,0,0,0,0,0,0,0,0,0,0,0,0,0,0,0,0,0,0,0,0,0,0,0,0,0,0,0,0,0,0,0,0,0,0,0,0,0,0,0,0,0,0,0,0]
["2014-07-04",1,1,1,1,1,1,1,1,1,1,3,1,1,1,1,1,1,1,1,1,1,1,1,1,1,1,1,1,1,1,1,1,1,1,1,1,1,1,1,1,1,1,1,1,1,1,1,2,1,1,1,1,1,1,1,1,2,2,1,1,0,0,0,0,0,0,0,0,0,0,0,0,0,0,0,0,0,0,0,0,0,0,0,0,0,0,0,0,0,0,0,0,0,0,0,0,0,0,0,0,0,0,0,0,0,0,0,0,0,0,0,0,0,0,0,0,0,0,0,0,0,0,0,0,0,0,0,0,0,0,0,0,0,0,0,0,0,0,0,0,0,0,0,0,0,0,0,0,0,0,0,0,0,0,0,0,0,0,0,0,0,0,0,0,0,0,0,0,0,0,0,0,0,0,0,0,0,0,0,0,0,0,0,0]
["2014-07-28",1,1,1,1,1,1,1,1,1,1,1,1,1,1,1,1,1,1,1,1,1,1,1,1,1,1,1,1,1,1,1,1,1,1,1,1,1,1,1,1,1,1,1,1,1,1,1,1,1,1,1,1,1,1,1,1,1,1,1,1,0,0,0,0,0,0,0,0,0,0,0,0,0,0,0,0,0,0,0,0,0,0,0,0,0,0,0,0,0,0,0,0,0,0,0,0,0,0,0,0,0,0,0,0,0,0,0,0,0,0,0,0,0,0,0,0,0,0,0,0,0,0,0,0,0,0,0,0,0,0,0,0,0,0,0,0,0,0,0,0,0,0,0,0,0,0,0,0,0,0,0,0,0,0,0,0,0,0,0,0,0,0,0,0,0,0,0,0,0,0,0,0,0,0,0,0,0,0,0,0,0,0,0,0]
["2014-07-29",1,1,1,1,1,1,1,1,1,1,1,1,1,1,1,1,1,1,1,1,1,1,1,1,1,1,1,1,1,1,1,1,1,1,1,1,1,1,1,1,1,1,1,1,1,1,1,1,1,1,1,1,1,1,1,1,1,1,1,1,0,0,0,0,0,0,0,0,0,0,0,0,0,0,0,0,0,0,0,0,0,0,0,0,0,0,0,0,0,0,0,0,0,0,0,0,0,0,0,0,0,0,0,0,0,0,0,0,0,0,0,0,0,0,0,0,0,0,0,0,0,0,0,0,0,0,0,0,0,0,0,0,0,0,0,0,0,0,0,0,0,0,0,0,0,0,0,0,0,0,0,0,0,0,0,0,0,0,0,0,0,0,0,0,0,0,0,0,0,0,0,0,0,0,0,0,0,0,0,0,0,0,0,0]
["2014-07-31",0,0,0,0,0,0,0,0,0,0,0,0,0,0,0,0,0,0,0,0,0,0,0,0,0,0,0,0,0,0,0,0,0,0,0,0,0,0,0,0,0,0,0,0,0,0,0,0,0,0,0,0,0,0,0,0,0,0,0,0,0,0,0,0,0,0,0,0,0,0,0,0,0,0,0,0,0,0,0,0,0,0,0,0,0,0,0,0,0,0,0,0,0,0,0,0,0,0,0,0,0,0,0,0,0,0,0,0,0,0,0,0,0,0,0,0,0,0,0,0,0,0,0,0,0,0,0,0,0,0,0,0,0,0,0,0,0,0,0,0,0,0,0,0,0,0,0,0,0,0,0,0,0,0,0,0,0,0,0,0,0,0,0,0,0,0,0,0,0,0,0,0,0,0,0,0,0,0,0,0,0,0,0,0]
["2014-08-02",0,0,0,0,0,0,0,0,0,0,0,0,0,0,0,0,0,0,0,0,0,0,0,0,0,0,0,0,0,0,0,0,0,0,0,0,0,0,0,0,0,0,0,0,0,0,0,0,0,0,0,0,0,0,0,0,0,0,0,0,0,0,0,0,0,0,0,0,0,0,0,0,0,0,0,0,0,0,0,0,0,0,0,0,0,0,0,0,0,0,0,0,0,0,0,0,0,0,0,0,0,0,0,0,0,0,0,0,0,0,0,0,0,0,0,0,0,0,0,0,0,0,0,0,0,0,0,0,0,0,0,0,0,0,0,0,0,0,0,0,0,0,0,0,0,0,0,0,0,0,0,0,0,0,0,0,0,0,0,0,0,0,0,0,0,0,0,0,0,0,0,0,0,0,0,0,0,0,0,0,0,0,0,0]
["2014-08-05",0,0,0,0,0,0,0,0,0,0,0,0,0,0,0,0,0,0,0,0,0,0,0,0,0,0,0,0,0,0,0,0,0,0,0,0,0,0,0,0,0,0,0,0,0,0,0,0,0,0,0,0,0,0,0,0,0,0,0,0,0,0,0,0,0,0,0,0,0,0,0,0,0,0,0,0,0,0,0,0,0,0,0,0,0,0,0,0,0,0,0,0,0,0,0,0,0,0,0,0,0,0,0,0,0,0,0,0,0,0,0,0,0,0,0,0,0,0,0,0,0,0,0,0,0,0,0,0,0,0,0,0,0,0,0,0,0,0,0,0,0,0,0,0,0,0,0,0,0,0,0,0,0,0,0,0,0,0,0,0,0,0,0,0,0,0,0,0,0,0,0,0,0,0,0,0,0,0,0,0,0,0,0,0]
["2014-08-06",1,1,1,1,1,1,1,1,1,1,1,1,1,1,1,1,1,1,1,1,1,1,1,1,1,1,1,1,1,1,3,1,1,1,1,1,1,1,1,1,1,1,1,1,1,1,1,1,1,1,1,1,1,1,1,1,1,2,1,1,0,0,0,0,0,0,0,0,0,0,0,0,0,0,0,0,0,0,0,0,0,0,0,0,0,0,0,0,0,0,0,0,0,0,0,0,0,0,0,0,0,0,0,0,0,0,0,0,0,0,0,0,0,0,0,0,0,0,0,0,0,0,0,0,0,0,0,0,0,0,0,0,0,0,0,0,0,0,0,0,0,0,0,0,0,0,0,0,0,0,0,0,0,0,0,0,0,0,0,0,0,0,0,0,0,0,0,0,0,0,0,0,0,0,0,0,0,0,0,0,0,0,0,0]
["2014-08-07",1,1,1,1,1,1,1,1,1,1,1,1,1,1,1,1,1,1,1,1,1,1,1,1,1,1,1,1,2,1,1,1,1,1,3,1,1,1,1,1,1,1,1,1,1,1,1,1,1,1,1,1,1,1,1,1,1,1,1,1,0,0,0,0,0,0,0,0,0,0,0,0,0,0,0,0,0,0,0,0,0,0,0,0,0,0,0,0,0,0,0,0,0,0,0,0,0,0,0,0,0,0,0,0,0,0,0,0,0,0,0,0,0,0,0,0,0,0,0,0,0,0,0,0,0,0,0,0,0,0,0,0,0,0,0,0,0,0,0,0,0,0,0,0,0,0,0,0,0,0,0,0,0,0,0,0,0,0,0,0,0,0,0,0,0,0,0,0,0,0,0,0,0,0,0,0,0,0,0,0,0,0,0,0]
["2014-08-08",1,1,1,1,1,1,1,1,1,1,1,1,1,1,1,1,1,1,1,1,1,1,1,1,1,1,1,1,1,1,1,1,1,1,1,1,1,1,1,1,1,1,1,1,1,1,1,1,1,1,1,1,1,1,1,1,1,1,1,1,0,0,0,0,0,0,0,0,0,0,0,0,0,0,0,0,0,0,0,0,0,0,0,0,0,0,0,0,0,0,0,0,0,0,0,0,0,0,0,0,0,0,0,0,0,0,0,0,0,0,0,0,0,0,0,0,0,0,0,0,0,0,0,0,0,0,0,0,0,0,0,0,0,0,0,0,0,0,0,0,0,0,0,0,0,0,0,0,0,0,0,0,0,0,0,0,0,0,0,0,0,0,0,0,0,0,0,0,0,0,0,0,0,0,0,0,0,0,0,0,0,0,0,0]
["2014-08-09",1,1,1,1,1,1,1,1,1,1,1,1,1,1,1,1,1,1,1,1,1,1,1,1,1,1,1,1,1,1,1,1,1,1,1,3,1,1,1,1,1,1,1,1,1,1,1,1,1,1,1,2,1,1,1,1,1,1,2,1,0,0,0,0,0,0,0,0,0,0,0,0,0,0,0,0,0,0,0,0,0,0,0,0,0,0,0,0,0,0,0,0,0,0,0,0,0,0,0,0,0,0,0,0,0,0,0,0,0,0,0,0,0,0,0,0,0,0,0,0,0,0,0,0,0,0,0,0,0,0,0,0,0,0,0,0,0,0,0,0,0,0,0,0,0,0,0,0,0,0,0,0,0,0,0,0,0,0,0,0,0,0,0,0,0,0,0,0,0,0,0,0,0,0,0,0,0,0,0,0,0,0,0,0]
["2014-08-10",1,1,1,1,1,1,1,1,1,1,1,1,1,1,1,1,1,1,1,1,1,1,1,1,1,1,2,1,1,1,1,1,2,1,4,1,1,1,1,1,1,1,1,1,1,1,1,1,1,1,1,1,1,1,1,1,1,1,1,1,0,0,0,0,0,0,0,0,0,0,0,0,0,0,0,0,0,0,0,0,0,0,0,0,0,0,0,0,0,0,0,0,0,0,0,0,0,0,0,0,0,0,0,0,0,0,0,0,0,0,0,0,0,0,0,0,0,0,0,0,0,0,0,0,0,0,0,0,0,0,0,0,0,0,0,0,0,0,0,0,0,0,0,0,0,0,0,0,0,0,0,0,0,0,0,0,0,0,0,0,0,0,0,0,0,0,0,0,0,0,0,0,0,0,0,0,0,0,0,0,0,0,0,0]
["2014-08-11",1,1,1,1,1,1,1,1,1,1,1,1,1,1,1,1,1,1,1,1,1,1,1,1,1,2,1,1,1,1,1,3,1,1,1,1,1,1,2,1,1,1,2,1,1,1,1,1,1,1,1,1,1,1,1,1,1,1,1,1,0,0,0,0,0,0,0,0,0,0,0,0,0,0,0,0,0,0,0,0,0,0,0,0,0,0,0,0,0,0,0,0,0,0,0,0,0,0,0,0,0,0,0,0,0,0,0,0,0,0,0,0,0,0,0,0,0,0,0,0,0,0,0,0,0,0,0,0,0,0,0,0,0,0,0,0,0,0,0,0,0,0,0,0,0,0,0,0,0,0,0,0,0,0,0,0,0,0,0,0,0,0,0,0,0,0,0,0,0,0,0,0,0,0,0,0,0,0,0,0,0,0,0,0]
["2014-08-12",1,1,1,1,1,1,1,1,1,1,1,1,1,1,1,1,1,1,1,1,1,1,1,1,2,1,1,1,1,1,3,1,4,1,1,1,1,2,1,1,1,3,1,1,1,1,1,1,1,1,1,1,1,1,1,1,1,1,1,1,0,0,0,0,0,0,0,0,0,0,0,0,0,0,0,0,0,0,0,0,0,0,0,0,0,0,0,0,0,0,0,0,0,0,0,0,0,0,0,0,0,0,0,0,0,0,0,0,0,0,0,0,0,0,0,0,0,0,0,0,0,0,0,0,0,0,0,0,0,0,0,0,0,0,0,0,0,0,0,0,0,0,0,0,0,0,0,0,0,0,0,0,0,0,0,0,0,0,0,0,0,0,0,0,0,0,0,0,0,0,0,0,0,0,0,0,0,0,0,0,0,0,0,0]
["2014-08-13",1,1,1,1,1,1,1,1,1,1,1,1,1,1,1,1,1,1,1,1,1,1,1,1,1,1,1,1,1,1,1,4,1,1,1,1,2,1,1,1,3,1,1,1,1,1,1,2,1,1,1,1,1,1,1,1,1,1,1,1,0,0,0,0,0,0,0,0,0,0,0,0,0,0,0,0,0,0,0,0,0,0,0,0,0,0,0,0,0,0,0,0,0,0,0,0,0,0,0,0,0,0,0,0,0,0,0,0,0,0,0,0,0,0,0,0,0,0,0,0,0,0,0,0,0,0,0,0,0,0,0,0,0,0,0,0,0,0,0,0,0,0,0,0,0,0,0,0,0,0,0,0,0,0,0,0,0,0,0,0,0,0,0,0,0,0,0,0,0,0,0,0,0,0,0,0,0,0,0,0,0,0,0,0]
["2014-08-14",1,1,1,1,1,1,1,1,1,1,1,1,1,1,1,1,1,1,1,1,1,1,1,1,1,1,1,1,2,1,4,1,1,1,1,2,1,1,1,1,1,1,1,3,1,1,2,1,1,1,1,1,1,1,1,1,1,1,1,1,0,0,0,0,0,0,0,0,0,0,0,0,0,0,0,0,0,0,0,0,0,0,0,0,0,0,0,0,0,0,0,0,0,0,0,0,0,0,0,0,0,0,0,0,0,0,0,0,0,0,0,0,0,0,0,0,0,0,0,0,0,0,0,0,0,0,0,0,0,0,0,0,0,0,0,0,0,0,0,0,0,0,0,0,0,0,0,0,0,0,0,0,0,0,0,0,0,0,0,0,0,0,0,0,0,0,0,0,0,0,0,0,0,0,0,0,0,0,0,0,0,0,0,0]
["2014-08-15",1,1,1,1,1,1,1,1,1,1,1,1,1,1,1,1,1,1,1,1,1,1,1,1,1,1,1,1,1,2,1,2,1,1,1,1,1,1,1,1,1,1,1,1,1,2,1,1,1,3,1,1,1,1,1,1,1,1,1,1,0,0,0,0,0,0,0,0,0,0,0,0,0,0,0,0,0,0,0,0,0,0,0,0,0,0,0,0,0,0,0,0,0,0,0,0,0,0,0,0,0,0,0,0,0,0,0,0,0,0,0,0,0,0,0,0,0,0,0,0,0,0,0,0,0,0,0,0,0,0,0,0,0,0,0,0,0,0,0,0,0,0,0,0,0,0,0,0,0,0,0,0,0,0,0,0,0,0,0,0,0,0,0,0,0,0,0,0,0,0,0,0,0,0,0,0,0,0,0,0,0,0,0,0]
["2014-08-16",1,1,1,1,1,1,1,1,1,1,1,1,1,1,1,1,1,1,1,1,1,1,1,1,1,1,1,1,3,1,1,1,1,1,1,1,1,1,1,1,1,1,1,1,1,1,1,1,1,1,1,1,1,1,1,1,1,1,1,1,0,0,0,0,0,0,0,0,0,0,0,0,0,0,0,0,0,0,0,0,0,0,0,0,0,0,0,0,0,0,0,0,0,0,0,0,0,0,0,0,0,0,0,0,0,0,0,0,0,0,0,0,0,0,0,0,0,0,0,0,0,0,0,0,0,0,0,0,0,0,0,0,0,0,0,0,0,0,0,0,0,0,0,0,0,0,0,0,0,0,0,0,0,0,0,0,0,0,0,0,0,0,0,0,0,0,0,0,0,0,0,0,0,0,0,0,0,0,0,0,0,0,0,0]
["2014-08-17",1,1,1,1,1,1,1,1,1,1,1,1,1,1,1,1,1,1,1,1,1,1,1,1,1,1,1,3,1,1,1,1,2,1,1,1,1,1,1,1,1,1,1,1,1,1,1,2,1,1,1,1,1,1,1,1,1,1,1,1,0,0,0,0,0,0,0,0,0,0,0,0,0,0,0,0,0,0,0,0,0,0,0,0,0,0,0,0,0,0,0,0,0,0,0,0,0,0,0,0,0,0,0,0,0,0,0,0,0,0,0,0,0,0,0,0,0,0,0,0,0,0,0,0,0,0,0,0,0,0,0,0,0,0,0,0,0,0,0,0,0,0,0,0,0,0,0,0,0,0,0,0,0,0,0,0,0,0,0,0,0,0,0,0,0,0,0,0,0,0,0,0,0,0,0,0,0,0,0,0,0,0,0,0]
["2014-08-18",1,1,1,1,1,1,1,1,1,1,1,1,1,1,1,1,1,1,1,1,1,1,1,1,1,1,1,1,1,1,1,1,1,1,1,1,1,1,1,1,1,1,1,1,1,1,1,1,1,1,1,1,1,1,1,1,1,1,1,1,0,0,0,0,0,0,0,0,0,0,0,0,0,0,0,0,0,0,0,0,0,0,0,0,0,0,0,0,0,0,0,0,0,0,0,0,0,0,0,0,0,0,0,0,0,0,0,0,0,0,0,0,0,0,0,0,0,0,0,0,0,0,0,0,0,0,0,0,0,0,0,0,0,0,0,0,0,0,0,0,0,0,0,0,0,0,0,0,0,0,0,0,0,0,0,0,0,0,0,0,0,0,0,0,0,0,0,0,0,0,0,0,0,0,0,0,0,0,0,0,0,0,0,0]
["2014-08-19",1,1,1,1,1,1,1,1,1,1,1,1,1,1,1,1,1,1,1,1,1,1,1,1,1,2,1,1,1,1,2,1,1,1,1,1,1,1,1,1,1,1,1,1,1,1,1,1,1,1,1,1,1,1,1,1,1,1,1,1,0,0,0,0,0,0,0,0,0,0,0,0,0,0,0,0,0,0,0,0,0,0,0,0,0,0,0,0,0,0,0,0,0,0,0,0,0,0,0,0,0,0,0,0,0,0,0,0,0,0,0,0,0,0,0,0,0,0,0,0,0,0,0,0,0,0,0,0,0,0,0,0,0,0,0,0,0,0,0,0,0,0,0,0,0,0,0,0,0,0,0,0,0,0,0,0,0,0,0,0,0,0,0,0,0,0,0,0,0,0,0,0,0,0,0,0,0,0,0,0,0,0,0,0]
["2014-08-20",0,0,0,0,0,0,0,0,0,0,0,0,0,0,0,0,0,0,0,0,0,0,0,0,0,0,0,0,0,0,0,0,0,0,0,0,0,0,0,0,0,0,0,0,0,0,0,0,0,0,0,0,0,0,0,0,0,0,0,0,0,0,0,0,0,0,0,0,0,0,0,0,0,0,0,0,0,0,0,0,0,0,0,0,0,0,0,0,0,0,0,0,0,0,0,0,0,0,0,0,0,0,0,0,0,0,0,0,0,0,0,0,0,0,0,0,0,0,0,0,0,0,0,0,0,0,0,0,0,0,0,0,0,0,0,0,0,0,0,0,0,0,0,0,0,0,0,0,0,0,0,0,0,0,0,0,0,0,0,0,0,0,0,0,0,0,0,0,0,0,0,0,0,0,0,0,0,0,0,0,0,0,0,0]
["2014-08-21",1,1,1,1,1,1,1,1,1,1,1,1,1,1,1,1,1,1,1,1,1,1,1,1,1,1,1,1,1,1,1,1,1,1,1,1,1,1,1,1,1,1,1,1,1,1,1,1,1,1,1,1,1,1,1,1,1,1,1,1,0,0,0,0,0,0,0,0,0,0,0,0,0,0,0,0,0,0,0,0,0,0,0,0,0,0,0,0,0,0,0,0,0,0,0,0,0,0,0,0,0,0,0,0,0,0,0,0,0,0,0,0,0,0,0,0,0,0,0,0,0,0,0,0,0,0,0,0,0,0,0,0,0,0,0,0,0,0,0,0,0,0,0,0,0,0,0,0,0,0,0,0,0,0,0,0,0,0,0,0,0,0,0,0,0,0,0,0,0,0,0,0,0,0,0,0,0,0,0,0,0,0,0,0]
["2014-08-22",1,1,1,1,1,1,1,1,1,1,1,1,1,1,3,1,1,1,1,1,1,2,1,1,1,1,1,1,1,1,1,1,1,1,1,1,1,1,1,1,1,3,1,1,1,1,1,1,1,1,1,1,1,1,1,1,1,1,1,1,0,0,0,0,0,0,0,0,0,0,0,0,0,0,0,0,0,0,0,0,0,0,0,0,0,0,0,0,0,0,0,0,0,0,0,0,0,0,0,0,0,0,0,0,0,0,0,0,0,0,0,0,0,0,0,0,0,0,0,0,0,0,0,0,0,0,0,0,0,0,0,0,0,0,0,0,0,0,0,0,0,0,0,0,0,0,0,0,0,0,0,0,0,0,0,0,0,0,0,0,0,0,0,0,0,0,0,0,0,0,0,0,0,0,0,0,0,0,0,0,0,0,0,0]
["2014-08-23",1,1,1,1,1,1,1,1,1,1,1,1,1,1,1,1,1,1,1,1,3,1,1,1,1,1,1,1,1,1,1,1,1,1,1,1,1,1,1,1,2,1,1,1,1,1,1,1,1,1,1,1,1,1,1,1,1,1,1,1,0,0,0,0,0,0,0,0,0,0,0,0,0,0,0,0,0,0,0,0,0,0,0,0,0,0,0,0,0,0,0,0,0,0,0,0,0,0,0,0,0,0,0,0,0,0,0,0,0,0,0,0,0,0,0,0,0,0,0,0,0,0,0,0,0,0,0,0,0,0,0,0,0,0,0,0,0,0,0,0,0,0,0,0,0,0,0,0,0,0,0,0,0,0,0,0,0,0,0,0,0,0,0,0,0,0,0,0,0,0,0,0,0,0,0,0,0,0,0,0,0,0,0,0]
["2014-08-24",1,1,1,1,1,1,1,1,1,1,1,1,1,1,1,1,1,1,1,1,1,1,1,1,2,1,1,1,1,1,1,1,1,1,1,1,1,1,1,1,1,1,1,1,1,1,1,1,1,1,1,1,1,1,1,1,1,1,1,1,0,0,0,0,0,0,0,0,0,0,0,0,0,0,0,0,0,0,0,0,0,0,0,0,0,0,0,0,0,0,0,0,0,0,0,0,0,0,0,0,0,0,0,0,0,0,0,0,0,0,0,0,0,0,0,0,0,0,0,0,0,0,0,0,0,0,0,0,0,0,0,0,0,0,0,0,0,0,0,0,0,0,0,0,0,0,0,0,0,0,0,0,0,0,0,0,0,0,0,0,0,0,0,0,0,0,0,0,0,0,0,0,0,0,0,0,0,0,0,0,0,0,0,0]
["2014-08-25",1,1,1,1,1,1,1,1,1,1,2,1,1,1,1,1,1,1,4,1,1,1,1,2,1,1,1,1,1,1,1,1,1,1,1,1,1,1,2,1,1,1,1,1,1,1,1,1,1,1,1,1,1,1,1,1,1,1,1,1,0,0,0,0,0,0,0,0,0,0,0,0,0,0,0,0,0,0,0,0,0,0,0,0,0,0,0,0,0,0,0,0,0,0,0,0,0,0,0,0,0,0,0,0,0,0,0,0,0,0,0,0,0,0,0,0,0,0,0,0,0,0,0,0,0,0,0,0,0,0,0,0,0,0,0,0,0,0,0,0,0,0,0,0,0,0,0,0,0,0,0,0,0,0,0,0,0,0,0,0,0,0,0,0,0,0,0,0,0,0,0,0,0,0,0,0,0,0,0,0,0,0,0,0]
["2014-08-26",1,1,1,1,1,1,1,1,1,1,1,2,1,1,1,1,1,2,1,1,1,1,1,1,1,1,1,1,1,1,1,1,1,1,1,1,1,3,1,1,1,1,1,1,1,1,1,1,1,1,1,1,1,1,1,1,1,1,1,1,0,0,0,0,0,0,0,0,0,0,0,0,0,0,0,0,0,0,0,0,0,0,0,0,0,0,0,0,0,0,0,0,0,0,0,0,0,0,0,0,0,0,0,0,0,0,0,0,0,0,0,0,0,0,0,0,0,0,0,0,0,0,0,0,0,0,0,0,0,0,0,0,0,0,0,0,0,0,0,0,0,0,0,0,0,0,0,0,0,0,0,0,0,0,0,0,0,0,0,0,0,0,0,0,0,0,0,0,0,0,0,0,0,0,0,0,0,0,0,0,0,0,0,0]
["2014-08-27",1,1,1,1,1,1,1,1,1,1,2,1,1,1,1,1,1,5,1,1,1,1,1,1,1,1,1,1,1,1,1,1,1,1,1,1,1,1,1,1,1,1,1,1,1,1,1,1,1,1,1,1,1,1,1,1,1,1,1,1,0,0,0,0,0,0,0,0,0,0,0,0,0,0,0,0,0,0,0,0,0,0,0,0,0,0,0,0,0,0,0,0,0,0,0,0,0,0,0,0,0,0,0,0,0,0,0,0,0,0,0,0,0,0,0,0,0,0,0,0,0,0,0,0,0,0,0,0,0,0,0,0,0,0,0,0,0,0,0,0,0,0,0,0,0,0,0,0,0,0,0,0,0,0,0,0,0,0,0,0,0,0,0,0,0,0,0,0,0,0,0,0,0,0,0,0,0,0,0,0,0,0,0,0]
["2014-08-28",0,0,0,0,0,0,0,0,0,0,0,0,0,0,0,0,0,0,0,0,0,0,0,0,0,0,0,0,0,0,0,0,0,0,0,0,0,0,0,0,0,0,0,0,0,0,0,0,0,0,0,0,0,0,0,0,0,0,0,0,0,0,0,0,0,0,0,0,0,0,0,0,0,0,0,0,0,0,0,0,0,0,0,0,0,0,0,0,0,0,0,0,0,0,0,0,0,0,0,0,0,0,0,0,0,0,0,0,0,0,0,0,0,0,0,0,0,0,0,0,0,0,0,0,0,0,0,0,0,0,0,0,0,0,0,0,0,0,0,0,0,0,0,0,0,0,0,0,0,0,0,0,0,0,0,0,0,0,0,0,0,0,0,0,0,0,0,0,0,0,0,0,0,0,0,0,0,0,0,0,0,0,0,0]
["2014-08-29",0,0,0,0,0,0,0,0,0,0,0,0,0,0,0,0,0,0,0,0,0,0,0,0,0,0,0,0,0,0,0,0,0,0,0,0,0,0,0,0,0,0,0,0,0,0,0,0,0,0,0,0,0,0,0,0,0,0,0,0,0,0,0,0,0,0,0,0,0,0,0,0,0,0,0,0,0,0,0,0,0,0,0,0,0,0,0,0,0,0,0,0,0,0,0,0,0,0,0,0,0,0,0,0,0,0,0,0,0,0,0,0,0,0,0,0,0,0,0,0,0,0,0,0,0,0,0,0,0,0,0,0,0,0,0,0,0,0,0,0,0,0,0,0,0,0,0,0,0,0,0,0,0,0,0,0,0,0,0,0,0,0,0,0,0,0,0,0,0,0,0,0,0,0,0,0,0,0,0,0,0,0,0,0]
["2014-08-30",0,0,0,0,0,0,0,0,0,0,0,0,0,0,0,0,0,0,0,0,0,0,0,0,0,0,0,0,0,0,0,0,0,0,0,0,0,0,0,0,0,0,0,0,0,0,0,0,0,0,0,0,0,0,0,0,0,0,0,0,0,0,0,0,0,0,0,0,0,0,0,0,0,0,0,0,0,0,0,0,0,0,0,0,0,0,0,0,0,0,0,0,0,0,0,0,0,0,0,0,0,0,0,0,0,0,0,0,0,0,0,0,0,0,0,0,0,0,0,0,0,0,0,0,0,0,0,0,0,0,0,0,0,0,0,0,0,0,0,0,0,0,0,0,0,0,0,0,0,0,0,0,0,0,0,0,0,0,0,0,0,0,0,0,0,0,0,0,0,0,0,0,0,0,0,0,0,0,0,0,0,0,0,0]
["2014-08-31",0,3,0,26,8,8,7,27,20,3,15,10,17,8,27,14,11,24,17,2,16,0,7,10,0,15,2,10,16,20,0,23,18,12,0,11,8,18,7,12,3,0,23,22,0,0,0,9,9,10,14,12,0,13,20,27,1,29,1,0,0,0,0,0,0,0,0,0,0,0,0,0,0,0,0,0,0,0,0,0,0,0,0,0,0,0,0,0,0,0,0,0,0,0,0,0,0,0,0,0,0,0,0,0,0,0,0,0,0,0,0,0,0,0,0,0,0,0,0,0,0,0,0,0,0,0,0,0,0,0,0,0,0,0,0,0,0,0,0,0,0,0,0,0,0,0,0,0,0,0,0,0,0,0,0,0,0,0,0,0,0,0,0,0,0,0,0,0,0,0,0,0,0,0,0,0,0,0,0,0,0,0,0,0]
["2014-09-01",5,2,0,4,7,9,20,20,3,29,12,22,8,24,12,18,0,0,2,12,5,7,0,0,10,1,10,11,13,0,0,21,13,0,16,17,0,6,12,3,0,21,24,16,0,0,12,15,9,13,18,0,2,0,0,7,0,13,21,5,0,0,0,0,0,0,0,0,0,0,0,0,0,0,0,0,0,0,0,0,0,0,0,0,0,0,0,0,0,0,0,0,0,0,0,0,0,0,0,0,0,0,0,0,0,0,0,0,0,0,0,0,0,0,0,0,0,0,0,0,0,0,0,0,0,0,0,0,0,0,0,0,0,0,0,0,0,0,0,0,0,0,0,0,0,0,0,0,0,0,0,0,0,0,0,0,0,0,0,0,0,0,0,0,0,0,0,0,0,0,0,0,0,0,0,0,0,0,0,0,0,0,0,0]
["2014-09-02",5,21,4,8,6,21,21,3,25,11,26,11,14,9,17,2,0,2,12,5,5,0,25,23,1,9,15,12,0,0,0,11,0,15,22,0,6,3,3,0,2,29,0,17,0,10,16,15,30,0,0,2,24,2,2,27,7,28,7,13,0,0,0,0,0,0,0,0,0,0,0,0,0,0,0,0,0,0,0,0,0,0,0,0,0,0,0,0,0,0,0,0,0,0,0,0,0,0,0,0,0,0,0,0,0,0,0,0,0,0,0,0,0,0,0,0,0,0,0,0,0,0,0,0,0,0,0,0,0,0,0,0,0,0,0,0,0,0,0,0,0,0,0,0,0,0,0,0,0,0,0,0,0,0,0,0,0,0,0,0,0,0,0,0,0,0,0,0,0,0,0,0,0,0,0,0,0,0,0,0,0,0,0,0]
["2014-09-03",0,4,8,5,0,15,3,13,10,3,0,0,10,21,18,0,10,3,0,20,1,0,11,6,10,9,9,0,23,0,11,0,10,0,27,6,7,3,25,0,28,27,18,1,11,17,12,14,0,16,2,14,2,2,16,6,23,13,5,3,0,0,0,0,0,0,0,0,0,0,0,0,0,0,0,0,0,0,0,0,0,0,0,0,0,0,0,0,0,0,0,0,0,0,0,0,0,0,0,0,0,0,0,0,0,0,0,0,0,0,0,0,0,0,0,0,0,0,0,0,0,0,0,0,0,0,0,0,0,0,0,0,0,0,0,0,0,0,0,0,0,0,0,0,0,0,0,0,0,0,0,0,0,0,0,0,0,0,0,0,0,0,0,0,0,0,0,0,0,0,0,0,0,0,0,0,0,0,0,0,0,0,0,0]
["2014-09-04",5,8,5,0,22,3,18,12,28,9,23,10,17,8,26,18,2,15,15,20,24,20,3,9,13,13,0,0,29,12,0,30,6,0,7,11,3,0,0,22,0,0,3,5,17,12,29,0,18,2,0,2,2,9,23,13,9,7,18,6,0,0,0,0,0,0,0,0,0,0,0,0,0,0,0,0,0,0,0,0,0,0,0,0,0,0,0,0,0,0,0,0,0,0,0,0,0,0,0,0,0,0,0,0,0,0,0,0,0,0,0,0,0,0,0,0,0,0,0,0,0,0,0,0,0,0,0,0,0,0,0,0,0,0,0,0,0,0,0,0,0,0,0,0,0,0,0,0,0,0,0,0,0,0,0,0,0,0,0,0,0,0,0,0,0,0,0,0,0,0,0,0,0,0,0,0,0,0,0,0,0,0,0,0]
["2014-09-05",15,6,0,21,4,23,13,26,8,0,13,18,16,0,9,2,13,22,19,27,23,3,11,13,11,1,21,0,9,0,22,4,13,7,11,3,0,0,14,3,24,0,10,16,10,27,0,12,2,0,2,2,0,0,0,5,14,16,15,7,0,0,0,0,0,0,0,0,0,0,0,0,0,0,0,0,0,0,0,0,0,0,0,0,0,0,0,0,0,0,0,0,0,0,0,0,0,0,0,0,0,0,0,0,0,0,0,0,0,0,0,0,0,0,0,0,0,0,0,0,0,0,0,0,0,0,0,0,0,0,0,0,0,0,0,0,0,0,0,0,0,0,0,0,0,0,0,0,0,0,0,0,0,0,0,0,0,0,0,0,0,0,0,0,0,0,0,0,0,0,0,0,0,0,0,0,0,0,0,0,0,0,0,0]
["2014-09-06",6,0,25,4,22,15,29,0,14,11,16,23,26,8,2,13,14,23,27,11,3,9,9,13,0,0,0,8,0,0,6,28,7,18,3,15,16,12,0,15,10,3,20,10,26,0,16,3,0,6,2,14,0,0,3,10,11,3,4,17,0,0,0,0,0,0,0,0,0,0,0,0,0,0,0,0,0,0,0,0,0,0,0,0,0,0,0,0,0,0,0,0,0,0,0,0,0,0,0,0,0,0,0,0,0,0,0,0,0,0,0,0,0,0,0,0,0,0,0,0,0,0,0,0,0,0,0,0,0,0,0,0,0,0,0,0,0,0,0,0,0,0,0,0,0,0,0,0,0,0,0,0,0,0,0,0,0,0,0,0,0,0,0,0,0,0,0,0,0,0,0,0,0,0,0,0,0,0,0,0,0,0,0,0]
["2014-09-07",29,3,4,16,12,9,0,14,13,23,20,30,8,2,15,18,22,22,21,2,10,15,26,0,0,30,7,0,29,4,0,10,11,3,12,0,18,0,0,30,13,29,9,24,12,13,4,28,8,2,13,5,18,3,1,14,2,6,8,12,0,0,0,0,0,0,0,0,0,0,0,0,0,0,0,0,0,0,0,0,0,0,0,0,0,0,0,0,0,0,0,0,0,0,0,0,0,0,0,0,0,0,0,0,0,0,0,0,0,0,0,0,0,0,0,0,0,0,0,0,0,0,0,0,0,0,0,0,0,0,0,0,0,0,0,0,0,0,0,0,0,0,0,0,0,0,0,0,0,0,0,0,0,0,0,0,0,0,0,0,0,0,0,0,0,0,0,0,0,0,0,0,0,0,0,0,0,0,0,0,0,0,0,0]
["2014-09-08",23,3,24,19,22,0,11,11,25,18,0,9,3,14,18,24,22,21,1,10,14,16,0,0,23,11,0,30,5,9,6,10,4,23,27,22,0,0,0,10,17,6,29,4,13,2,26,6,3,10,15,0,3,8,12,1,11,5,16,2,0,0,0,0,0,0,0,0,0,0,0,0,0,0,0,0,0,0,0,0,0,0,0,0,0,0,0,0,0,0,0,0,0,0,0,0,0,0,0,0,0,0,0,0,0,0,0,0,0,0,0,0,0,0,0,0,0,0,0,0,0,0,0,0,0,0,0,0,0,0,0,0,0,0,0,0,0,0,0,0,0,0,0,0,0,0,0,0,0,0,0,0,0,0,0,0,0,0,0,0,0,0,0,0,0,0,0,0,0,0,0,0,0,0,0,0,0,0,0,0,0,0,0,0]
["2014-09-09",19,11,16,0,11,11,19,20,29,10,3,5,18,20,27,2,8,10,12,12,0,0,0,11,0,1,4,26,21,13,3,19,0,0,7,0,0,10,17,5,15,9,12,2,27,9,3,10,0,0,9,2,13,4,11,5,0,8,16,0,0,0,0,0,0,0,0,0,0,0,0,0,0,0,0,0,0,0,0,0,0,0,0,0,0,0,0,0,0,0,0,0,0,0,0,0,0,0,0,0,0,0,0,0,0,0,0,0,0,0,0,0,0,0,0,0,0,0,0,0,0,0,0,0,0,0,0,0,0,0,0,0,0,0,0,0,0,0,0,0,0,0,0,0,0,0,0,0,0,0,0,0,0,0,0,0,0,0,0,0,0,0,0,0,0,0,0,0,0,0,0,0,0,0,0,0,0,0,0,0,0,0,0,0]
["2014-09-10",10,17,0,0,8,19,23,30,9,3,18,14,21,27,12,9,10,15,14,0,0,22,2,0,27,4,27,23,9,3,0,30,0,0,0,0,17,11,6,18,10,11,2,25,10,2,2,20,0,10,3,11,6,11,10,26,5,13,0,6,0,0,0,0,0,0,0,0,0,0,0,0,0,0,0,0,0,0,0,0,0,0,0,0,0,0,0,0,0,0,0,0,0,0,0,0,0,0,0,0,0,0,0,0,0,0,0,0,0,0,0,0,0,0,0,0,0,0,0,0,0,0,0,0,0,0,0,0,0,0,0,0,0,0,0,0,0,0,0,0,0,0,0,0,0,0,0,0,0,0,0,0,0,0,0,0,0,0,0,0,0,0,0,0,0,0,0,0,0,0,0,0,0,0,0,0,0,0,0,0,0,0,0,0]
["2014-09-11",18,0,0,12,0,18,0,12,3,12,17,23,26,21,8,10,11,9,0,0,31,19,0,12,4,0,16,10,3,12,0,21,0,0,29,11,16,1,13,2,0,3,0,0,3,12,19,0,9,4,10,9,11,12,0,3,10,5,5,1,0,0,0,0,0,0,0,0,0,0,0,0,0,0,0,0,0,0,0,0,0,0,0,0,0,0,0,0,0,0,0,0,0,0,0,0,0,0,0,0,0,0,0,0,0,0,0,0,0,0,0,0,0,0,0,0,0,0,0,0,0,0,0,0,0,0,0,0,0,0,0,0,0,0,0,0,0,0,0,0,0,0,0,0,0,0,0,0,0,0,0,0,0,0,0,0,0,0,0,0,0,0,0,0,0,0,0,0,0,0,0,0,0,0,0,0,0,0,0,0,0,0,0,0]
["2014-09-12",0,0,0,0,0,0,0,0,0,0,0,0,0,0,0,0,0,0,0,0,0,0,0,0,0,0,0,0,0,0,0,0,0,0,0,0,0,0,0,0,0,0,0,0,0,0,0,0,0,0,0,0,0,0,0,0,0,0,0,0,0,0,0,0,0,0,0,0,0,0,0,0,0,0,0,0,0,0,0,0,0,0,0,0,0,0,0,0,0,0,0,0,0,0,0,0,0,0,0,0,0,0,0,0,0,0,0,0,0,0,0,0,0,0,0,0,0,0,0,0,0,0,0,0,0,0,0,0,0,0,0,0,0,0,0,0,0,0,0,0,0,0,0,0,0,0,0,0,0,0,0,0,0,0,0,0,0,0,0,0,0,0,0,0,0,0,0,0,0,0,0,0,0,0,0,0,0,0,0,0,0,0,0,0]
["2014-09-13",0,0,0,0,0,0,0,0,0,0,0,0,0,0,0,0,0,0,0,0,0,0,0,0,0,0,0,0,0,0,0,0,0,0,0,0,0,0,0,0,0,0,0,0,0,0,0,0,0,0,0,0,0,0,0,0,0,0,0,0,0,0,0,0,0,0,0,0,0,0,0,0,0,0,0,0,0,0,0,0,0,0,0,0,0,0,0,0,0,0,0,0,0,0,0,0,0,0,0,0,0,0,0,0,0,0,0,0,0,0,0,0,0,0,0,0,0,0,0,0,0,0,0,0,0,0,0,0,0,0,0,0,0,0,0,0,0,0,0,0,0,0,0,0,0,0,0,0,0,0,0,0,0,0,0,0,0,0,0,0,0,0,0,0,0,0,0,0,0,0,0,0,0,0,0,0,0,0,0,0,0,0,0,0]
["2014-09-14",0,0,0,0,0,0,0,0,0,0,0,0,0,0,0,0,0,0,0,0,0,0,0,0,0,0,0,0,0,0,0,0,0,0,0,0,0,0,0,0,0,0,0,0,0,0,0,0,0,0,0,0,0,0,0,0,0,0,0,0,0,0,0,0,0,0,0,0,0,0,0,0,0,0,0,0,0,0,0,0,0,0,0,0,0,0,0,0,0,0,0,0,0,0,0,0,0,0,0,0,0,0,0,0,0,0,0,0,0,0,0,0,0,0,0,0,0,0,0,0,0,0,0,0,0,0,0,0,0,0,0,0,0,0,0,0,0,0,0,0,0,0,0,0,0,0,0,0,0,0,0,0,0,0,0,0,0,0,0,0,0,0,0,0,0,0,0,0,0,0,0,0,0,0,0,0,0,0,0,0,0,0,0,0]
["2014-09-15",0,0,0,0,0,0,0,0,0,0,0,0,0,0,0,0,0,0,0,0,0,0,0,0,0,0,0,0,0,0,0,0,0,0,0,0,0,0,0,0,0,0,0,0,0,0,0,0,0,0,0,0,0,0,0,0,0,0,0,0,0,0,0,0,0,0,0,0,0,0,0,0,0,0,0,0,0,0,0,0,0,0,0,0,0,0,0,0,0,0,0,0,0,0,0,0,0,0,0,0,0,0,0,0,0,0,0,0,0,0,0,0,0,0,0,0,0,0,0,0,0,0,0,0,0,0,0,0,0,0,0,0,0,0,0,0,0,0,0,0,0,0,0,0,0,0,0,0,0,0,0,0,0,0,0,0,0,0,0,0,0,0,0,0,0,0,0,0,0,0,0,0,0,0,0,0,0,0,0,0,0,0,0,0]
["2014-09-16",0,0,0,0,0,0,0,0,0,0,0,0,0,0,0,0,0,0,0,0,0,0,0,0,0,0,0,0,0,0,0,0,0,0,0,0,0,0,0,0,0,0,0,0,0,0,0,0,0,0,0,0,0,0,0,0,0,0,0,0,0,0,0,0,0,0,0,0,0,0,0,0,0,0,0,0,0,0,0,0,0,0,0,0,0,0,0,0,0,0,0,0,0,0,0,0,0,0,0,0,0,0,0,0,0,0,0,0,0,0,0,0,0,0,0,0,0,0,0,0,0,0,0,0,0,0,0,0,0,0,0,0,0,0,0,0,0,0,0,0,0,0,0,0,0,0,0,0,0,0,0,0,0,0,0,0,0,0,0,0,0,0,0,0,0,0,0,0,0,0,0,0,0,0,0,0,0,0,0,0,0,0,0,0]
["2014-09-17",0,0,0,0,0,0,0,0,0,0,0,0,0,0,0,0,0,0,0,0,0,0,0,0,0,0,0,0,0,0,0,0,0,0,0,0,0,0,0,0,0,0,0,0,0,0,0,0,0,0,0,0,0,0,0,0,0,0,0,0,0,0,0,0,0,0,0,0,0,0,0,0,0,0,0,0,0,0,0,0,0,0,0,0,0,0,0,0,0,0,0,0,0,0,0,0,0,0,0,0,0,0,0,0,0,0,0,0,0,0,0,0,0,0,0,0,0,0,0,0,0,0,0,0,0,0,0,0,0,0,0,0,0,0,0,0,0,0,0,0,0,0,0,0,0,0,0,0,0,0,0,0,0,0,0,0,0,0,0,0,0,0,0,0,0,0,0,0,0,0,0,0,0,0,0,0,0,0,0,0,0,0,0,0]
["2014-09-18",0,0,0,0,0,0,0,0,0,0,0,0,0,0,0,0,0,0,0,0,0,0,0,0,0,0,0,0,0,0,0,0,0,0,0,0,0,0,0,0,0,0,0,0,0,0,0,0,0,0,0,0,0,0,0,0,0,0,0,0,0,0,0,0,0,0,0,0,0,0,0,0,0,0,0,0,0,0,0,0,0,0,0,0,0,0,0,0,0,0,0,0,0,0,0,0,0,0,0,0,0,0,0,0,0,0,0,0,0,0,0,0,0,0,0,0,0,0,0,0,0,0,0,0,0,0,0,0,0,0,0,0,0,0,0,0,0,0,0,0,0,0,0,0,0,0,0,0,0,0,0,0,0,0,0,0,0,0,0,0,0,0,0,0,0,0,0,0,0,0,0,0,0,0,0,0,0,0,0,0,0,0,0,0]
["2014-09-19",0,0,0,0,0,0,0,0,0,0,0,0,0,0,0,0,0,0,0,0,0,0,0,0,0,0,0,0,0,0,0,0,0,0,0,0,0,0,0,0,0,0,0,0,0,0,0,0,0,0,0,0,0,0,0,0,0,0,0,0,0,0,0,0,0,0,0,0,0,0,0,0,0,0,0,0,0,0,0,0,0,0,0,0,0,0,0,0,0,0,0,0,0,0,0,0,0,0,0,0,0,0,0,0,0,0,0,0,0,0,0,0,0,0,0,0,0,0,0,0,0,0,0,0,0,0,0,0,0,0,0,0,0,0,0,0,0,0,0,0,0,0,0,0,0,0,0,0,0,0,0,0,0,0,0,0,0,0,0,0,0,0,0,0,0,0,0,0,0,0,0,0,0,0,0,0,0,0,0,0,0,0,0,0]
["2014-09-20",0,0,0,0,0,0,0,0,0,0,0,0,0,0,0,0,0,0,0,0,0,0,0,0,0,0,0,0,0,0,0,0,0,0,0,0,0,0,0,0,0,0,0,0,0,0,0,0,0,0,0,0,0,0,0,0,0,0,0,0,0,0,0,0,0,0,0,0,0,0,0,0,0,0,0,0,0,0,0,0,0,0,0,0,0,0,0,0,0,0,0,0,0,0,0,0,0,0,0,0,0,0,0,0,0,0,0,0,0,0,0,0,0,0,0,0,0,0,0,0,0,0,0,0,0,0,0,0,0,0,0,0,0,0,0,0,0,0,0,0,0,0,0,0,0,0,0,0,0,0,0,0,0,0,0,0,0,0,0,0,0,0,0,0,0,0,0,0,0,0,0,0,0,0,0,0,0,0,0,0,0,0,0,0]
["2014-09-21",0,0,0,0,0,0,0,0,0,0,0,0,0,0,0,0,0,0,0,0,0,0,0,0,0,0,0,0,0,0,0,0,0,0,0,0,0,0,0,0,0,0,0,0,0,0,0,0,0,0,0,0,0,0,0,0,0,0,0,0,0,0,0,0,0,0,0,0,0,0,0,0,0,0,0,0,0,0,0,0,0,0,0,0,0,0,0,0,0,0,0,0,0,0,0,0,0,0,0,0,0,0,0,0,0,0,0,0,0,0,0,0,0,0,0,0,0,0,0,0,0,0,0,0,0,0,0,0,0,0,0,0,0,0,0,0,0,0,0,0,0,0,0,0,0,0,0,0,0,0,0,0,0,0,0,0,0,0,0,0,0,0,0,0,0,0,0,0,0,0,0,0,0,0,0,0,0,0,0,0,0,0,0,0]
["2014-09-22",0,0,0,0,0,0,0,0,0,0,0,0,0,0,0,0,0,0,0,0,0,0,0,0,0,0,0,0,0,0,0,0,0,0,0,0,0,0,0,0,0,0,0,0,0,0,0,0,0,0,0,0,0,0,0,0,0,0,0,0,0,0,0,0,0,0,0,0,0,0,0,0,0,0,0,0,0,0,0,0,0,0,0,0,0,0,0,0,0,0,0,0,0,0,0,0,0,0,0,0,0,0,0,0,0,0,0,0,0,0,0,0,0,0,0,0,0,0,0,0,0,0,0,0,0,0,0,0,0,0,0,0,0,0,0,0,0,0,0,0,0,0,0,0,0,0,0,0,0,0,0,0,0,0,0,0,0,0,0,0,0,0,0,0,0,0,0,0,0,0,0,0,0,0,0,0,0,0,0,0,0,0,0,0]
["2014-09-23",0,0,0,0,0,0,0,0,0,0,0,0,0,0,0,0,0,0,0,0,0,0,0,0,0,0,0,0,0,0,0,0,0,0,0,0,0,0,0,0,0,0,0,0,0,0,0,0,0,0,0,0,0,0,0,0,0,0,0,0,0,0,0,0,0,0,0,0,0,0,0,0,0,0,0,0,0,0,0,0,0,0,0,0,0,0,0,0,0,0,0,0,0,0,0,0,0,0,0,0,0,0,0,0,0,0,0,0,0,0,0,0,0,0,0,0,0,0,0,0,0,0,0,0,0,0,0,0,0,0,0,0,0,0,0,0,0,0,0,0,0,0,0,0,0,0,0,0,0,0,0,0,0,0,0,0,0,0,0,0,0,0,0,0,0,0,0,0,0,0,0,0,0,0,0,0,0,0,0,0,0,0,0,0]
["2014-09-24",0,0,0,0,0,0,0,0,0,0,0,0,0,0,0,0,0,0,0,0,0,0,0,0,0,0,0,0,0,0,0,0,0,0,0,0,0,0,0,0,0,0,0,0,0,0,0,0,0,0,0,0,0,0,0,0,0,0,0,0,0,0,0,0,0,0,0,0,0,0,0,0,0,0,0,0,0,0,0,0,0,0,0,0,0,0,0,0,0,0,0,0,0,0,0,0,0,0,0,0,0,0,0,0,0,0,0,0,0,0,0,0,0,0,0,0,0,0,0,0,0,0,0,0,0,0,0,0,0,0,0,0,0,0,0,0,0,0,0,0,0,0,0,0,0,0,0,0,0,0,0,0,0,0,0,0,0,0,0,0,0,0,0,0,0,0,0,0,0,0,0,0,0,0,0,0,0,0,0,0,0,0,0,0]
["2014-09-25",0,0,0,0,0,0,0,0,0,0,0,0,0,0,0,0,0,0,0,0,0,0,0,0,0,0,0,0,0,0,0,0,0,0,0,0,0,0,0,0,0,0,0,0,0,0,0,0,0,0,0,0,0,0,0,0,0,0,0,0,0,0,0,0,0,0,0,0,0,0,0,0,0,0,0,0,0,0,0,0,0,0,0,0,0,0,0,0,0,0,0,0,0,0,0,0,0,0,0,0,0,0,0,0,0,0,0,0,0,0,0,0,0,0,0,0,0,0,0,0,0,0,0,0,0,0,0,0,0,0,0,0,0,0,0,0,0,0,0,0,0,0,0,0,0,0,0,0,0,0,0,0,0,0,0,0,0,0,0,0,0,0,0,0,0,0,0,0,0,0,0,0,0,0,0,0,0,0,0,0,0,0,0,0]
["2014-09-26",0,0,0,0,0,0,0,0,0,0,0,0,0,0,0,0,0,0,0,0,0,0,0,0,0,0,0,0,0,0,0,0,0,0,0,0,0,0,0,0,0,0,0,0,0,0,0,0,0,0,0,0,0,0,0,0,0,0,0,0,0,0,0,0,0,0,0,0,0,0,0,0,0,0,0,0,0,0,0,0,0,0,0,0,0,0,0,0,0,0,0,0,0,0,0,0,0,0,0,0,0,0,0,0,0,0,0,0,0,0,0,0,0,0,0,0,0,0,0,0,0,0,0,0,0,0,0,0,0,0,0,0,0,0,0,0,0,0,0,0,0,0,0,0,0,0,0,0,0,0,0,0,0,0,0,0,0,0,0,0,0,0,0,0,0,0,0,0,0,0,0,0,0,0,0,0,0,0,0,0,0,0,0,0]
["2014-09-27",0,0,0,0,0,0,0,0,0,0,0,0,0,0,0,0,0,0,0,0,0,0,0,0,0,0,0,0,0,0,0,0,0,0,0,0,0,0,0,0,0,0,0,0,0,0,0,0,0,0,0,0,0,0,0,0,0,0,0,0,0,0,0,0,0,0,0,0,0,0,0,0,0,0,0,0,0,0,0,0,0,0,0,0,0,0,0,0,0,0,0,0,0,0,0,0,0,0,0,0,0,0,0,0,0,0,0,0,0,0,0,0,0,0,0,0,0,0,0,0,0,0,0,0,0,0,0,0,0,0,0,0,0,0,0,0,0,0,0,0,0,0,0,0,0,0,0,0,0,0,0,0,0,0,0,0,0,0,0,0,0,0,0,0,0,0,0,0,0,0,0,0,0,0,0,0,0,0,0,0,0,0,0,0]
["2014-09-28",0,0,0,0,0,0,0,0,0,0,0,0,0,0,0,0,0,0,0,0,0,0,0,0,0,0,0,0,0,0,0,0,0,0,0,0,0,0,0,0,0,0,0,0,0,0,0,0,0,0,0,0,0,0,0,0,0,0,0,0,0,0,0,0,0,0,0,0,0,0,0,0,0,0,0,0,0,0,0,0,0,0,0,0,0,0,0,0,0,0,0,0,0,0,0,0,0,0,0,0,0,0,0,0,0,0,0,0,0,0,0,0,0,0,0,0,0,0,0,0,0,0,0,0,0,0,0,0,0,0,0,0,0,0,0,0,0,0,0,0,0,0,0,0,0,0,0,0,0,0,0,0,0,0,0,0,0,0,0,0,0,0,0,0,0,0,0,0,0,0,0,0,0,0,0,0,0,0,0,0,0,0,0,0]
["2014-09-29",0,0,0,0,0,0,0,0,0,0,0,0,0,0,0,0,0,0,0,0,0,0,0,0,0,0,0,0,0,0,0,0,0,0,0,0,0,0,0,0,0,0,0,0,0,0,0,0,0,0,0,0,0,0,0,0,0,0,0,0,0,0,0,0,0,0,0,0,0,0,0,0,0,0,0,0,0,0,0,0,0,0,0,0,0,0,0,0,0,0,0,0,0,0,0,0,0,0,0,0,0,0,0,0,0,0,0,0,0,0,0,0,0,0,0,0,0,0,0,0,0,0,0,0,0,0,0,0,0,0,0,0,0,0,0,0,0,0,0,0,0,0,0,0,0,0,0,0,0,0,0,0,0,0,0,0,0,0,0,0,0,0,0,0,0,0,0,0,0,0,0,0,0,0,0,0,0,0,0,0,0,0,0,0]
["2014-09-30",0,0,0,0,0,0,0,0,0,0,0,0,0,0,0,0,0,0,0,0,0,0,0,0,0,0,0,0,0,0,0,0,0,0,0,0,0,0,0,0,0,0,0,0,0,0,0,0,0,0,0,0,0,0,0,0,0,0,0,0,0,0,0,0,0,0,0,0,0,0,0,0,0,0,0,0,0,0,0,0,0,0,0,0,0,0,0,0,0,0,0,0,0,0,0,0,0,0,0,0,0,0,0,0,0,0,0,0,0,0,0,0,0,0,0,0,0,0,0,0,0,0,0,0,0,0,0,0,0,0,0,0,0,0,0,0,0,0,0,0,0,0,0,0,0,0,0,0,0,0,0,0,0,0,0,0,0,0,0,0,0,0,0,0,0,0,0,0,0,0,0,0,0,0,0,0,0,0,0,0,0,0,0,0]